000
CXAK56 PAFC 011010
CF6ADQ
PRELIMINARY LOCAL CLIMATOLOGICAL DATA (WS FORM: F-6)
STATION: KODIAK
MONTH: MARCH
YEAR: 2024
LATITUDE: 57 45 N
LONGITUDE: 152 31 W
TEMPERATURE IN F: :PCPN: SNOW: WIND :SUNSHINE: SKY :PK WND
================================================================================
1 2 3 4 5 6A 6B 7 8 9 10 11 12 13 14 15 16 17 18
12Z AVG MX 2MIN
DY MAX MIN AVG DEP HDD CDD WTR SNW DPTH SPD SPD DIR MIN PSBL S-S WX SPD DR
================================================================================
1 25 15 20 -12 45 0 0.00 M M 16.4 28 320 M M 0 46 320
2 30 16 23 -9 42 0 0.00 M M 10.1 22 300 M M 0 37 320
3 32 17 25 -7 40 0 0.02 M M 4.0 7 130 M M 8 1 9 200
4 35 30 33 1 32 0 0.42 M M 2.5 8 320 M M 10 1 10 320
5 36 33 35 3 30 0 0.82 M M 11.2 22 290 M M 10 1 32 290
6 38 28 33 1 32 0 0.03 M M 7.2 23 290 M M 3 1 33 270
7 36 23 30 -2 35 0 0.05 M M 11.0 22 290 M M 7 1 31 290
8 37 30 34 2 31 0 T M M 13.0 25 300 M M 2 1 34 310
9 33 27 30 -3 35 0 0.00 M M 10.0 20 280 M M 4 24 280
10 30 23 27 -6 38 0 T M M 9.2 23 280 M M 9 1 31 280
11 27 23 25 -8 40 0 T M M 15.4 32 290 M M 7 48 280
12 33 23 28 -5 37 0 0.00 M M 12.6 32 290 M M 6 45 300
13 32 23 28 -5 37 0 T M M 8.0 17 300 M M 9 24 300
14 34 23 29 -4 36 0 0.00 M M 7.0 15 290 M M 6 20 300
15 37 29 33 0 32 0 0.04 M M 7.8 16 300 M M 10 1 21 320
16 37 32 35 2 30 0 T M M 15.4 24 300 M M 10 1 39 290
17 34 29 32 -1 33 0 0.00 M M 12.3 21 280 M M 3 25 300
18 37 21 29 -4 36 0 0.00 M M 6.4 15 310 M M 0 21 310
19 38 22 30 -3 35 0 0.00 M M 8.2 22 170 M M 6 28 180
20 47 34 41 8 24 0 0.00 M M 6.1 15 170 M M 3 20 190
21 45 28 37 4 28 0 0.01 M M 8.8 18 150 M M 4 1 28 150
22 46 38 42 8 23 0 0.18 M M 11.3 20 110 M M 7 1 26 180
23 39 34 37 3 28 0 1.48 M M 20.6 32 100 M M 10 1 41 110
24 44 38 41 7 24 0 0.51 M M 5.8 14 110 M M 10 12 17 100
25 42 35 39 5 26 0 0.09 M M 4.5 10 100 M M 9 1 12 100
26 45 30 38 4 27 0 0.00 M M 5.8 14 310 M M 3 19 320
27 36 30 33 -1 32 0 T M M 11.8 17 290 M M 10 26 330
28 41 24 33 -1 32 0 0.00 M M 8.3 17 160 M M 2 24 140
29 50 35 43 8 22 0 0.18 M M 10.2 24 130 M M 8 1 31 130
30 45 33 39 4 26 0 0.42 M M 15.1 38 160 M M 9 1 55 160
31 43 31 37 2 28 0 0.07 M M 7.5 23 220 M M 6 18 35 230
================================================================================
SM 1164 857 996 0 4.32 M 303.5 M 191
================================================================================
AV 37.5 27.6 9.8 FASTST M M 6 MAX(MPH)
MISC ----> 38 160 55 160
================================================================================
NOTES:
# LAST OF SEVERAL OCCURRENCES
COLUMN 17 PEAK WIND IN M.P.H.
PRELIMINARY LOCAL CLIMATOLOGICAL DATA (WS FORM: F-6) , PAGE 2
STATION: KODIAK
MONTH: MARCH
YEAR: 2024
LATITUDE: 57 45 N
LONGITUDE: 152 31 W
[TEMPERATURE DATA] [PRECIPITATION DATA] SYMBOLS USED IN COLUMN 16
AVERAGE MONTHLY: 32.6 TOTAL FOR MONTH: 4.32 1 = FOG OR MIST
DPTR FM NORMAL: -0.6 DPTR FM NORMAL: -0.50 2 = FOG REDUCING VISIBILITY
HIGHEST: 50 ON 29 GRTST 24HR 1.61 ON 23-24 TO 1/4 MILE OR LESS
LOWEST: 15 ON 1 3 = THUNDER
SNOW, ICE PELLETS, HAIL 4 = ICE PELLETS
TOTAL MONTH: M 5 = HAIL
GRTST 24HR M ON M 6 = FREEZING RAIN OR DRIZZLE
GRTST DEPTH: M ON M 7 = DUSTSTORM OR SANDSTORM:
VSBY 1/2 MILE OR LESS
8 = SMOKE OR HAZE
[NO. OF DAYS WITH] [WEATHER - DAYS WITH] 9 = BLOWING SNOW
X = TORNADO
MAX 32 OR BELOW: 6 0.01 INCH OR MORE: 14
MAX 90 OR ABOVE: 0 0.10 INCH OR MORE: 7
MIN 32 OR BELOW: 23 0.50 INCH OR MORE: 3
MIN 0 OR BELOW: 0 1.00 INCH OR MORE: 1
[HDD (BASE 65) ]
TOTAL THIS MO. 996 CLEAR (SCALE 0-3) 8
DPTR FM NORMAL 10 PTCLDY (SCALE 4-7) 11
TOTAL FM JUL 1 6806 CLOUDY (SCALE 8-10) 12
DPTR FM NORMAL 277
[CDD (BASE 65) ]
TOTAL THIS MO. 0
DPTR FM NORMAL 0 [PRESSURE DATA]
TOTAL FM JAN 1 0 HIGHEST SLP M ON M
DPTR FM NORMAL 0 LOWEST SLP 28.64 ON 30
[REMARKS]
#FINAL-03-24#