000
CXAK56 PAFC 011234
CF6ADQ
PRELIMINARY LOCAL CLIMATOLOGICAL DATA (WS FORM: F-6)
STATION: KODIAK
MONTH: FEBRUARY
YEAR: 2022
LATITUDE: 57 45 N
LONGITUDE: 152 31 W
TEMPERATURE IN F: :PCPN: SNOW: WIND :SUNSHINE: SKY :PK WND
================================================================================
1 2 3 4 5 6A 6B 7 8 9 10 11 12 13 14 15 16 17 18
12Z AVG MX 2MIN
DY MAX MIN AVG DEP HDD CDD WTR SNW DPTH SPD SPD DIR MIN PSBL S-S WX SPD DR
================================================================================
1 40 35 38 6 27 0 0.88 M M 12.9 26 40 M M 10 18 30 40
2 39 36 38 6 27 0 0.48 M M 6.5 16 70 M M 10 1 18 60
3 42 37 40 8 25 0 1.19 M M 14.2 24 60 M M 10 18 31 30
4 42 31 37 5 28 0 T M M 5.9 17 220 M M 8 24 220
5 42 31 37 5 28 0 0.45 M M 10.9 26 180 M M 7 18 36 350
6 40 38 39 7 26 0 T M M 11.0 23 290 M M 4 30 290
7 37 24 31 -1 34 0 0.40 M M 7.1 21 50 M M 7 12 26 40
8 39 21 30 -2 35 0 0.11 M M 12.7 32 290 M M 5 1 42 280
9 26 14 20 -12 45 0 T M M 16.5 35 300 M M 4 89 45 310
10 37 13 25 -7 40 0 0.27 M M 14.7 37 90 M M 6 1 44 80
11 40 37 39 7 26 0 0.33 M M 6.5 24 40 M M 9 1 29 50
12 42 32 37 5 28 0 T M M 7.6 18 210 M M 3 23 210
13 42 27 35 3 30 0 0.00 M M 5.6 13 290 M M 1 14 270
14 44 32 38 6 27 0 0.09 M M 7.3 26 190 M M 6 1 34 200
15 45 34 40 8 25 0 0.08 M M 2.8 14 160 M M 5 12 M M
16 49 34 42 10 23 0 T M M 5.2 21 150 M M 2 25 150
17 49 33 41 9 24 0 0.03 M M 6.5 24 180 M M 6 29 180
18 47 37 42 10 23 0 T M M 9.0 24 270 M M 6 30 240
19 46 34 40 8 25 0 0.00 M M 7.9 25 280 M M 4 36 300
20 49 32 41 9 24 0 T M M 2.8 16 310 M M 4 22 310
21 45 37 41 9 24 0 0.09 M M 7.9 24 170 M M 10 1 31 140
22 43 32 38 5 27 0 0.11 M M 4.4 10 80 M M 6 1 12 80
23 42 40 41 8 24 0 1.88 M M 13.9 25 110 M M 10 1 28 110
24 44 42 43 10 22 0 1.22 M M 16.4 33 60 M M 10 1 42 50
25 43 39 41 9 24 0 0.63 M M 17.4 35 60 M M 10 1 43 80
26 47 34 41 9 24 0 T M M 6.2 14 100 M M 5 17 280
27 45 26 36 4 29 0 0.00 M M 5.2 10 290 M M 0 M M
28 43 23 33 1 32 0 T M M 4.7 9 130 M M 4 1 12 160
================================================================================
SM 1189 885 776 0 8.24 M 249.7 M 172
================================================================================
AV 42.5 31.6 8.9 FASTST M M 6 MAX(MPH)
MISC ----> 37 90 45 310
================================================================================
NOTES:
# LAST OF SEVERAL OCCURRENCES
COLUMN 17 PEAK WIND IN M.P.H.
PRELIMINARY LOCAL CLIMATOLOGICAL DATA (WS FORM: F-6) , PAGE 2
STATION: KODIAK
MONTH: FEBRUARY
YEAR: 2022
LATITUDE: 57 45 N
LONGITUDE: 152 31 W
[TEMPERATURE DATA] [PRECIPITATION DATA] SYMBOLS USED IN COLUMN 16
AVERAGE MONTHLY: 37.0 TOTAL FOR MONTH: 8.24 1 = FOG OR MIST
DPTR FM NORMAL: 4.6 DPTR FM NORMAL: 1.93 2 = FOG REDUCING VISIBILITY
HIGHEST: 49 ON 20,17 GRTST 24HR 2.33 ON 23-24 TO 1/4 MILE OR LESS
LOWEST: 13 ON 10 3 = THUNDER
SNOW, ICE PELLETS, HAIL 4 = ICE PELLETS
TOTAL MONTH: M 5 = HAIL
GRTST 24HR M ON M 6 = FREEZING RAIN OR DRIZZLE
GRTST DEPTH: M ON M 7 = DUSTSTORM OR SANDSTORM:
VSBY 1/2 MILE OR LESS
8 = SMOKE OR HAZE
[NO. OF DAYS WITH] [WEATHER - DAYS WITH] 9 = BLOWING SNOW
X = TORNADO
MAX 32 OR BELOW: 1 0.01 INCH OR MORE: 16
MAX 90 OR ABOVE: 0 0.10 INCH OR MORE: 12
MIN 32 OR BELOW: 13 0.50 INCH OR MORE: 5
MIN 0 OR BELOW: 0 1.00 INCH OR MORE: 3
[HDD (BASE 65) ]
TOTAL THIS MO. 776 CLEAR (SCALE 0-3) 4
DPTR FM NORMAL -138 PTCLDY (SCALE 4-7) 16
TOTAL FM JUL 1 4225 CLOUDY (SCALE 8-10) 8
DPTR FM NORMAL -1320
[CDD (BASE 65) ]
TOTAL THIS MO. 0
DPTR FM NORMAL 0 [PRESSURE DATA]
TOTAL FM JAN 1 0 HIGHEST SLP 30.41 ON 10
DPTR FM NORMAL 0 LOWEST SLP 28.91 ON 8
[REMARKS]
#FINAL-02-22#