000
CXAK56 PAFC 011734
CF6ADQ
PRELIMINARY LOCAL CLIMATOLOGICAL DATA (WS FORM: F-6)
STATION: KODIAK
MONTH: DECEMBER
YEAR: 2020
LATITUDE: 57 45 N
LONGITUDE: 152 31 W
TEMPERATURE IN F: :PCPN: SNOW: WIND :SUNSHINE: SKY :PK WND
================================================================================
1 2 3 4 5 6A 6B 7 8 9 10 11 12 13 14 15 16 17 18
12Z AVG MX 2MIN
DY MAX MIN AVG DEP HDD CDD WTR SNW DPTH SPD SPD DIR MIN PSBL S-S WX SPD DR
================================================================================
1 44 32 38 6 27 0 0.27 M M 9.6 21 300 M M 10 1 28 140
2 32 18 25 -7 40 0 0.03 M M 12.7 22 300 M M 4 18 28 300
3 28 17 23 -9 42 0 0.00 M M 8.8 15 300 M M 7 19 290
4 30 14 22 -10 43 0 0.00 M M 6.5 14 310 M M 3 17 310
5 36 14 25 -7 40 0 0.01 M M 13.6 29 50 M M 6 33 50
6 42 34 38 6 27 0 1.22 M M 16.4 39 30 M M 10 1 46 30
7 43 35 39 8 26 0 0.31 M M 8.6 20 310 M M 10 1 24 300
8 36 24 30 -1 35 0 0.03 M M 3.7 13 300 M M 4 1 15 300
9 34 24 29 -2 36 0 0.01 M M 6.8 18 290 M M 2 1 23 300
10 31 17 24 -7 41 0 0.00 M M 5.8 10 290 M M 0 15 260
11 42 18 30 -1 35 0 0.33 M M 18.6 35 80 M M 9 1 43 80
12 42 40 41 10 24 0 0.98 M M 21.6 38 50 M M 10 1 47 60
13 43 39 41 10 24 0 2.36 M M 20.9 39 50 M M 10 1 48 60
14 39 31 35 4 30 0 0.01 M M 5.5 17 200 M M 6 1 22 190
15 37 25 31 0 34 0 T M M 6.5 16 300 M M 7 8 20 290
16 33 21 27 -4 38 0 0.03 M M 4.2 9 290 M M 5 1 10 280
17 39 32 36 5 29 0 1.44 M M 15.2 25 290 M M 10 1 33 280
18 35 21 28 -3 37 0 0.02 M M 5.5 10 300 M M 4 1 14 250
19 34 15 25 -6 40 0 0.21 M M 7.7 18 290 M M 5 1 24 280
20 34 14 24 -7 41 0 0.09 M M 9.2 36 270 M M 0 18 52 280
21 42 27 35 4 30 0 1.01 M M 13.6 45 110 M M 9 1 56 110
22 44 25 35 4 30 0 0.61 M M 11.4 47 110 M M 4 1 57 110
23 39 23 31 0 34 0 0.14 M M 4.0 16 190 M M 2 1 21 180
24 41 22 32 1 33 0 0.82 M M 18.6 46 90 M M 8 16 54 100
25 41 25 33 2 32 0 0.29 M M 13.4 36 110 M M 7 1 42 110
26 34 20 27 -4 38 0 0.00 M M 3.3 13 130 M M 3 17 130
27 40 33 37 6 28 0 1.11 M M 14.3 30 120 M M 10 1 39 110
28 42 29 36 5 29 0 0.89 M M 7.1 25 160 M M 6 1 35 170
29 39 35 37 6 28 0 0.28 M M 13.4 25 70 M M 9 1 30 60
30 42 27 35 4 30 0 0.21 M M 7.6 22 160 M M 7 32 170
31 38 28 33 2 32 0 0.50 M M 6.9 25 100 M M 10 16 29 90
================================================================================
SM 1176 779 1033 0 13.21 M 321.0 M 197
================================================================================
AV 37.9 25.1 10.4 FASTST M M 6 MAX(MPH)
MISC ----> 47 110 57 110
================================================================================
NOTES:
# LAST OF SEVERAL OCCURRENCES
COLUMN 17 PEAK WIND IN M.P.H.
PRELIMINARY LOCAL CLIMATOLOGICAL DATA (WS FORM: F-6) , PAGE 2
STATION: KODIAK
MONTH: DECEMBER
YEAR: 2020
LATITUDE: 57 45 N
LONGITUDE: 152 31 W
[TEMPERATURE DATA] [PRECIPITATION DATA] SYMBOLS USED IN COLUMN 16
AVERAGE MONTHLY: 31.5 TOTAL FOR MONTH: 13.21 1 = FOG OR MIST
DPTR FM NORMAL: 0.3 DPTR FM NORMAL: 4.48 2 = FOG REDUCING VISIBILITY
HIGHEST: 44 ON 22, 1 GRTST 24HR 2.57 ON 12-13 TO 1/4 MILE OR LESS
LOWEST: 14 ON 20, 5 3 = THUNDER
SNOW, ICE PELLETS, HAIL 4 = ICE PELLETS
TOTAL MONTH: M 5 = HAIL
GRTST 24HR M ON M 6 = FREEZING RAIN OR DRIZZLE
GRTST DEPTH: M ON M 7 = DUSTSTORM OR SANDSTORM:
VSBY 1/2 MILE OR LESS
8 = SMOKE OR HAZE
[NO. OF DAYS WITH] [WEATHER - DAYS WITH] 9 = BLOWING SNOW
X = TORNADO
MAX 32 OR BELOW: 4 0.01 INCH OR MORE: 26
MAX 90 OR ABOVE: 0 0.10 INCH OR MORE: 18
MIN 32 OR BELOW: 25 0.50 INCH OR MORE: 10
MIN 0 OR BELOW: 0 1.00 INCH OR MORE: 5
[HDD (BASE 65) ]
TOTAL THIS MO. 1033 CLEAR (SCALE 0-3) 5
DPTR FM NORMAL -15 PTCLDY (SCALE 4-7) 15
TOTAL FM JUL 1 3444 CLOUDY (SCALE 8-10) 11
DPTR FM NORMAL -400
[CDD (BASE 65) ]
TOTAL THIS MO. 0
DPTR FM NORMAL 0 [PRESSURE DATA]
TOTAL FM JAN 1 11 HIGHEST SLP 30.11 ON 10
DPTR FM NORMAL 10 LOWEST SLP 28.50 ON 6
[REMARKS]
#FINAL-12-20#