000
CXAK58 PADQ 011151
CLMADQ
CLIMATE REPORT
NATIONAL WEATHER SERVICE ANCHORAGE, AK
351 AM AKDT SUN OCT 01 2023
...................................
...THE KODIAK CLIMATE SUMMARY FOR THE MONTH OF SEPTEMBER 2023...
CLIMATE NORMAL PERIOD: 1991 TO 2020
CLIMATE RECORD PERIOD: 1913 TO 2023
WEATHER OBSERVED NORMAL DEPART LAST YEAR`S
VALUE DATE(S) VALUE FROM VALUE
NORMAL
..............................................................
TEMPERATURE (F)
RECORD
HIGH 80 MM
LOW 31 09/28/2023
09/28/2023
HIGHEST 66 MM MM 68
LOWEST 31R MM MM 34
AVG. MAXIMUM 55.7 57.1 -1.4 58.7
AVG. MINIMUM 41.6 44.2 -2.6 44.5
MEAN 48.7 50.6 -1.9 51.6
DAYS MAX >= 90 0 0.0 0.0 0
DAYS MAX <= 32 0 0.0 0.0 0
DAYS MIN <= 32 2 1.3 0.7 0
DAYS MIN <= 0 0 0.0 0.0 0
PRECIPITATION (INCHES)
RECORD
MAXIMUM 11.25 2020
MINIMUM 2.26 2021
TOTALS 3.09 7.55 -4.46 3.91
DAILY AVG. 0.10 0.25 -0.15 0.13
DAYS >= .01 15 17.0 -2.0 19
DAYS >= .10 9 11.5 -2.5 8
DAYS >= .50 2 4.8 -2.8 2
DAYS >= 1.00 0 2.2 -2.2 1
GREATEST
24 HR. TOTAL 0.88 09/15 TO 09/16 2.13
STORM TOTAL 0.72 1.62
(MM/DD(HH))
DEGREE DAYS
HEATING TOTAL 483 431 52 395
SINCE 7/1 1078 972 106 MM
COOLING TOTAL 0 0 0 0
SINCE 1/1 0 7 -7 MM
FREEZE DATES
RECORD
EARLIEST MM
LATEST MM
EARLIEST 09/22 MM
LATEST 05/17
..............................................................
WIND (MPH)
AVERAGE WIND SPEED 8.3
RESULTANT WIND SPEED/DIRECTION 4/300
HIGHEST WIND SPEED/DIRECTION 45/280 DATE 09/17
HIGHEST GUST SPEED/DIRECTION 67/290 DATE 09/17
SKY COVER
POSSIBLE SUNSHINE (PERCENT) MM
AVERAGE SKY COVER 0.52
NUMBER OF DAYS FAIR 10
NUMBER OF DAYS PC 12
NUMBER OF DAYS CLOUDY 8
AVERAGE RH (PERCENT) 74
WEATHER CONDITIONS. NUMBER OF DAYS WITH
THUNDERSTORM 0 MIXED PRECIP 0
HEAVY RAIN 0 RAIN 7
LIGHT RAIN 17 FREEZING RAIN 0
LT FREEZING RAIN 0 HAIL 0
HEAVY SNOW 0 SNOW 0
LIGHT SNOW 0 SLEET 0
FOG 12 FOG W/VIS <= 1/4 MILE 1
HAZE 0
- INDICATES NEGATIVE NUMBERS.
R INDICATES RECORD WAS SET OR TIED.
MM INDICATES DATA IS MISSING.
T INDICATES TRACE AMOUNT.
$$