000
CXUS52 KCAE 011257
CLMAGS
CLIMATE REPORT
NATIONAL WEATHER SERVICE COLUMBIA SC
857 AM EDT FRI SEP 01 2023
...................................
...THE AUGUSTA BUSH FIELD GA CLIMATE SUMMARY FOR THE MONTH OF AUGUST 2023...
CLIMATE NORMAL PERIOD: 1991 TO 2020
CLIMATE RECORD PERIOD: 1873 TO 2023
WEATHER OBSERVED NORMAL DEPART LAST YEAR`S
VALUE DATE(S) VALUE FROM VALUE
NORMAL
..............................................................
TEMPERATURE (F)
RECORD
HIGH 108 08/10/2007
08/21/1983
08/21/1983
LOW 52 08/08/2004
HIGHEST 99 08/25 MM MM
LOWEST 64 08/18 MM MM
AVG. MAXIMUM 92.5 92.6 -0.1
AVG. MINIMUM 69.9 71.0 -1.1
MEAN 81.2 81.8 -0.6
DAYS MAX >= 90 26 21.2 4.8
DAYS MAX <= 32 0 0.0 0.0
DAYS MIN <= 32 0 0.0 0.0
DAYS MIN <= 0 0 0.0 0.0
PRECIPITATION (INCHES)
RECORD
MAXIMUM 12.92 2019
MINIMUM 0.49 1925
TOTALS 6.87 4.61 2.26
DAILY AVG. 0.22 0.15 0.07
DAYS >= .01 13 11.1 1.9
DAYS >= .10 6 7.4 -1.4
DAYS >= .50 3 3.0 0.0
DAYS >= 1.00 2 1.3 0.7
GREATEST
24 HR. TOTAL 2.78 08/30 TO 08/30
08/29 TO 08/30
08/30 TO 08/30
STORM TOTAL 2.78
(MM/DD(HH))
SNOWFALL (INCHES)
RECORDS
TOTAL MM MM
TOTALS 0.0 0.0 0.0
SINCE 7/1 0.0 0.0 0.0
DAYS >= TRACE 0 0.0 0.0
DAYS >= 1.0 0 0.0 0.0
GREATEST
SNOW DEPTH 0
DEGREE DAYS
HEATING TOTAL 0 0 0
SINCE 7/1 0 0 0
COOLING TOTAL 509 521 -12
SINCE 1/1 1575 1884 -309
FREEZE DATES
RECORD
EARLIEST MM
LATEST MM
EARLIEST MM
LATEST 03/21
..............................................................
WIND (MPH)
AVERAGE WIND SPEED 4.2
RESULTANT WIND SPEED/DIRECTION 1/220
HIGHEST WIND SPEED/DIRECTION 37/280 DATE 08/11
HIGHEST GUST SPEED/DIRECTION 48/270 DATE 08/11
48/280 08/27
SKY COVER
POSSIBLE SUNSHINE (PERCENT) MM
AVERAGE SKY COVER 0.23
NUMBER OF DAYS FAIR 26
NUMBER OF DAYS PC 5
NUMBER OF DAYS CLOUDY 0
AVERAGE RH (PERCENT) 74
WEATHER CONDITIONS. NUMBER OF DAYS WITH
THUNDERSTORM 12 MIXED PRECIP 0
HEAVY RAIN 5 RAIN 5
LIGHT RAIN 16 FREEZING RAIN 0
LT FREEZING RAIN 0 HAIL 0
HEAVY SNOW 0 SNOW 0
LIGHT SNOW 0 SLEET 0
FOG 25 FOG W/VIS <= 1/4 MILE 4
HAZE 3
- INDICATES NEGATIVE NUMBERS.
R INDICATES RECORD WAS SET OR TIED.
MM INDICATES DATA IS MISSING.
T INDICATES TRACE AMOUNT.
$$