000
CXUS55 KCYS 120203 CCA
CF6AIA
PRELIMINARY LOCAL CLIMATOLOGICAL DATA (WS FORM: F-6)...CORRECTED
STATION: ALLIANCE NEBRASKA AIRPORT
MONTH: DECEMBER
YEAR: 2022
LATITUDE: 42 2 N
LONGITUDE: 102 48 W
TEMPERATURE IN F: :PCPN: SNOW: WIND :SUNSHINE: SKY :PK WND
================================================================================
1 2 3 4 5 6A 6B 7 8 9 10 11 12 13 14 15 16 17 18
12Z AVG MX 2MIN
DY MAX MIN AVG DEP HDD CDD WTR SNW DPTH SPD SPD DIR MIN PSBL S-S WX SPD DR
================================================================================
1 41 5 23 -4 42 0 0.00 M M 6.0 15 170 M M 0 19 170
2 36 2 19 -8 46 0 M M M 11.5 31 320 M M 2 1 42 310
3 40 -4 18 -8 47 0 0.00 M M 7.8 17 220 M M 0 23 210
4 48 2 25 -1 40 0 0.00 M M 6.9 17 200 M M 3 22 200
5 34 18 26 0 39 0 0.00 M M 6.9 20 170 M M 3 27 170
6 47 25 36 11 29 0 0.00 M M 12.7 24 260 M M 2 32 260
7 46 13 30 5 35 0 0.00 M M 7.8 22 250 M M 0 29 250
8 33 8 21 -4 44 0 M M M 9.9 22 320 M M 6 12 30 320
9 40 -9 16 -8 49 0 0.00 M M 7.5 23 260 M M 0 12 31 260
10 41 6 24 0 41 0 0.00 M M 10.4 22 270 M M 0 27 270
11 49 10 30 6 35 0 0.00 M M 6.5 17 140 M M 0 22 150
12 34 20 27 3 38 0 T M M 14.5 30 10 M M 8 126 39 20
13 20 15 18 -5 47 0 M M M 24.7 38 350 M M 10 1289 52 360
14 22 16 19 -4 46 0 T M M 24.7 32 310 M M 8 18 45 310
15 20 17 19 -4 46 0 T M M 29.6 41 320 M M 7 1289 56 320
16 23 15 19 -4 46 0 T M M 26.5 40 310 M M 5 18 53 320
17 30 -1 15 -8 50 0 0.00 M M 13.8 26 300 M M 5 32 290
18 29 -8 11 -12 54 0 0.00 M M 6.4 18 360 M M 2 1 26 360
19 8 -14 -3 -26 68 0 T M M 5.6 20 10 M M 4 12 23 10
20 13 -13 0 -22 65 0 0.00 M M 10.7 23 160 M M 3 28 170
21 18 -17 1 -21 64 0 T M M 19.6 32 360 M M 6 18 43 330
22 -7 -21 -14 -36 79 0 T M M 23.4 40 310 M M 2 8 56 310
23 5 -12 -3 -25 68 0 T M M 10.5 16 330 M M 1 8 22 350
24 27 2 15 -7 50 0 0.00 M M 5.2 14 150 M M 6 16 160
25 42 5 24 2 41 0 0.00 M M 13.8 28 310 M M 3 39 300
26 37 17 27 5 38 0 0.00 M M 10.1 28 320 M M 2 12 38 320
27 51 25 38 16 27 0 T M M 8.5 15 270 M M 2 21 230
28 48 30 39 16 26 0 0.00 M M 8.6 21 270 M M 5 27 270
29 34 17 26 3 39 0 0.10 M M 8.5 18 260 M M 7 1 24 260
30 39 10 25 2 40 0 0.00 M M 9.9 18 200 M M 1 22 190
31 41 20 31 8 34 0 0.00 M M 5.8 10 170 M M 4 14 170
================================================================================
SM 989 199 1413 0 0.10 M 374.3 M 107
================================================================================
AV 31.9 6.4 12.1 FASTST M M 3 MAX(MPH)
MISC ----> 41 320 # 56 320
================================================================================
NOTES:
# LAST OF SEVERAL OCCURRENCES
COLUMN 17 PEAK WIND IN M.P.H.
PRELIMINARY LOCAL CLIMATOLOGICAL DATA (WS FORM: F-6) , PAGE 2
STATION: ALLIANCE NEBRASKA AIRPORT
MONTH: DECEMBER
YEAR: 2022
LATITUDE: 42 2 N
LONGITUDE: 102 48 W
[TEMPERATURE DATA] [PRECIPITATION DATA] SYMBOLS USED IN COLUMN 16
AVERAGE MONTHLY: 19.2 TOTAL FOR MONTH: 0.10 1 = FOG OR MIST
DPTR FM NORMAL: -4.5 DPTR FM NORMAL: -0.13 2 = FOG REDUCING VISIBILITY
HIGHEST: 51 ON 27 GRTST 24HR 0.10 ON 29-29 TO 1/4 MILE OR LESS
LOWEST: -21 ON 22 3 = THUNDER
SNOW, ICE PELLETS, HAIL 4 = ICE PELLETS
TOTAL MONTH: M 5 = HAIL
GRTST 24HR M ON M 6 = FREEZING RAIN OR DRIZZLE
GRTST DEPTH: M ON M 7 = DUSTSTORM OR SANDSTORM:
VSBY 1/2 MILE OR LESS
8 = SMOKE OR HAZE
[NO. OF DAYS WITH] [WEATHER - DAYS WITH] 9 = BLOWING SNOW
X = TORNADO
MAX 32 OR BELOW: 12 0.01 INCH OR MORE: 1
MAX 90 OR ABOVE: 0 0.10 INCH OR MORE: 1
MIN 32 OR BELOW: 31 0.50 INCH OR MORE: 0
MIN 0 OR BELOW: 9 1.00 INCH OR MORE: 0
[HDD (BASE 65) ]
TOTAL THIS MO. 1413 CLEAR (SCALE 0-3) 18
DPTR FM NORMAL 131 PTCLDY (SCALE 4-7) 11
TOTAL FM JUL 1 3145 CLOUDY (SCALE 8-10) 2
DPTR FM NORMAL 85
[CDD (BASE 65) ]
TOTAL THIS MO. 0
DPTR FM NORMAL 0 [PRESSURE DATA]
TOTAL FM JAN 1 808 HIGHEST SLP 30.75 ON 23
DPTR FM NORMAL 247 LOWEST SLP 29.32 ON 28
[REMARKS]
ASOS PRECIPITATION OF T DID NOT ALIGN WITH HUMAN
OBSERVATIONS OF ACCUMULATING SNOW ON: 12/2, 12/8, 12/13 MISSING WAS
ENTERED FOR THESE DATES. MONTHLY TOTAL PRECIPITATION SHOULD REMAIN
AS MISSING.
AVERAGE TEMPERATURE 19.2 DEGREES TIED 1927 FOR 7TH COLDEST
#FINAL-12-22#