000
CXAK56 PAJK 011310
CF6AJN
PRELIMINARY LOCAL CLIMATOLOGICAL DATA (WS FORM: F-6)
STATION: JUNEAU
MONTH: MAY
YEAR: 2023
LATITUDE: 58 22 N
LONGITUDE: 134 35 W
TEMPERATURE IN F: :PCPN: SNOW: WIND :SUNSHINE: SKY :PK WND
================================================================================
1 2 3 4 5 6A 6B 7 8 9 10 11 12 13 14 15 16 17 18
12Z AVG MX 2MIN
DY MAX MIN AVG DEP HDD CDD WTR SNW DPTH SPD SPD DIR MIN PSBL S-S WX SPD DR
================================================================================
1 50 44 47 2 18 0 0.04 0.0 0 7.6 20 110 M M 10 1 24 110
2 50 41 46 1 19 0 0.90 0.0 0 16.4 29 110 M M 10 1 34 110
3 50 34 42 -4 23 0 0.09 0.0 0 3.1 10 110 M M 8 1 15 310
4 54 29 42 -4 23 0 0.00 0.0 0 5.5 15 230 M M 4 1 18 230
5 50 31 41 -5 24 0 T 0.0 0 2.5 8 60 M M 9 10 80
6 58 39 49 3 16 0 0.00 0.0 0 5.2 14 240 M M 7 15 240
7 56 37 47 0 18 0 0.05 0.0 0 6.0 16 120 M M 8 1 19 120
8 55 37 46 -1 19 0 0.00 0.0 0 4.4 12 250 M M 8 1 13 260
9 61 35 48 1 17 0 0.00 0.0 0 5.2 15 120 M M 7 1 18 110
10 67 36 52 4 13 0 T 0.0 0 7.1 18 120 M M 6 22 120
11 60 48 54 6 11 0 0.03 0.0 0 10.4 22 120 M M 10 1 28 130
12 52 48 50 2 15 0 0.33 0.0 0 15.4 28 120 M M 10 1 35 110
13 58 47 53 5 12 0 0.10 0.0 0 4.5 14 110 M M 8 1 16 120
14 64 44 54 6 11 0 0.00 0.0 0 5.4 14 240 M M 8 1 16 240
15 66 41 54 5 11 0 0.00 0.0 0 7.3 18 230 M M 1 1 21 230
16 71 39 55 6 10 0 0.00 0.0 0 4.8 15 230 M M 3 16 240
17 73 40 57 8 8 0 0.00 0.0 0 4.5 13 240 M M 0 14 220
18 76 41 59 9 6 0 0.00 0.0 0 6.5 18 80 M M 1 27 80
19 63 52 58 8 7 0 0.07 0.0 0 13.7 25 120 M M 9 1 30 120
20 63 50 57 7 8 0 0.12 0.0 0 4.7 13 230 M M 9 1 16 220
21 55 46 51 1 14 0 T 0.0 0 8.0 16 260 M M 9 21 260
22 59 40 50 0 15 0 0.02 0.0 0 4.6 14 230 M M 7 1 17 230
23 62 37 50 -1 15 0 0.00 M M 5.6 14 230 M M 7 19 240
24 58 48 53 2 12 0 T 0.0 0 6.5 17 130 M M 10 1 20 130
25 56 48 52 1 13 0 0.40 M M 4.4 15 110 M M 10 1 M M
26 52 45 49 -2 16 0 0.35 0.0 0 7.2 22 100 M M 10 1 27 140
27 47 44 46 -6 19 0 0.93 0.0 0 13.7 24 100 M M 10 1 31 130
28 52 43 48 -4 17 0 0.34 0.0 0 12.0 25 120 M M 10 1 33 110
29 46 42 44 -8 21 0 0.50 0.0 0 10.0 20 120 M M 10 1 24 130
30 51 42 47 -5 18 0 0.09 0.0 0 14.7 24 120 M M 10 1 30 120
31 48 41 45 -7 20 0 0.18 0.0 0 9.9 18 140 M M 9 1 22 130
================================================================================
SM 1783 1289 469 0 4.54 0.0 236.8 M 238
================================================================================
AV 57.5 41.6 7.6 FASTST M M 8 MAX(MPH)
MISC ----> 29 110 35 110
================================================================================
NOTES:
# LAST OF SEVERAL OCCURRENCES
COLUMN 17 PEAK WIND IN M.P.H.
PRELIMINARY LOCAL CLIMATOLOGICAL DATA (WS FORM: F-6) , PAGE 2
STATION: JUNEAU
MONTH: MAY
YEAR: 2023
LATITUDE: 58 22 N
LONGITUDE: 134 35 W
[TEMPERATURE DATA] [PRECIPITATION DATA] SYMBOLS USED IN COLUMN 16
AVERAGE MONTHLY: 49.5 TOTAL FOR MONTH: 4.54 1 = FOG OR MIST
DPTR FM NORMAL: 0.5 DPTR FM NORMAL: 1.03 2 = FOG REDUCING VISIBILITY
HIGHEST: 76 ON 18 GRTST 24HR 1.06 ON 27-28 TO 1/4 MILE OR LESS
LOWEST: 29 ON 4 3 = THUNDER
SNOW, ICE PELLETS, HAIL 4 = ICE PELLETS
TOTAL MONTH: 0.0 INCH 5 = HAIL
GRTST 24HR 0.0 6 = FREEZING RAIN OR DRIZZLE
GRTST DEPTH: 0 7 = DUSTSTORM OR SANDSTORM:
VSBY 1/2 MILE OR LESS
8 = SMOKE OR HAZE
[NO. OF DAYS WITH] [WEATHER - DAYS WITH] 9 = BLOWING SNOW
X = TORNADO
MAX 32 OR BELOW: 0 0.01 INCH OR MORE: 17
MAX 90 OR ABOVE: 0 0.10 INCH OR MORE: 10
MIN 32 OR BELOW: 2 0.50 INCH OR MORE: 3
MIN 0 OR BELOW: 0 1.00 INCH OR MORE: 0
[HDD (BASE 65) ]
TOTAL THIS MO. 469 CLEAR (SCALE 0-3) 3
DPTR FM NORMAL -29 PTCLDY (SCALE 4-7) 11
TOTAL FM JUL 1 7749 CLOUDY (SCALE 8-10) 17
DPTR FM NORMAL -275
[CDD (BASE 65) ]
TOTAL THIS MO. 0
DPTR FM NORMAL 0 [PRESSURE DATA]
TOTAL FM JAN 1 0 HIGHEST SLP 30.43 ON 14
DPTR FM NORMAL 0 LOWEST SLP 29.67 ON 2
[REMARKS]
#FINAL-05-23#