000
CXUS56 KSGX 011145
CF6AJO
PRELIMINARY LOCAL CLIMATOLOGICAL DATA (WS FORM: F-6)
STATION: CORONA AIRPORT CA
MONTH: JANUARY
YEAR: 2023
LATITUDE: 33 53 N
LONGITUDE: 117-36 E
TEMPERATURE IN F: :PCPN: SNOW: WIND :SUNSHINE: SKY :PK WND
================================================================================
1 2 3 4 5 6A 6B 7 8 9 10 11 12 13 14 15 16 17 18
12Z AVG MX 2MIN
DY MAX MIN AVG DEP HDD CDD WTR SNW DPTH SPD SPD DIR MIN PSBL S-S WX SPD DR
================================================================================
1 60 42 51 M 14 0 0.16 M M 8.6 17 260 M M 5 1 24 260
2 58 35 47 M 18 0 0.01 M M 1.8 9 260 M M 4 M M
3 55 48 52 M 13 0 0.10 M M 1.9 8 100 M M 10 1 M M
4 62 52 57 M 8 0 0.12 M M 2.1 7 260 M M 10 12 M M
5 61 48 55 M 10 0 0.26 M M 4.8 15 230 M M 7 1 22 230
6 65 39 52 M 13 0 0.00 M M 2.4 6 110 M M 2 12 M M
7 68 40 54 M 11 0 0.00 M M 2.4 7 260 M M 0 M M
8 67 39 53 M 12 0 0.00 M M 2.5 7 270 M M 4 M M
9 58 53 56 M 9 0 T M M 3.4 12 320 M M 10 21 320
10 62 47 55 M 10 0 0.36 M M 5.1 22 280 M M 7 1 31 270
11 60 39 50 M 15 0 0.01 M M 1.6 7 110 M M 0 1 M M
12 70 48 59 M 6 0 0.00 M M 6.1 10 110 M M 0 M M
13 67 40 54 M 11 0 0.00 M M 3.5 9 120 M M 0 M M
14 55 44 50 M 15 0 0.84 M M 2.6 14 240 M M 6 1 22 240
15 57 48 53 M 12 0 0.29 M M 5.0 12 250 M M 8 1 22 260
16 59 48 54 M 11 0 0.43 M M 7.1 14 270 M M 9 1 23 270
17 57 37 47 M 18 0 T M M 3.0 10 280 M M 2 1 M M
18 59 34 47 M 18 0 0.00 M M 2.4 6 260 M M 0 M M
19 59 33 46 M 19 0 0.05 M M 2.7 12 260 M M 4 12 18 250
20 60 36 48 M 17 0 0.00 M M 4.7 14 70 M M 3 12 M M
21 66 30 48 M 17 0 0.00 M M 1.9 12 100 M M 0 25 100
22 63 29 46 M 19 0 0.00 M M 4.0 22 50 M M 0 37 50
23 61 37 49 M 16 0 0.00 M M 15.5 25 50 M M 0 45 50
24 68 31 50 M 15 0 0.00 M M 3.1 12 120 M M 0 M M
25 69 30 50 M 15 0 0.00 M M 13.4 28 30 M M 0 38 70
26 66 56 61 M 4 0 0.00 M M 20.8 36 30 M M 0 51 40
27 69 32 51 M 14 0 0.00 M M 2.6 10 280 M M 0 M M
28 62 31 47 M 18 0 0.00 M M 2.3 9 280 M M 1 M M
29 57 45 51 M 14 0 T M M 3.5 14 260 M M 10 24 240
30 57 43 50 M 15 0 0.01 M M 5.7 16 40 M M 9 30 30
31 62 49 56 M 9 0 0.00 M M 16.6 25 60 M M 0 36 50
================================================================================
SM 1919 1263 416 0 2.64 M 163.0 M 111
================================================================================
AV 61.9 40.7 5.3 FASTST M M 4 MAX(MPH)
MISC ----> 36 30 51 40
================================================================================
NOTES:
# LAST OF SEVERAL OCCURRENCES
COLUMN 17 PEAK WIND IN M.P.H.
PRELIMINARY LOCAL CLIMATOLOGICAL DATA (WS FORM: F-6) , PAGE 2
STATION: CORONA AIRPORT CA
MONTH: JANUARY
YEAR: 2023
LATITUDE: 33 53 N
LONGITUDE: 117-36 E
[TEMPERATURE DATA] [PRECIPITATION DATA] SYMBOLS USED IN COLUMN 16
AVERAGE MONTHLY: 51.3 TOTAL FOR MONTH: 2.64 1 = FOG OR MIST
DPTR FM NORMAL: 0.0 DPTR FM NORMAL: M 2 = FOG REDUCING VISIBILITY
HIGHEST: 70 ON 12 GRTST 24HR 1.98 ON 14-15 TO 1/4 MILE OR LESS
LOWEST: 29 ON 22 3 = THUNDER
SNOW, ICE PELLETS, HAIL 4 = ICE PELLETS
TOTAL MONTH: M 5 = HAIL
GRTST 24HR M ON M 6 = FREEZING RAIN OR DRIZZLE
GRTST DEPTH: M ON M 7 = DUSTSTORM OR SANDSTORM:
VSBY 1/2 MILE OR LESS
8 = SMOKE OR HAZE
[NO. OF DAYS WITH] [WEATHER - DAYS WITH] 9 = BLOWING SNOW
X = TORNADO
MAX 32 OR BELOW: 0 0.01 INCH OR MORE: 12
MAX 90 OR ABOVE: 0 0.10 INCH OR MORE: 7
MIN 32 OR BELOW: 6 0.50 INCH OR MORE: 1
MIN 0 OR BELOW: 0 1.00 INCH OR MORE: 0
[HDD (BASE 65) ]
TOTAL THIS MO. 416 CLEAR (SCALE 0-3) 17
DPTR FM NORMAL M PTCLDY (SCALE 4-7) 8
TOTAL FM JUL 1 1055 CLOUDY (SCALE 8-10) 6
DPTR FM NORMAL M
[CDD (BASE 65) ]
TOTAL THIS MO. 0
DPTR FM NORMAL M [PRESSURE DATA]
TOTAL FM JAN 1 0 HIGHEST SLP M ON M
DPTR FM NORMAL M LOWEST SLP M ON M
[REMARKS]
#FINAL-01-23#