000
CXUS56 KSGX 011045
CF6AJO
PRELIMINARY LOCAL CLIMATOLOGICAL DATA (WS FORM: F-6)
STATION: CORONA AIRPORT CA
MONTH: OCTOBER
YEAR: 2022
LATITUDE: 33 53 N
LONGITUDE: 117-36 E
TEMPERATURE IN F: :PCPN: SNOW: WIND :SUNSHINE: SKY :PK WND
================================================================================
1 2 3 4 5 6A 6B 7 8 9 10 11 12 13 14 15 16 17 18
12Z AVG MX 2MIN
DY MAX MIN AVG DEP HDD CDD WTR SNW DPTH SPD SPD DIR MIN PSBL S-S WX SPD DR
================================================================================
1 81 58 70 M 0 5 0.00 M M 4.8 14 280 M M 4 21 280
2 84 60 72 M 0 7 0.00 M M 4.5 14 280 M M 4 20 270
3 86 58 72 M 0 7 0.00 M M 2.5 12 280 M M 0 M M
4 87 56 72 M 0 7 0.00 M M 4.9 16 290 M M 0 16 280
5 87 58 73 M 0 8 0.00 M M 5.5 12 280 M M 1 12 M M
6 84 63 74 M 0 9 0.00 M M 4.5 14 280 M M 4 18 20 280
7 87 59 73 M 0 8 0.00 M M 4.7 16 280 M M 1 18 23 280
8 88 60 74 M 0 9 0.00 M M 4.8 17 280 M M 0 18 M M
9 85 58 72 M 0 7 0.00 M M 7.0 17 290 M M 0 1 23 290
10 84 59 72 M 0 7 0.00 M M 5.5 15 280 M M 2 18 21 280
11 80 62 71 M 0 6 T M M 4.5 12 250 M M 6 8 M M
12 84 62 73 M 0 8 0.00 M M 4.8 13 270 M M 4 20 270
13 78 60 69 M 0 4 0.00 M M 4.5 13 300 M M 5 18 18 290
14 72 64 68 M 0 3 0.00 M M 5.5 14 280 M M 8 1 18 280
15 70 62 66 M 0 1 0.20 M M 6.3 13 310 M M 10 13 22 250
16 72 57 65 M 0 0 0.00 M M 2.2 8 270 M M 7 1 M M
17 82 52 67 M 0 2 0.00 M M 2.6 9 290 M M 0 18 M M
18 94 55 75 M 0 10 0.00 M M 2.4 12 260 M M 0 1 M M
19 96 53 75 M 0 10 0.00 M M 2.8 13 270 M M 0 18 120
20 94 55 75 M 0 10 0.00 M M 4.1 12 250 M M 0 18 250
21 83 54 69 M 0 4 0.00 M M 4.8 14 280 M M 1 18 290
22 72 59 66 M 0 1 0.00 M M 6.1 15 240 M M 8 24 240
23 73 52 63 M 2 0 0.00 M M 4.0 13 260 M M 2 18 250
24 78 49 64 M 1 0 0.00 M M 7.7 20 60 M M 0 27 60
25 80 41 61 M 4 0 0.00 M M 2.8 13 270 M M 0 17 270
26 76 43 60 M 5 0 0.00 M M 3.8 14 270 M M 0 17 270
27 82 49 66 M 0 1 0.00 M M 1.8 12 250 M M 2 M M
28 80 43 62 M 3 0 0.00 M M 2.7 12 260 M M 0 20 260
29 81 44 63 M 2 0 0.00 M M 1.8 9 270 M M 0 M M
30 86 42 64 M 1 0 0.00 M M 2.1 8 260 M M 0 M M
31 82 42 62 M 3 0 0.00 M M 3.1 14 260 M M 0 22 260
================================================================================
SM 2548 1689 21 134 0.20 M 129.0 M 69
================================================================================
AV 82.2 54.5 4.2 FASTST M M 2 MAX(MPH)
MISC ----> 20 60 27 60
================================================================================
NOTES:
# LAST OF SEVERAL OCCURRENCES
COLUMN 17 PEAK WIND IN M.P.H.
PRELIMINARY LOCAL CLIMATOLOGICAL DATA (WS FORM: F-6) , PAGE 2
STATION: CORONA AIRPORT CA
MONTH: OCTOBER
YEAR: 2022
LATITUDE: 33 53 N
LONGITUDE: 117-36 E
[TEMPERATURE DATA] [PRECIPITATION DATA] SYMBOLS USED IN COLUMN 16
AVERAGE MONTHLY: 68.3 TOTAL FOR MONTH: 0.20 1 = FOG OR MIST
DPTR FM NORMAL: 0.0 DPTR FM NORMAL: M 2 = FOG REDUCING VISIBILITY
HIGHEST: 96 ON 19 GRTST 24HR 0.20 ON 15-15 TO 1/4 MILE OR LESS
LOWEST: 41 ON 25 3 = THUNDER
SNOW, ICE PELLETS, HAIL 4 = ICE PELLETS
TOTAL MONTH: M 5 = HAIL
GRTST 24HR M ON M 6 = FREEZING RAIN OR DRIZZLE
GRTST DEPTH: M ON M 7 = DUSTSTORM OR SANDSTORM:
VSBY 1/2 MILE OR LESS
8 = SMOKE OR HAZE
[NO. OF DAYS WITH] [WEATHER - DAYS WITH] 9 = BLOWING SNOW
X = TORNADO
MAX 32 OR BELOW: 0 0.01 INCH OR MORE: 1
MAX 90 OR ABOVE: 3 0.10 INCH OR MORE: 1
MIN 32 OR BELOW: 0 0.50 INCH OR MORE: 0
MIN 0 OR BELOW: 0 1.00 INCH OR MORE: 0
[HDD (BASE 65) ]
TOTAL THIS MO. 21 CLEAR (SCALE 0-3) 21
DPTR FM NORMAL M PTCLDY (SCALE 4-7) 8
TOTAL FM JUL 1 21 CLOUDY (SCALE 8-10) 2
DPTR FM NORMAL M
[CDD (BASE 65) ]
TOTAL THIS MO. 134
DPTR FM NORMAL M [PRESSURE DATA]
TOTAL FM JAN 1 1750 HIGHEST SLP M ON M
DPTR FM NORMAL M LOWEST SLP M ON M
[REMARKS]
#FINAL-10-22#