000
CXUS54 KCRP 021745
CF6ALI
PRELIMINARY LOCAL CLIMATOLOGICAL DATA (WS FORM: F-6)
STATION: ALICE
MONTH: JANUARY
YEAR: 2024
LATITUDE: 27 44 N
LONGITUDE: 98 1 W
TEMPERATURE IN F: :PCPN: SNOW: WIND :SUNSHINE: SKY :PK WND
================================================================================
1 2 3 4 5 6A 6B 7 8 9 10 11 12 13 14 15 16 17 18
12Z AVG MX 2MIN
DY MAX MIN AVG DEP HDD CDD WTR SNW DPTH SPD SPD DIR MIN PSBL S-S WX SPD DR
================================================================================
1 65 54 60 3 5 0 0.00 0.0 0 7.2 17 30 M M M 128 23 30
2 65 53 59 2 6 0 0.03 0.0 0 11.0 18 90 M M 10 1 26 350
3 62 50 56 -1 9 0 0.00 0.0 0 10.9 21 320 M M 8 1 29 350
4 68 45 57 1 8 0 0.04 0.0 0 6.8 17 130 M M 8 1 23 120
5 73 46 60 4 5 0 0.47 0.0 0 8.9 18 310 M M 5 1 27 310
6 74 40 57 1 8 0 0.00 0.0 0 4.9 10 130 M M 0 14 10
7 74 43 59 3 6 0 0.00 0.0 0 10.1 23 150 M M 3 33 130
8 90 62 76 20 0 11 0.02 0.0 0 18.4 31 320 M M 7 1 43 310
9 66 37 52 -4 13 0 0.00 0.0 0 12.7 32 320 M M 1 46 300
10 76 35 56 0 9 0 0.00 0.0 0 9.0 25 190 M M 0 34 190
11 83 47 65 9 0 0 0.00 0.0 0 8.9 23 170 M M M 2 32 170
12 68 36 52 -4 13 0 0.00 0.0 0 15.2 32 340 M M 1 18 45 330
13 74 33 54 -2 11 0 0.00 0.0 0 3.6 M M M M 0 M M
14 60 34 47 -10 18 0 0.00 0.0 0 10.6 20 30 M M M 12 27 30
15 34 25 30 -27 35 0 T T 0 13.8 25 10 M M M 146 33 360
16 41 24 33 -24 32 0 0.00 0.0 0 12.5 24 10 M M M 36 360
17 51 20 36 -21 29 0 0.00 0.0 0 4.5 10 150 M M M 15 160
18 80 46 63 6 2 0 0.00 0.0 0 4.7 16 210 M M M 22 240
19 63 43 53 -4 12 0 0.00 0.0 0 13.3 25 20 M M M 1 33 20
20 45 36 41 -16 24 0 0.00 0.0 0 11.3 17 20 M M M 23 20
21 51 44 48 -9 17 0 1.09 0.0 0 10.6 17 30 M M M 23 20
22 66 48 57 0 8 0 1.42 0.0 0 5.1 15 150 M M M 1 21 170
23 74 61 68 11 0 3 0.08 0.0 0 6.5 15 130 M M M 12 20 130
24 70 61 66 8 0 1 0.12 M 0 9.9 23 80 M M M 35 70
25 76 55 66 8 0 1 T 0.0 0 6.2 20 360 M M M 29 360
26 68 59 64 6 1 0 0.00 0.0 0 5.4 13 360 M M M 1 17 360
27 72 47 60 2 5 0 0.00 0.0 0 11.2 24 340 M M M 1 32 330
28 71 42 57 -1 8 0 0.00 0.0 0 5.7 12 20 M M M 15 90
29 72 39 56 -2 9 0 0.00 0.0 0 5.2 10 130 M M M 14 160
30 72 45 59 1 6 0 0.00 0.0 0 3.6 14 90 M M M 9 100
31 74 44 59 0 6 0 0.00 0.0 0 3.9 14 120 M M 0 1 18 120
================================================================================
SM 2078 1354 305 16 3.27 T 271.6 M 43
================================================================================
AV 67.0 43.7 8.8 FASTST M M 4 MAX(MPH)
MISC ----> # 32 320 46 300
================================================================================
NOTES:
# LAST OF SEVERAL OCCURRENCES
COLUMN 17 PEAK WIND IN M.P.H.
PRELIMINARY LOCAL CLIMATOLOGICAL DATA (WS FORM: F-6) , PAGE 2
STATION: ALICE
MONTH: JANUARY
YEAR: 2024
LATITUDE: 27 44 N
LONGITUDE: 98 1 W
[TEMPERATURE DATA] [PRECIPITATION DATA] SYMBOLS USED IN COLUMN 16
AVERAGE MONTHLY: 55.4 TOTAL FOR MONTH: 3.27 1 = FOG OR MIST
DPTR FM NORMAL: -1.6 DPTR FM NORMAL: 2.08 2 = FOG REDUCING VISIBILITY
HIGHEST: 90 ON 8 GRTST 24HR 3.53 ON 21-22 TO 1/4 MILE OR LESS
LOWEST: 20 ON 17 3 = THUNDER
SNOW, ICE PELLETS, HAIL 4 = ICE PELLETS
TOTAL MONTH: T 5 = HAIL
GRTST 24HR T ON 15-15 6 = FREEZING RAIN OR DRIZZLE
GRTST DEPTH: 0 7 = DUSTSTORM OR SANDSTORM:
VSBY 1/2 MILE OR LESS
8 = SMOKE OR HAZE
[NO. OF DAYS WITH] [WEATHER - DAYS WITH] 9 = BLOWING SNOW
X = TORNADO
MAX 32 OR BELOW: 0 0.01 INCH OR MORE: 8
MAX 90 OR ABOVE: 1 0.10 INCH OR MORE: 4
MIN 32 OR BELOW: 3 0.50 INCH OR MORE: 2
MIN 0 OR BELOW: 0 1.00 INCH OR MORE: 2
[HDD (BASE 65) ]
TOTAL THIS MO. 305 CLEAR (SCALE 0-3) 7
DPTR FM NORMAL 26 PTCLDY (SCALE 4-7) 4
TOTAL FM JUL 1 539 CLOUDY (SCALE 8-10) 20
DPTR FM NORMAL -93
[CDD (BASE 65) ]
TOTAL THIS MO. 16
DPTR FM NORMAL -17 [PRESSURE DATA]
TOTAL FM JAN 1 16 HIGHEST SLP 30.53 ON 20
DPTR FM NORMAL -17 LOWEST SLP 29.42 ON 8
[REMARKS]
#FINAL-01-24#