517
CXUS54 KCRP 020309
CF6ALI
PRELIMINARY LOCAL CLIMATOLOGICAL DATA (WS FORM: F-6)
STATION: ALICE
MONTH: DECEMBER
YEAR: 2020
LATITUDE: 27 44 N
LONGITUDE: 98 1 W
TEMPERATURE IN F: :PCPN: SNOW: WIND :SUNSHINE: SKY :PK WND
================================================================================
1 2 3 4 5 6A 6B 7 8 9 10 11 12 13 14 15 16 17 18
12Z AVG MX 2MIN
DY MAX MIN AVG DEP HDD CDD WTR SNW DPTH SPD SPD DIR MIN PSBL S-S WX SPD DR
================================================================================
1 71 30 51 -10 14 0 0.00 0.0 0 7.6 20 170 M M 0 24 150
2 79 49 64 3 1 0 0.00 0.0 0 7.9 21 350 M M 3 128 29 350
3 62 43 53 -7 12 0 0.00 0.0 0 11.4 23 360 M M 3 30 360
4 61 40 51 -9 14 0 0.00 0.0 0 6.0 16 350 M M 2 19 360
5 59 42 51 -9 14 0 0.02 0.0 0 5.7 15 340 M M 10 19 350
6 69 42 56 -4 9 0 0.00 0.0 0 10.0 26 330 M M 0 33 310
7 74 39 57 -3 8 0 0.00 0.0 0 6.0 13 340 M M 0 15 360
8 80 41 61 2 4 0 0.00 0.0 0 4.9 13 170 M M 0 15 170
9 83 41 62 3 3 0 0.00 0.0 0 6.1 12 140 M M 0 16 200
10 83 42 63 4 2 0 0.00 0.0 0 8.2 21 130 M M 2 12 26 150
11 81 57 69 10 0 4 0.00 0.0 0 6.5 15 200 M M 2 19 170
12 80 52 66 8 0 1 0.00 0.0 0 8.9 16 100 M M 2 21 90
13 84 50 67 9 0 2 0.00 0.0 0 13.9 31 360 M M 5 1 41 360
14 58 39 49 -9 16 0 0.00 0.0 0 7.5 18 360 M M 0 23 360
15 73 39 56 -2 9 0 0.00 0.0 0 6.3 15 360 M M 2 1 18 10
16 65 36 51 -7 14 0 0.00 0.0 0 8.6 17 360 M M 0 22 360
17 67 32 50 -8 15 0 0.00 0.0 0 6.8 15 110 M M 0 20 120
18 71 39 55 -3 10 0 0.00 0.0 0 8.6 22 140 M M 7 29 130
19 81 49 65 8 0 0 0.06 0.0 0 5.8 21 320 M M 6 12 27 310
20 79 45 62 5 3 0 0.00 0.0 0 4.0 13 320 M M 4 12 16 290
21 81 41 61 4 4 0 0.00 0.0 0 6.2 17 140 M M 0 22 140
22 78 51 65 8 0 0 0.00 0.0 0 9.3 20 140 M M 5 24 140
23 81 55 68 11 0 3 0.00 0.0 0 6.7 25 20 M M 6 12 35 20
24 60 36 48 -9 17 0 0.00 0.0 M 14.7 31 350 M M 2 42 10
25 72 34 53 -4 12 0 0.00 0.0 0 5.9 12 280 M M 0 14 280
26 75 40 58 2 7 0 0.00 0.0 0 8.1 17 140 M M 0 23 170
27 83 44 64 8 1 0 0.00 0.0 M 9.2 21 180 M M 1 1 25 170
28 82 58 70 14 0 5 0.00 0.0 M 11.0 26 130 M M 6 12 34 140
29 82 64 73 17 0 8 T 0.0 M 14.4 26 140 M M 5 18 34 150
30 81 55 68 12 0 3 0.00 0.0 M 12.6 23 150 M M 7 1 28 150
31 55 41 48 -8 17 0 0.79 M M 17.9 28 290 M M 6 13 36 290
================================================================================
SM 2290 1366 206 26 0.87 0.0 266.7 M 86
================================================================================
AV 73.9 44.1 8.6 FASTST M M 3 MAX(MPH)
MISC ----> # 31 360 42 10
================================================================================
NOTES:
# LAST OF SEVERAL OCCURRENCES
COLUMN 17 PEAK WIND IN M.P.H.
PRELIMINARY LOCAL CLIMATOLOGICAL DATA (WS FORM: F-6) , PAGE 2
STATION: ALICE
MONTH: DECEMBER
YEAR: 2020
LATITUDE: 27 44 N
LONGITUDE: 98 1 W
[TEMPERATURE DATA] [PRECIPITATION DATA] SYMBOLS USED IN COLUMN 16
AVERAGE MONTHLY: 59.0 TOTAL FOR MONTH: 0.87 1 = FOG OR MIST
DPTR FM NORMAL: 0.9 DPTR FM NORMAL: -0.41 2 = FOG REDUCING VISIBILITY
HIGHEST: 84 ON 13 GRTST 24HR 0.79 ON 31-31 TO 1/4 MILE OR LESS
LOWEST: 30 ON 1 3 = THUNDER
SNOW, ICE PELLETS, HAIL 4 = ICE PELLETS
TOTAL MONTH: 0.0 INCH 5 = HAIL
GRTST 24HR 0.0 6 = FREEZING RAIN OR DRIZZLE
GRTST DEPTH: 0 7 = DUSTSTORM OR SANDSTORM:
VSBY 1/2 MILE OR LESS
8 = SMOKE OR HAZE
[NO. OF DAYS WITH] [WEATHER - DAYS WITH] 9 = BLOWING SNOW
X = TORNADO
MAX 32 OR BELOW: 0 0.01 INCH OR MORE: 3
MAX 90 OR ABOVE: 0 0.10 INCH OR MORE: 1
MIN 32 OR BELOW: 2 0.50 INCH OR MORE: 1
MIN 0 OR BELOW: 0 1.00 INCH OR MORE: 0
[HDD (BASE 65) ]
TOTAL THIS MO. 206 CLEAR (SCALE 0-3) 20
DPTR FM NORMAL -53 PTCLDY (SCALE 4-7) 10
TOTAL FM JUL 1 256 CLOUDY (SCALE 8-10) 1
DPTR FM NORMAL -89
[CDD (BASE 65) ]
TOTAL THIS MO. 26
DPTR FM NORMAL -17 [PRESSURE DATA]
TOTAL FM JAN 1 4274 HIGHEST SLP 30.49 ON 24
DPTR FM NORMAL 573 LOWEST SLP 29.68 ON 30
[REMARKS]
#FINAL-12-20#