000
CXUS53 KDMX 011046
CF6ALO
PRELIMINARY LOCAL CLIMATOLOGICAL DATA (WS FORM: F-6)
STATION: WATERLOO IA
MONTH: JULY
YEAR: 2021
LATITUDE: 42 32 N
LONGITUDE: 92 24 W
TEMPERATURE IN F: :PCPN: SNOW: WIND :SUNSHINE: SKY :PK WND
================================================================================
1 2 3 4 5 6A 6B 7 8 9 10 11 12 13 14 15 16 17 18
12Z AVG MX 2MIN
DY MAX MIN AVG DEP HDD CDD WTR SNW DPTH SPD SPD DIR MIN PSBL S-S WX SPD DR
================================================================================
1 89 61 75 1 0 10 0.00 0.0 0 5.1 15 50 M M 2 1 21 50
2 87 59 73 -1 0 8 0.00 0.0 0 5.4 14 20 M M 2 20 40
3 89 54 72 -2 0 7 0.00 0.0 0 3.9 13 220 M M 0 18 190
4 93 69 81 6 0 16 0.00 0.0 0 11.3 20 210 M M 0 28 230
5 95 73 84 9 0 19 0.00 0.0 0 11.9 23 220 M M 3 32 220
6 93 75 84 9 0 19 0.00 0.0 0 9.9 20 210 M M 4 26 190
7 76 63 70 -5 0 5 0.11 0.0 0 7.5 16 340 M M 9 18 23 300
8 77 63 70 -5 0 5 0.00 0.0 0 5.8 14 320 M M 7 17 340
9 83 64 74 -1 0 9 0.03 0.0 0 10.3 20 150 M M 5 13 27 160
10 76 63 70 -5 0 5 T 0.0 0 10.2 17 100 M M 7 1 24 100
11 84 58 71 -4 0 6 0.00 0.0 0 10.6 22 50 M M 1 34 10
12 82 55 69 -6 0 4 0.00 0.0 0 4.2 12 110 M M 8 15 80
13 86 61 74 -1 0 9 0.00 0.0 0 5.3 15 240 M M 5 1 23 210
14 84 66 75 0 0 10 1.05 0.0 0 10.1 37 220 M M 6 13 50 290
15 82 62 72 -3 0 7 0.00 0.0 0 6.0 13 350 M M 6 1 18 60
16 84 60 72 -3 0 7 0.00 0.0 0 4.3 13 100 M M 2 1 19 80
17 86 61 74 -1 0 9 0.00 0.0 0 3.0 13 70 M M 2 18 19 20
18 85 58 72 -3 0 7 0.00 0.0 0 3.9 12 80 M M 1 16 60
19 87 59 73 -2 0 8 0.00 0.0 0 3.4 10 360 M M 2 1 15 10
20 89 59 74 -1 0 9 0.00 0.0 0 4.2 15 320 M M 0 20 320
21 91 66 79 5 0 14 0.00 0.0 0 5.6 15 90 M M 3 18 19 100
22 90 68 79 5 0 14 0.00 0.0 0 9.5 18 190 M M 1 1 25 190
23 93 70 82 8 0 17 0.00 0.0 0 9.8 18 220 M M 0 18 25 220
24 94 69 82 8 0 17 0.00 0.0 0 8.9 18 360 M M 1 22 340
25 94 61 78 4 0 13 0.00 0.0 0 5.1 15 350 M M 0 1 21 360
26 92 60 76 2 0 11 0.00 0.0 0 6.4 16 200 M M 0 26 230
27 94 65 80 6 0 15 0.00 0.0 0 9.9 24 50 M M 1 32 50
28 94 75 85 11 0 20 0.00 0.0 0 8.5 20 220 M M 1 24 210
29 93 65 79 5 0 14 0.00 0.0 0 10.4 17 20 M M 3 18 26 20
30 75 62 69 -5 0 4 0.04 0.0 0 4.7 13 140 M M 5 18 15 150
31 85 65 75 1 0 10 0.00 0.0 0 5.3 15 310 M M 6 18 22 340
================================================================================
SM 2702 1969 0 328 1.23 0.0 220.4 M 93
================================================================================
AV 87.2 63.5 7.1 FASTST M M 3 MAX(MPH)
MISC ----> 37 220 50 290
================================================================================
NOTES:
# LAST OF SEVERAL OCCURRENCES
COLUMN 17 PEAK WIND IN M.P.H.
PRELIMINARY LOCAL CLIMATOLOGICAL DATA (WS FORM: F-6) , PAGE 2
STATION: WATERLOO IA
MONTH: JULY
YEAR: 2021
LATITUDE: 42 32 N
LONGITUDE: 92 24 W
[TEMPERATURE DATA] [PRECIPITATION DATA] SYMBOLS USED IN COLUMN 16
AVERAGE MONTHLY: 75.3 TOTAL FOR MONTH: 1.23 1 = FOG OR MIST
DPTR FM NORMAL: 0.8 DPTR FM NORMAL: -3.11 2 = FOG REDUCING VISIBILITY
HIGHEST: 95 ON 5 GRTST 24HR 1.05 ON 14-14 TO 1/4 MILE OR LESS
LOWEST: 54 ON 3 3 = THUNDER
SNOW, ICE PELLETS, HAIL 4 = ICE PELLETS
TOTAL MONTH: 0.0 INCH 5 = HAIL
GRTST 24HR 0.0 6 = FREEZING RAIN OR DRIZZLE
GRTST DEPTH: 0 7 = DUSTSTORM OR SANDSTORM:
VSBY 1/2 MILE OR LESS
8 = SMOKE OR HAZE
[NO. OF DAYS WITH] [WEATHER - DAYS WITH] 9 = BLOWING SNOW
X = TORNADO
MAX 32 OR BELOW: 0 0.01 INCH OR MORE: 4
MAX 90 OR ABOVE: 12 0.10 INCH OR MORE: 2
MIN 32 OR BELOW: 0 0.50 INCH OR MORE: 1
MIN 0 OR BELOW: 0 1.00 INCH OR MORE: 1
[HDD (BASE 65) ]
TOTAL THIS MO. 0 CLEAR (SCALE 0-3) 20
DPTR FM NORMAL -3 PTCLDY (SCALE 4-7) 10
TOTAL FM JUL 1 0 CLOUDY (SCALE 8-10) 1
DPTR FM NORMAL 0
[CDD (BASE 65) ]
TOTAL THIS MO. 328
DPTR FM NORMAL 31 [PRESSURE DATA]
TOTAL FM JAN 1 751 HIGHEST SLP 30.22 ON 18
DPTR FM NORMAL 170 LOWEST SLP 29.78 ON 14
[REMARKS]
#FINAL-07-21#