000
CXUS55 KPUB 021917
CF6ALS
PRELIMINARY LOCAL CLIMATOLOGICAL DATA (WS FORM: F-6)
STATION: ALAMOSA CO
MONTH: JUNE
YEAR: 2022
LATITUDE: 37 27 N
LONGITUDE: 105 52 W
TEMPERATURE IN F: :PCPN: SNOW: WIND :SUNSHINE: SKY :PK WND
================================================================================
1 2 3 4 5 6A 6B 7 8 9 10 11 12 13 14 15 16 17 18
12Z AVG MX 2MIN
DY MAX MIN AVG DEP HDD CDD WTR SNW DPTH SPD SPD DIR MIN PSBL S-S WX SPD DR
================================================================================
1 78 39 59 2 6 0 0.00 0.0 0 9.2 22 120 M M 0 30 120
2 80 32 56 -1 9 0 0.00 0.0 0 8.7 25 250 M M 0 33 250
3 80 40 60 3 5 0 0.00 0.0 0 7.7 24 360 M M 0 36 10
4 81 37 59 1 6 0 0.00 0.0 0 5.1 17 260 M M 0 23 270
5 81 38 60 2 5 0 0.00 0.0 0 3.5 13 350 M M 3 20 170
6 84 41 63 5 2 0 0.00 0.0 0 7.5 24 210 M M 1 37 230
7 84 42 63 5 2 0 T 0.0 0 5.6 23 220 M M 1 33 230
8 87 41 64 5 1 0 0.00 0.0 0 7.4 22 100 M M 0 29 110
9 84 46 65 6 0 0 0.07 0.0 0 9.4 30 240 M M 1 3 43 230
10 90 38 64 5 1 0 0.00 0.0 0 5.1 20 310 M M 0 27 300
11 92 46 69 9 0 4 0.00 0.0 0 6.5 25 310 M M 0 35 300
12 89 47 68 8 0 3 0.00 0.0 0 9.1 24 250 M M 0 33 250
13 86 45 66 6 0 1 0.00 0.0 0 14.0 31 250 M M 3 8 42 200
14 83 48 66 6 0 1 0.00 0.0 0 12.4 29 240 M M 0 38 250
15 87 38 63 3 2 0 0.00 0.0 0 8.7 29 200 M M 0 38 190
16 91 34 63 2 2 0 0.00 0.0 0 8.6 22 180 M M 0 32 190
17 88 48 68 7 0 3 T 0.0 0 9.2 32 160 M M 3 3 47 170
18 78 54 66 5 0 1 0.10 0.0 0 10.8 28 230 M M 7 13 37 220
19 72 50 61 -1 4 0 0.02 0.0 0 12.1 32 260 M M 6 13 45 280
20 76 46 61 -1 4 0 0.00 0.0 0 13.8 25 220 M M 0 33 220
21 76 40 58 -4 7 0 0.00 0.0 0 7.9 17 160 M M 0 24 160
22 61 42 52 -10 13 0 0.06 0.0 0 5.5 20 230 M M 6 1 31 230
23 79 44 62 0 3 0 T 0.0 0 6.4 28 330 M M 4 1 39 330
24 83 41 62 -1 3 0 T 0.0 0 7.3 25 10 M M 2 34 360
25 78 48 63 0 2 0 0.13 0.0 0 8.0 28 110 M M 4 13 39 120
26 65 49 57 -6 8 0 0.12 0.0 0 8.5 17 160 M M 8 1 22 160
27 71 49 60 -3 5 0 0.63 0.0 0 6.9 20 260 M M 7 13 26 270
28 81 44 63 -1 2 0 0.00 0.0 0 6.7 23 110 M M 0 30 70
29 81 44 63 -1 2 0 0.00 0.0 0 4.2 12 220 M M 1 16 160
30 86 47 67 3 0 2 0.14 0.0 0 6.9 28 350 M M 2 36 350
================================================================================
SM 2432 1298 94 15 1.27 0.0 242.7 M 59
================================================================================
AV 81.1 43.3 8.1 FASTST M M 2 MAX(MPH)
MISC ----> #32 260 47 170
================================================================================
NOTES:
# LAST OF SEVERAL OCCURRENCES
COLUMN 17 PEAK WIND IN M.P.H.
PRELIMINARY LOCAL CLIMATOLOGICAL DATA (WS FORM: F-6) , PAGE 2
STATION: ALAMOSA CO
MONTH: JUNE
YEAR: 2022
LATITUDE: 37 27 N
LONGITUDE: 105 52 W
[TEMPERATURE DATA] [PRECIPITATION DATA] SYMBOLS USED IN COLUMN 16
AVERAGE MONTHLY: 62.2 TOTAL FOR MONTH: 1.27 1 = FOG OR MIST
DPTR FM NORMAL: 1.6 DPTR FM NORMAL: 0.84 2 = FOG REDUCING VISIBILITY
HIGHEST: 92 ON 11 GRTST 24HR 0.72 ON 26-27 TO 1/4 MILE OR LESS
LOWEST: 32 ON 2 3 = THUNDER
SNOW, ICE PELLETS, HAIL 4 = ICE PELLETS
TOTAL MONTH: 0.0 INCH 5 = HAIL
GRTST 24HR 0.0 6 = FREEZING RAIN OR DRIZZLE
GRTST DEPTH: 0 7 = DUSTSTORM OR SANDSTORM:
VSBY 1/2 MILE OR LESS
8 = SMOKE OR HAZE
[NO. OF DAYS WITH] [WEATHER - DAYS WITH] 9 = BLOWING SNOW
X = TORNADO
MAX 32 OR BELOW: 0 0.01 INCH OR MORE: 8
MAX 90 OR ABOVE: 3 0.10 INCH OR MORE: 5
MIN 32 OR BELOW: 1 0.50 INCH OR MORE: 1
MIN 0 OR BELOW: 0 1.00 INCH OR MORE: 0
[HDD (BASE 65) ]
TOTAL THIS MO. 94 CLEAR (SCALE 0-3) 23
DPTR FM NORMAL -50 PTCLDY (SCALE 4-7) 6
TOTAL FM JUL 1 7748 CLOUDY (SCALE 8-10) 1
DPTR FM NORMAL -572
[CDD (BASE 65) ]
TOTAL THIS MO. 15
DPTR FM NORMAL 5 [PRESSURE DATA]
TOTAL FM JAN 1 15 HIGHEST SLP 30.36 ON 27
DPTR FM NORMAL 5 LOWEST SLP 29.57 ON 13
[REMARKS]
#FINAL-06-22#