000
CXUS55 KPUB 022118
CLMALS
CLIMATE REPORT
NATIONAL WEATHER SERVICE
318 PM MDT SUN JUL 02 2023
...................................
...THE ALAMOSA CO CLIMATE SUMMARY FOR THE MONTH OF JUNE 2023...
CLIMATE NORMAL PERIOD 1991 TO 2020
CLIMATE RECORD PERIOD 1932 TO 2023
WEATHER OBSERVED NORMAL DEPART LAST YEAR`S
VALUE DATE(S) VALUE FROM VALUE DATE(S)
NORMAL
................................................................
TEMPERATURE (F)
RECORD
HIGH 95 06/26/1994
LOW 23 06/03/1936
HIGHEST 88 06/26 81 7 92 06/11
LOWEST 31 06/02 37 -6 32 06/02
AVG. MAXIMUM 77.3 80.2 -2.9 81.1
AVG. MINIMUM 39.4 40.9 -1.5 43.3
MEAN 58.4 60.6 -2.2 62.2
DAYS MAX >= 90 0 1.2 -1.2
DAYS MAX <= 32 0 0.0 0.0
DAYS MIN <= 32 2 2.0 0.0
DAYS MIN <= 0 0 0.0 0.0
PRECIPITATION (INCHES)
RECORD
MAXIMUM 1.95 1933
MINIMUM T 1946
TOTALS 0.16 0.43 -0.27 1.27
DAILY AVG. 0.01 0.01 -0.00
DAYS >= .01 3 4.1 -1.1
DAYS >= .10 0 1.5 -1.5
DAYS >= .50 0 0.1 -0.1
DAYS >= 1.00 0 0.0 0.0
GREATEST
24 HR. TOTAL 0.08 06/01 TO 06/01
SNOWFALL (INCHES)
RECORDS
TOTAL 1.2 1950
TOTALS 0.0 MM MM 0.0
SINCE 7/1 20.5 MM MM MM
SNOWDEPTH AVG. 0
DAYS >= 1.0 0 MM MM
GREATEST
SNOW DEPTH 0 0
24 HR TOTAL 0.0 MM
DEGREE DAYS
HEATING TOTAL 201 144 57 94
SINCE 7/1 8104 8320 -216 MM
COOLING TOTAL 7 10 -3 15
SINCE 1/1 7 10 -3 MM
................................................................
WIND (MPH)
AVERAGE WIND SPEED 8.9
HIGHEST WIND SPEED/DIRECTION 39/260 DATE 06/26
HIGHEST GUST SPEED/DIRECTION 59/230 DATE 06/26
SKY COVER
POSSIBLE SUNSHINE (PERCENT) MM
AVERAGE SKY COVER 0.13
NUMBER OF DAYS FAIR 30
NUMBER OF DAYS PC 0
NUMBER OF DAYS CLOUDY 0
AVERAGE RH (PERCENT) 49
WEATHER CONDITIONS. NUMBER OF DAYS WITH
THUNDERSTORM 9 MIXED PRECIP 0
HEAVY RAIN 1 RAIN 2
LIGHT RAIN 12 FREEZING RAIN 0
LT FREEZING RAIN 0 HAIL 0
HEAVY SNOW 0 SNOW 0
LIGHT SNOW 0 SLEET 0
FOG 4 FOG W/VIS <= 1/4 MILE 2
HAZE 4
- INDICATES NEGATIVE NUMBERS.
R INDICATES RECORD WAS SET OR TIED.
MM INDICATES DATA IS MISSING.
T INDICATES TRACE AMOUNT.
$$