000
CXUS56 KPDT 011810
CF6ALW
PRELIMINARY LOCAL CLIMATOLOGICAL DATA (WS FORM: F-6)
STATION: WALLA WALLA WA
MONTH: AUGUST
YEAR: 2021
LATITUDE: 46 5 N
LONGITUDE: 118 17 W
TEMPERATURE IN F: :PCPN: SNOW: WIND :SUNSHINE: SKY :PK WND
================================================================================
1 2 3 4 5 6A 6B 7 8 9 10 11 12 13 14 15 16 17 18
12Z AVG MX 2MIN
DY MAX MIN AVG DEP HDD CDD WTR SNW DPTH SPD SPD DIR MIN PSBL S-S WX SPD DR
================================================================================
1 90 71 81 3 0 16 0.03 M M 6.4 16 210 M M 4 19 220
2 98 71 85 7 0 20 0.00 M M 4.1 10 220 M M 0 8 15 280
3 104 72 88 10 0 23 0.00 M M 7.3 17 180 M M 0 8 23 340
4 97 73 85 7 0 20 0.00 M M 5.3 16 210 M M 0 8 22 210
5 94 70 82 4 0 17 T M M 9.0 37 80 M M 1 38 43 80
6 88 67 78 0 0 13 0.00 M M 14.3 22 250 M M 2 29 240
7 91 67 79 1 0 14 0.00 M M 14.8 24 250 M M 2 8 33 270
8 76 59 68 -9 0 3 0.00 M M 13.3 25 240 M M 4 34 210
9 85 54 70 -7 0 5 0.00 M M 5.0 10 300 M M 0 17 290
10 93 62 78 1 0 13 0.00 M M 6.7 13 250 M M 0 8 18 240
11 101 69 85 8 0 20 0.00 M M 5.8 13 100 M M 0 16 110
12 101 71 86 10 0 21 0.00 M M 6.3 13 330 M M 3 8 17 330
13 92 66 79 3 0 14 0.00 M M 3.6 9 100 M M 1 8 10 100
14 99 70 85 9 0 20 0.00 M M 6.9 13 240 M M 0 8 19 240
15 100 71 86 10 0 21 0.00 M M 7.2 15 190 M M 0 8 20 190
16 97 71 84 9 0 19 0.00 M M 10.6 17 210 M M 0 23 230
17 73 59 66 -9 0 1 0.07 M M 15.2 28 220 M M 5 8 36 210
18 75 58 67 -8 0 2 0.00 M M 7.4 15 190 M M 4 19 190
19 84 58 71 -3 0 6 0.00 M M 6.3 14 230 M M 0 21 250
20 78 62 70 -4 0 5 0.00 M M 10.3 16 210 M M 1 3 22 210
21 72 55 64 -10 1 0 0.17 M M 8.0 17 180 M M 4 13 25 190
22 78 55 67 -7 0 2 0.00 M M 13.5 22 240 M M 0 28 240
23 73 50 62 -11 3 0 0.00 M M 8.3 17 200 M M 0 22 190
24 83 48 66 -7 0 1 0.00 M M 5.4 15 350 M M 0 19 10
25 81 54 68 -5 0 3 0.00 M M 5.7 15 190 M M 0 18 230
26 79 64 72 -1 0 7 0.00 M M 13.3 24 240 M M 1 31 240
27 77 59 68 -4 0 3 0.00 M M 8.6 17 200 M M 4 23 230
28 85 52 69 -3 0 4 0.00 M M 6.1 13 350 M M 0 19 10
29 90 56 73 1 0 8 0.00 M M 5.4 12 220 M M 0 15 220
30 83 57 70 -1 0 5 0.00 M M 14.0 26 240 M M 0 37 200
31 72 53 63 -8 2 0 0.00 M M 11.4 26 200 M M 0 34 200
================================================================================
SM 2689 1924 6 306 0.27 M 265.5 M 36
================================================================================
AV 86.7 62.1 8.6 FASTST M M 1 MAX(MPH)
MISC ----> 37 80 43 80
================================================================================
NOTES:
# LAST OF SEVERAL OCCURRENCES
COLUMN 17 PEAK WIND IN M.P.H.
PRELIMINARY LOCAL CLIMATOLOGICAL DATA (WS FORM: F-6) , PAGE 2
STATION: WALLA WALLA WA
MONTH: AUGUST
YEAR: 2021
LATITUDE: 46 5 N
LONGITUDE: 118 17 W
[TEMPERATURE DATA] [PRECIPITATION DATA] SYMBOLS USED IN COLUMN 16
AVERAGE MONTHLY: 74.4 TOTAL FOR MONTH: 0.27 1 = FOG OR MIST
DPTR FM NORMAL: -0.8 DPTR FM NORMAL: -0.13 2 = FOG REDUCING VISIBILITY
HIGHEST: 104 ON 3 GRTST 24HR 0.17 ON 21-21 TO 1/4 MILE OR LESS
LOWEST: 48 ON 24 3 = THUNDER
SNOW, ICE PELLETS, HAIL 4 = ICE PELLETS
TOTAL MONTH: M 5 = HAIL
GRTST 24HR M ON M 6 = FREEZING RAIN OR DRIZZLE
GRTST DEPTH: M ON M 7 = DUSTSTORM OR SANDSTORM:
VSBY 1/2 MILE OR LESS
8 = SMOKE OR HAZE
[NO. OF DAYS WITH] [WEATHER - DAYS WITH] 9 = BLOWING SNOW
X = TORNADO
MAX 32 OR BELOW: 0 0.01 INCH OR MORE: 3
MAX 90 OR ABOVE: 14 0.10 INCH OR MORE: 1
MIN 32 OR BELOW: 0 0.50 INCH OR MORE: 0
MIN 0 OR BELOW: 0 1.00 INCH OR MORE: 0
[HDD (BASE 65) ]
TOTAL THIS MO. 6 CLEAR (SCALE 0-3) 24
DPTR FM NORMAL 1 PTCLDY (SCALE 4-7) 7
TOTAL FM JUL 1 6 CLOUDY (SCALE 8-10) 0
DPTR FM NORMAL 2
[CDD (BASE 65) ]
TOTAL THIS MO. 306
DPTR FM NORMAL -14 [PRESSURE DATA]
TOTAL FM JAN 1 1138 HIGHEST SLP 30.11 ON 28
DPTR FM NORMAL 311 LOWEST SLP 29.60 ON 16
[REMARKS]
#FINAL-08-21#