000
CXUS52 KGSP 011438
CF6AND
PRELIMINARY LOCAL CLIMATOLOGICAL DATA (WS FORM: F-6)
STATION: ANDERSON SC
MONTH: SEPTEMBER
YEAR: 2022
LATITUDE: 34 30 N
LONGITUDE: 82 43 W
TEMPERATURE IN F: :PCPN: SNOW: WIND :SUNSHINE: SKY :PK WND
================================================================================
1 2 3 4 5 6A 6B 7 8 9 10 11 12 13 14 15 16 17 18
12Z AVG MX 2MIN
DY MAX MIN AVG DEP HDD CDD WTR SNW DPTH SPD SPD DIR MIN PSBL S-S WX SPD DR
================================================================================
1 93 70 82 5 0 17 0.00 M M 5.0 16 70 M M 2 22 70
2 90 70 80 3 0 15 T M M 6.7 20 100 M M 4 26 90
3 87 73 80 3 0 15 0.12 M M 5.0 14 100 M M 9 1 18 100
4 85 72 79 3 0 14 0.97 M M 4.8 14 320 M M 9 13 16 320
5 85 72 79 3 0 14 0.73 M M 6.7 15 170 M M 8 13 18 170
6 88 72 80 4 0 15 0.00 M M 4.7 12 250 M M 4 13 230
7 90 70 80 4 0 15 0.03 M M 1.8 17 70 M M 2 3 21 70
8 85 68 77 1 0 12 0.00 M M 6.8 18 80 M M 2 21 50
9 81 68 75 0 0 10 T M M 10.5 20 60 M M 5 25 80
10 72 66 69 -6 0 4 0.70 M M 7.6 16 70 M M 10 1 23 60
11 83 69 76 1 0 11 0.02 M M 3.1 10 240 M M 8 12 14 210
12 87 67 77 2 0 12 0.00 M M 6.9 16 250 M M 1 1 22 220
13 80 56 68 -6 0 3 0.00 M M 2.4 12 230 M M 0 13 230
14 83 59 71 -3 0 6 0.00 M M 3.2 15 90 M M 2 18 100
15 83 60 72 -2 0 7 0.00 M M 5.1 15 60 M M 0 20 60
16 83 62 73 0 0 8 0.00 M M 3.7 12 80 M M 3 15 70
17 84 62 73 0 0 8 0.00 M M 3.3 12 100 M M 2 1 16 100
18 84 63 74 1 0 9 0.00 M M 2.9 10 70 M M 3 14 40
19 88 61 75 3 0 10 0.00 M M 2.5 9 300 M M 0 13 340
20 91 63 77 5 0 12 0.00 M M 2.5 13 70 M M 1 12 16 70
21 91 67 79 7 0 14 0.00 M M 2.3 9 270 M M 0 14 290
22 95 64 80 8 0 15 0.20 M M 6.7 26 270 M M 1 1 36 270
23 79 51 65 -6 0 0 0.00 M M 4.6 16 40 M M 0 27 50
24 80 49 65 -6 0 0 0.00 M M 2.3 12 250 M M 0 15 250
25 78 58 68 -2 0 3 0.01 M M 5.4 18 220 M M 4 22 220
26 81 56 69 -1 0 4 0.00 M M 5.6 20 310 M M 1 128 25 320
27 78 47 63 -7 2 0 0.00 M M 4.8 14 300 M M 0 18 300
28 71 44 58 -11 7 0 0.00 M M 5.9 16 70 M M 0 21 30
29 73 53 63 -6 2 0 0.00 M M 17.1 29 60 M M 2 38 70
30 69 58 64 -5 1 0 0.14 M M 12.5 25 60 M M 9 36 60
================================================================================
SM 2497 1870 12 253 2.92 M 162.4 M 92
================================================================================
AV 83.2 62.3 5.4 FASTST M M 3 MAX(MPH)
MISC ----> 29 60 38 70
================================================================================
NOTES:
# LAST OF SEVERAL OCCURRENCES
COLUMN 17 PEAK WIND IN M.P.H.
PRELIMINARY LOCAL CLIMATOLOGICAL DATA (WS FORM: F-6) , PAGE 2
STATION: ANDERSON SC
MONTH: SEPTEMBER
YEAR: 2022
LATITUDE: 34 30 N
LONGITUDE: 82 43 W
[TEMPERATURE DATA] [PRECIPITATION DATA] SYMBOLS USED IN COLUMN 16
AVERAGE MONTHLY: 72.8 TOTAL FOR MONTH: 2.92 1 = FOG OR MIST
DPTR FM NORMAL: -0.5 DPTR FM NORMAL: -0.82 2 = FOG REDUCING VISIBILITY
HIGHEST: 95 ON 22 GRTST 24HR 1.70 ON 4- 5 TO 1/4 MILE OR LESS
LOWEST: 44 ON 28 3 = THUNDER
SNOW, ICE PELLETS, HAIL 4 = ICE PELLETS
TOTAL MONTH: M 5 = HAIL
GRTST 24HR M ON M 6 = FREEZING RAIN OR DRIZZLE
GRTST DEPTH: M ON M 7 = DUSTSTORM OR SANDSTORM:
VSBY 1/2 MILE OR LESS
8 = SMOKE OR HAZE
[NO. OF DAYS WITH] [WEATHER - DAYS WITH] 9 = BLOWING SNOW
X = TORNADO
MAX 32 OR BELOW: 0 0.01 INCH OR MORE: 9
MAX 90 OR ABOVE: 6 0.10 INCH OR MORE: 6
MIN 32 OR BELOW: 0 0.50 INCH OR MORE: 3
MIN 0 OR BELOW: 0 1.00 INCH OR MORE: 0
[HDD (BASE 65) ]
TOTAL THIS MO. 12 CLEAR (SCALE 0-3) 20
DPTR FM NORMAL 3 PTCLDY (SCALE 4-7) 6
TOTAL FM JUL 1 12 CLOUDY (SCALE 8-10) 4
DPTR FM NORMAL 5
[CDD (BASE 65) ]
TOTAL THIS MO. 253
DPTR FM NORMAL -5 [PRESSURE DATA]
TOTAL FM JAN 1 1998 HIGHEST SLP 30.22 ON 28
DPTR FM NORMAL 252 LOWEST SLP 29.75 ON 22
[REMARKS]
#FINAL-09-22#