000
CXUS53 KAPX 011206
CF6ANJ
PRELIMINARY LOCAL CLIMATOLOGICAL DATA (WS FORM: F-6)
STATION: SAULT STE MARIE MI
MONTH: MAY
YEAR: 2022
LATITUDE: 46 28 N
LONGITUDE: 84 21 W
TEMPERATURE IN F: :PCPN: SNOW: WIND :SUNSHINE: SKY :PK WND
================================================================================
1 2 3 4 5 6A 6B 7 8 9 10 11 12 13 14 15 16 17 18
12Z AVG MX 2MIN
DY MAX MIN AVG DEP HDD CDD WTR SNW DPTH SPD SPD DIR MIN PSBL S-S WX SPD DR
================================================================================
1 53 42 48 2 17 0 0.28 0.0 0 11.0 23 130 M M 10 18 37 110
2 47 40 44 -3 21 0 0.06 0.0 0 5.5 14 310 M M 10 18 19 310
3 48 37 43 -4 22 0 0.01 0.0 0 5.8 15 310 M M 8 18 21 300
4 53 35 44 -4 21 0 0.00 0.0 0 6.0 16 300 M M 1 23 260
5 68 31 50 2 15 0 0.00 0.0 0 3.4 10 330 M M 0 15 330
6 67 41 54 6 11 0 0.00 0.0 0 6.3 15 140 M M 0 25 110
7 64 39 52 3 13 0 0.00 0.0 0 5.5 14 150 M M 0 19 140
8 64 37 51 2 14 0 0.00 0.0 0 9.2 22 150 M M 0 30 150
9 66 46 56 6 9 0 0.00 0.0 0 11.9 29 130 M M 1 52 130
10 71 54 63 13 2 0 T 0.0 0 10.1 18 120 M M 6 3 30 130
11 82 59 71 21 0 6 T 0.0 0 5.1 13 150 M M 6 19 160
12 81 53 67 16 0 2 0.10 0.0 0 7.5 15 120 M M 4 13 22 240
13 84 59 72 21 0 7 0.00 0.0 0 7.4 18 140 M M 0 26 150
14 76 53 65 13 0 0 T 0.0 0 5.0 12 310 M M 2 16 260
15 71 48 60 8 5 0 0.00 0.0 0 6.4 20 340 M M 2 30 310
16 62 39 51 -1 14 0 0.00 0.0 0 9.0 22 310 M M 6 34 310
17 52 36 44 -9 21 0 0.00 0.0 0 10.9 18 300 M M 1 32 290
18 66 31 49 -4 16 0 0.00 0.0 0 5.8 15 210 M M 5 21 210
19 66 46 56 3 9 0 0.14 0.0 0 5.4 13 290 M M 8 1 16 100
20 60 44 52 -2 13 0 0.75 0.0 0 5.9 17 300 M M 9 138 26 290
21 50 39 45 -9 20 0 0.00 0.0 0 9.0 18 310 M M 5 12 28 320
22 52 37 45 -9 20 0 0.03 0.0 0 8.7 18 300 M M 8 28 280
23 60 33 47 -8 18 0 0.00 0.0 0 5.0 9 320 M M 0 20 270
24 65 37 51 -4 14 0 0.00 0.0 0 3.4 12 140 M M 0 16 120
25 61 43 52 -3 13 0 0.30 0.0 0 6.0 14 100 M M 6 1 23 100
26 60 44 52 -4 13 0 0.95 0.0 0 5.8 14 120 M M 10 1 23 100
27 62 43 53 -3 12 0 0.00 0.0 0 8.4 17 300 M M 9 12 28 310
28 68 42 55 -1 10 0 0.00 0.0 0 3.3 13 230 M M 1 17 230
29 70 53 62 6 3 0 0.00 0.0 0 8.1 15 110 M M 4 26 110
30 81 58 70 13 0 5 0.00 0.0 0 7.2 18 210 M M 0 27 210
31 85 59 72 15 0 7 0.02 0.0 0 8.1 24 220 M M 3 38 200
================================================================================
SM 2015 1358 346 27 2.64 0.0 216.1 M 125
================================================================================
AV 65.0 43.8 7.0 FASTST M M 4 MAX(MPH)
MISC ----> 29 130 52 130
================================================================================
NOTES:
# LAST OF SEVERAL OCCURRENCES
COLUMN 17 PEAK WIND IN M.P.H.
PRELIMINARY LOCAL CLIMATOLOGICAL DATA (WS FORM: F-6) , PAGE 2
STATION: SAULT STE MARIE MI
MONTH: MAY
YEAR: 2022
LATITUDE: 46 28 N
LONGITUDE: 84 21 W
[TEMPERATURE DATA] [PRECIPITATION DATA] SYMBOLS USED IN COLUMN 16
AVERAGE MONTHLY: 54.4 TOTAL FOR MONTH: 2.64 1 = FOG OR MIST
DPTR FM NORMAL: 2.3 DPTR FM NORMAL: -0.00 2 = FOG REDUCING VISIBILITY
HIGHEST: 85 ON 31 GRTST 24HR 1.25 ON 25-26 TO 1/4 MILE OR LESS
LOWEST: 31 ON 18, 5 3 = THUNDER
SNOW, ICE PELLETS, HAIL 4 = ICE PELLETS
TOTAL MONTH: 0.0 INCH 5 = HAIL
GRTST 24HR 0.0 6 = FREEZING RAIN OR DRIZZLE
GRTST DEPTH: 0 7 = DUSTSTORM OR SANDSTORM:
VSBY 1/2 MILE OR LESS
8 = SMOKE OR HAZE
[NO. OF DAYS WITH] [WEATHER - DAYS WITH] 9 = BLOWING SNOW
X = TORNADO
MAX 32 OR BELOW: 0 0.01 INCH OR MORE: 10
MAX 90 OR ABOVE: 0 0.10 INCH OR MORE: 6
MIN 32 OR BELOW: 2 0.50 INCH OR MORE: 2
MIN 0 OR BELOW: 0 1.00 INCH OR MORE: 0
[HDD (BASE 65) ]
TOTAL THIS MO. 346 CLEAR (SCALE 0-3) 15
DPTR FM NORMAL -61 PTCLDY (SCALE 4-7) 11
TOTAL FM JUL 1 7925 CLOUDY (SCALE 8-10) 5
DPTR FM NORMAL -382
[CDD (BASE 65) ]
TOTAL THIS MO. 27
DPTR FM NORMAL 20 [PRESSURE DATA]
TOTAL FM JAN 1 27 HIGHEST SLP 30.41 ON 23
DPTR FM NORMAL 20 LOWEST SLP 29.32 ON 20
[REMARKS]
#FINAL-05-22#