000
CXUS53 KAPX 131134
CLMANJ
CLIMATE REPORT
NATIONAL WEATHER SERVICE
734 AM EDT WED SEP 13 2023
...................................
...THE SAULT STE MARIE MI CLIMATE SUMMARY FOR THE MONTH OF AUGUST 2023...
CLIMATE NORMAL PERIOD: 1991 TO 2020
CLIMATE RECORD PERIOD: 1888 TO 2023
WEATHER OBSERVED NORMAL DEPART LAST YEAR`S
VALUE DATE(S) VALUE FROM VALUE
NORMAL
..............................................................
TEMPERATURE (F)
RECORD
HIGH 98 08/06/1947
08/05/1947
LOW 29 08/29/1982
HIGHEST 82 08/08 MM MM
LOWEST 45 08/30 MM MM
AVG. MAXIMUM 74.3 75.8 -1.5
AVG. MINIMUM 55.1 55.4 -0.3
MEAN 64.7 65.6 -0.9
DAYS MAX <= 32 0 0.0 0.0
DAYS MIN <= 0 0 0.0 0.0
DAYS MIN <= -20 0
PRECIPITATION (INCHES)
TOTALS 3.63 3.19 0.44
DAYS >= .01 9 10.6 -1.6
DAYS >= .10 7 6.5 0.5
DAYS >= .50 2 1.8 0.2
DAYS >= 1.00 2 0.6 1.4
GREATEST
24 HR. TOTAL 1.20 08/29 TO 08/29
SNOWFALL (INCHES)
RECORDS
TOTAL MM MM
TOTALS 0.0 0.0 0.0 0.0
DAYS >= TRACE 0 0.0 0
GREATEST
SNOW DEPTH 0 0
DEGREE DAYS
HEATING TOTAL 52 60 -8
SINCE 7/1 75 124 -49
COOLING TOTAL 51 79 -28
SINCE 1/1 212 210 2
..............................................................
WIND (MPH)
AVERAGE WIND SPEED 5.4
HIGHEST WIND SPEED/DIRECTION 25/290 DATE 08/17
HIGHEST GUST SPEED/DIRECTION 40/310 DATE 08/17
SKY COVER
AVERAGE SKY COVER 0.39
AVERAGE RH (PERCENT) 75
- INDICATES NEGATIVE NUMBERS.
R INDICATES RECORD WAS SET OR TIED.
MM INDICATES DATA IS MISSING.
T INDICATES TRACE AMOUNT.
$$