000
CXUS55 KBOU 010900
CF6APA
PRELIMINARY LOCAL CLIMATOLOGICAL DATA (WS FORM: F-6)
STATION: CENTENNIAL CO
MONTH: OCTOBER
YEAR: 2022
LATITUDE: 39 33 N
LONGITUDE: 104 51 W
TEMPERATURE IN F: :PCPN: SNOW: WIND :SUNSHINE: SKY :PK WND
================================================================================
1 2 3 4 5 6A 6B 7 8 9 10 11 12 13 14 15 16 17 18
12Z AVG MX 2MIN
DY MAX MIN AVG DEP HDD CDD WTR SNW DPTH SPD SPD DIR MIN PSBL S-S WX SPD DR
================================================================================
1 72 49 61 5 4 0 0.23 M M 6.4 25 310 M M 6 3 34 310
2 72 47 60 4 5 0 0.01 M M 7.9 20 160 M M 7 28 150
3 72 47 60 5 5 0 0.08 M M 4.9 31 340 M M 7 18 43 340
4 66 47 57 2 8 0 0.03 M M 5.2 15 360 M M 6 1 19 10
5 67 45 56 2 9 0 0.00 M M 4.1 9 360 M M 4 14 240
6 70 42 56 2 9 0 0.00 M M 5.9 21 310 M M 3 28 300
7 50 40 45 -9 20 0 0.00 M M 5.7 18 350 M M 10 1 26 320
8 65 38 52 -1 13 0 0.00 M M 3.4 10 340 M M 4 1 14 350
9 71 39 55 2 10 0 0.00 M M 4.2 10 120 M M 1 15 110
10 73 41 57 5 8 0 0.00 M M 4.6 13 240 M M 1 16 240
11 76 38 57 5 8 0 0.00 M M 10.3 30 20 M M 3 8 40 50
12 71 35 53 2 12 0 0.00 M M 6.5 17 40 M M 1 24 50
13 62 35 49 -2 16 0 0.00 M M 5.0 16 360 M M 1 22 360
14 75 44 60 10 5 0 0.00 M M 8.4 21 330 M M 1 33 310
15 63 42 53 3 12 0 0.00 M M 6.9 16 10 M M 4 25 20
16 55 38 47 -3 18 0 0.00 M M 3.3 10 20 M M 7 14 30
17 61 32 47 -2 18 0 0.00 M M 3.8 12 160 M M 1 15 170
18 66 33 50 1 15 0 0.00 M M 5.0 14 360 M M 0 20 30
19 74 38 56 7 9 0 0.00 M M 4.2 17 360 M M 0 21 20
20 77 37 57 9 8 0 0.00 M M 5.1 12 210 M M 0 14 250
21 75 45 60 12 5 0 0.00 M M 8.4 17 230 M M 2 24 240
22 74 49 62 14 3 0 0.00 M M 10.7 21 210 M M 1 29 200
23 64 34 49 2 16 0 0.01 M M 16.8 33 230 M M 7 48 230
24 49 26 38 -9 27 0 0.00 M M 8.5 21 330 M M 3 26 320
25 61 30 46 -1 19 0 T M M 8.5 25 360 M M 5 31 360
26 58 37 48 2 17 0 0.00 0.0 0 5.5 15 350 M M 6 20 170
27 41 29 35 -11 30 0 0.20 M M 8.5 17 350 M M 7 1 23 350
28 58 27 43 -3 22 0 0.00 M M 7.3 14 200 M M 0 19 190
29 58 30 44 -1 21 0 0.00 M M 4.3 9 90 M M 3 12 50
30 58 28 43 -2 22 0 0.00 M M 2.8 9 210 M M 5 12 140
31 65 30 48 3 17 0 0.00 M M 4.0 10 240 M M 1 13 220
================================================================================
SM 2019 1172 411 0 0.56 0.0 196.1 M 107
================================================================================
AV 65.1 37.8 6.3 FASTST M M 3 MAX(MPH)
MISC ----> 33 230 48 230
================================================================================
NOTES:
# LAST OF SEVERAL OCCURRENCES
COLUMN 17 PEAK WIND IN M.P.H.
PRELIMINARY LOCAL CLIMATOLOGICAL DATA (WS FORM: F-6) , PAGE 2
STATION: CENTENNIAL CO
MONTH: OCTOBER
YEAR: 2022
LATITUDE: 39 33 N
LONGITUDE: 104 51 W
[TEMPERATURE DATA] [PRECIPITATION DATA] SYMBOLS USED IN COLUMN 16
AVERAGE MONTHLY: 51.5 TOTAL FOR MONTH: 0.56 1 = FOG OR MIST
DPTR FM NORMAL: 1.5 DPTR FM NORMAL: -0.44 2 = FOG REDUCING VISIBILITY
HIGHEST: 77 ON 20 GRTST 24HR 0.39 ON 30- 1 TO 1/4 MILE OR LESS
LOWEST: 26 ON 24 3 = THUNDER
SNOW, ICE PELLETS, HAIL 4 = ICE PELLETS
TOTAL MONTH: 0.0 INCH 5 = HAIL
GRTST 24HR 0.0 6 = FREEZING RAIN OR DRIZZLE
GRTST DEPTH: 0 7 = DUSTSTORM OR SANDSTORM:
VSBY 1/2 MILE OR LESS
8 = SMOKE OR HAZE
[NO. OF DAYS WITH] [WEATHER - DAYS WITH] 9 = BLOWING SNOW
X = TORNADO
MAX 32 OR BELOW: 0 0.01 INCH OR MORE: 6
MAX 90 OR ABOVE: 0 0.10 INCH OR MORE: 2
MIN 32 OR BELOW: 8 0.50 INCH OR MORE: 0
MIN 0 OR BELOW: 0 1.00 INCH OR MORE: 0
[HDD (BASE 65) ]
TOTAL THIS MO. 411 CLEAR (SCALE 0-3) 17
DPTR FM NORMAL -57 PTCLDY (SCALE 4-7) 13
TOTAL FM JUL 1 476 CLOUDY (SCALE 8-10) 1
DPTR FM NORMAL -134
[CDD (BASE 65) ]
TOTAL THIS MO. 0
DPTR FM NORMAL -2 [PRESSURE DATA]
TOTAL FM JAN 1 879 HIGHEST SLP M ON M
DPTR FM NORMAL 243 LOWEST SLP 29.24 ON 22
[REMARKS]
#FINAL-10-22#