000
CXUS56 KMTR 011000
CF6APC
PRELIMINARY LOCAL CLIMATOLOGICAL DATA (WS FORM: F-6)
STATION: NAPA AIRPORT
MONTH: MARCH
YEAR: 2020
LATITUDE: 38 13 N
LONGITUDE: 122 17 W
TEMPERATURE IN F: :PCPN: SNOW: WIND :SUNSHINE: SKY :PK WND
================================================================================
1 2 3 4 5 6A 6B 7 8 9 10 11 12 13 14 15 16 17 18
12Z AVG MX 2MIN
DY MAX MIN AVG DEP HDD CDD WTR SNW DPTH SPD SPD DIR MIN PSBL S-S WX SPD DR
================================================================================
1 62 41 52 1 13 0 0.00 0.0 0 8.9 25 30 M M 6 34 30
2 73 45 59 8 6 0 0.00 0.0 0 14.2 31 360 M M 0 39 20
3 76 40 58 7 7 0 0.00 0.0 0 3.6 12 210 M M 0 14 200
4 78 37 58 7 7 0 0.00 0.0 0 5.1 17 190 M M 0 22 180
5 63 40 52 1 13 0 0.00 0.0 0 7.0 18 190 M M 5 12 26 200
6 58 47 53 2 12 0 0.00 0.0 0 9.6 16 280 M M 9 19 270
7 56 38 47 -5 18 0 0.04 M 0 6.4 14 250 M M 8 1 17 250
8 56 35 46 -6 19 0 0.00 0.0 0 5.0 12 210 M M 5 13 210
9 67 40 54 2 11 0 0.00 0.0 0 5.4 13 10 M M 1 15 130
10 71 37 54 2 11 0 0.00 M M 3.7 15 210 M M 0 17 200
11 71 42 57 5 8 0 0.00 M M 6.0 15 270 M M 0 17 270
12 71 37 54 2 11 0 0.00 M M 5.0 15 200 M M 0 1 18 200
13 63 42 53 1 12 0 0.00 M M 12.6 29 230 M M 9 1 34 220
14 55 46 51 -1 14 0 0.23 M M 10.2 20 210 M M 10 18 27 210
15 57 44 51 -1 14 0 0.17 M M 10.9 24 230 M M 9 1 32 230
16 52 41 47 -5 18 0 0.07 M M 9.0 14 90 M M 7 M M
17 56 37 47 -5 18 0 0.00 M M 6.9 15 280 M M 4 18 290
18 54 45 50 -2 15 0 0.08 M M 3.8 12 170 M M 10 1 13 160
19 61 37 49 -3 16 0 0.00 M M 4.5 12 230 M M 3 12 14 220
20 64 35 50 -2 15 0 0.00 M M 5.0 14 50 M M 1 17 90
21 66 36 51 -1 14 0 0.00 M M 4.1 14 130 M M 0 18 150
22 69 38 54 1 11 0 0.00 M M 5.1 16 270 M M 0 1 19 280
23 60 40 50 -3 15 0 0.00 M M 9.7 21 270 M M 5 12 25 220
24 56 40 48 -5 17 0 0.17 M M 7.9 22 270 M M 8 1 28 200
25 58 32 45 -8 20 0 T M M 7.7 26 350 M M 2 12 31 340
26 61 32 47 -6 18 0 0.03 M M 6.3 22 270 M M 4 12 26 280
27 60 30 45 -8 20 0 T M M 7.8 22 270 M M 4 12 26 270
28 59 41 50 -3 15 0 0.02 M M 4.0 13 220 M M 8 12 16 220
29 62 44 53 0 12 0 0.02 M M 6.4 15 290 M M 7 1 18 290
30 63 47 55 2 10 0 0.00 M M 6.9 17 280 M M 7 21 290
31 67 49 58 5 7 0 0.00 M M 10.4 22 270 M M 5 1 26 270
================================================================================
SM 1945 1235 417 0 0.83 0.0 219.1 M 137
================================================================================
AV 62.7 39.8 7.1 FASTST M M 4 MAX(MPH)
MISC ----> 31 360 39 20
================================================================================
NOTES:
# LAST OF SEVERAL OCCURRENCES
COLUMN 17 PEAK WIND IN M.P.H.
PRELIMINARY LOCAL CLIMATOLOGICAL DATA (WS FORM: F-6) , PAGE 2
STATION: NAPA AIRPORT
MONTH: MARCH
YEAR: 2020
LATITUDE: 38 13 N
LONGITUDE: 122 17 W
[TEMPERATURE DATA] [PRECIPITATION DATA] SYMBOLS USED IN COLUMN 16
AVERAGE MONTHLY: 51.3 TOTAL FOR MONTH: 0.83 1 = FOG OR MIST
DPTR FM NORMAL: -0.8 DPTR FM NORMAL: -1.67 2 = FOG REDUCING VISIBILITY
HIGHEST: 78 ON 4 GRTST 24HR 0.33 ON 14-15 TO 1/4 MILE OR LESS
LOWEST: 30 ON 27 3 = THUNDER
SNOW, ICE PELLETS, HAIL 4 = ICE PELLETS
TOTAL MONTH: 0.0 INCH 5 = HAIL
GRTST 24HR 0.0 6 = FREEZING RAIN OR DRIZZLE
GRTST DEPTH: 0 7 = DUSTSTORM OR SANDSTORM:
VSBY 1/2 MILE OR LESS
8 = SMOKE OR HAZE
[NO. OF DAYS WITH] [WEATHER - DAYS WITH] 9 = BLOWING SNOW
X = TORNADO
MAX 32 OR BELOW: 0 0.01 INCH OR MORE: 9
MAX 90 OR ABOVE: 0 0.10 INCH OR MORE: 3
MIN 32 OR BELOW: 3 0.50 INCH OR MORE: 0
MIN 0 OR BELOW: 0 1.00 INCH OR MORE: 0
[HDD (BASE 65) ]
TOTAL THIS MO. 417 CLEAR (SCALE 0-3) 12
DPTR FM NORMAL 18 PTCLDY (SCALE 4-7) 13
TOTAL FM JUL 1 2407 CLOUDY (SCALE 8-10) 6
DPTR FM NORMAL -377
[CDD (BASE 65) ]
TOTAL THIS MO. 0
DPTR FM NORMAL -1 [PRESSURE DATA]
TOTAL FM JAN 1 0 HIGHEST SLP M ON M
DPTR FM NORMAL -1 LOWEST SLP 29.66 ON 13
[REMARKS]
#FINAL-03-20#