000
CXUS52 KMFL 011130
CF6APF
PRELIMINARY LOCAL CLIMATOLOGICAL DATA (WS FORM: F-6)
STATION: NAPLES
MONTH: NOVEMBER
YEAR: 2021
LATITUDE: 26 8 N
LONGITUDE: 81 46 W
TEMPERATURE IN F: :PCPN: SNOW: WIND :SUNSHINE: SKY :PK WND
================================================================================
1 2 3 4 5 6A 6B 7 8 9 10 11 12 13 14 15 16 17 18
12Z AVG MX 2MIN
DY MAX MIN AVG DEP HDD CDD WTR SNW DPTH SPD SPD DIR MIN PSBL S-S WX SPD DR
================================================================================
1 78 62 70 -5 0 5 0.00 0.0 0 6.3 13 40 M M 1 18 180
2 84 66 75 0 0 10 0.00 0.0 0 6.1 17 70 M M 4 21 70
3 85 70 78 3 0 13 0.00 M M 8.2 15 50 M M 8 20 50
4 85 70 78 4 0 13 T 0.0 0 8.5 18 50 M M 3 23 40
5 78 70 74 0 0 9 1.26 0.0 0 9.8 17 60 M M 8 13 22 60
6 76 62 69 -5 0 4 0.10 0.0 0 10.3 20 320 M M 6 1 26 330
7 73 57 65 -9 0 0 0.00 0.0 0 8.7 20 300 M M 0 26 320
8 75 59 67 -7 0 2 0.00 0.0 0 6.9 15 300 M M 0 18 300
9 82 60 71 -2 0 6 0.00 0.0 0 8.7 16 60 M M 2 24 90
10 84 64 74 1 0 9 0.00 0.0 0 7.0 12 110 M M 4 M M
11 84 68 76 3 0 11 T 0.0 0 6.3 14 130 M M 4 17 100
12 80 72 76 3 0 11 0.00 0.0 0 2.0 10 290 M M 4 12 290
13 81 70 76 3 0 11 0.00 0.0 0 4.5 13 290 M M 1 16 290
14 73 61 67 -5 0 2 0.00 0.0 0 6.6 14 300 M M 1 19 320
15 77 56 67 -5 0 2 0.00 0.0 M 7.2 17 50 M M 0 22 50
16 82 60 71 -1 0 6 0.00 0.0 M 9.2 17 70 M M 0 24 70
17 83 64 74 2 0 9 0.00 0.0 M 10.0 18 80 M M 2 25 90
18 76 72 74 2 0 9 0.03 0.0 M 7.0 14 80 M M 6 1 18 70
19 84 70 77 5 0 12 0.00 0.0 0 10.1 22 40 M M 5 29 40
20 82 70 76 5 0 11 T 0.0 M 12.3 24 50 M M 7 1 32 50
21 84 71 78 7 0 13 0.16 0.0 M 9.2 17 50 M M 9 1 23 40
22 79 70 75 4 0 10 0.00 0.0 0 6.1 18 310 M M 7 12 26 310
23 72 55 64 -7 1 0 0.00 0.0 0 9.8 17 40 M M 1 23 360
24 77 53 65 -6 0 0 0.00 0.0 0 10.5 22 70 M M 1 29 80
25 82 60 71 0 0 6 0.00 0.0 0 6.7 15 100 M M 2 18 90
26 78 60 69 -2 0 4 0.00 0.0 0 4.6 14 300 M M 0 18 290
27 72 57 65 -5 0 0 0.00 0.0 0 5.4 13 290 M M 1 15 310
28 75 53 64 -6 1 0 0.00 0.0 0 4.6 13 290 M M 1 8 15 300
29 76 57 67 -3 0 2 T 0.0 0 7.5 17 360 M M 4 23 360
30 75 54 65 -5 0 0 0.00 0.0 0 5.3 12 240 M M 1 14 100
================================================================================
SM 2372 1893 2 190 1.55 0.0 225.4 M 93
================================================================================
AV 79.1 63.1 7.5 FASTST M M 3 MAX(MPH)
MISC ----> 24 50 32 50
================================================================================
NOTES:
# LAST OF SEVERAL OCCURRENCES
COLUMN 17 PEAK WIND IN M.P.H.
PRELIMINARY LOCAL CLIMATOLOGICAL DATA (WS FORM: F-6) , PAGE 2
STATION: NAPLES
MONTH: NOVEMBER
YEAR: 2021
LATITUDE: 26 8 N
LONGITUDE: 81 46 W
[TEMPERATURE DATA] [PRECIPITATION DATA] SYMBOLS USED IN COLUMN 16
AVERAGE MONTHLY: 71.1 TOTAL FOR MONTH: 1.55 1 = FOG OR MIST
DPTR FM NORMAL: -1.3 DPTR FM NORMAL: 0.16 2 = FOG REDUCING VISIBILITY
HIGHEST: 85 ON 4, 3 GRTST 24HR 1.28 ON 5- 6 TO 1/4 MILE OR LESS
LOWEST: 53 ON 28,24 3 = THUNDER
SNOW, ICE PELLETS, HAIL 4 = ICE PELLETS
TOTAL MONTH: 0.0 INCH 5 = HAIL
GRTST 24HR 0.0 6 = FREEZING RAIN OR DRIZZLE
GRTST DEPTH: 0 7 = DUSTSTORM OR SANDSTORM:
VSBY 1/2 MILE OR LESS
8 = SMOKE OR HAZE
[NO. OF DAYS WITH] [WEATHER - DAYS WITH] 9 = BLOWING SNOW
X = TORNADO
MAX 32 OR BELOW: 0 0.01 INCH OR MORE: 4
MAX 90 OR ABOVE: 0 0.10 INCH OR MORE: 3
MIN 32 OR BELOW: 0 0.50 INCH OR MORE: 1
MIN 0 OR BELOW: 0 1.00 INCH OR MORE: 1
[HDD (BASE 65) ]
TOTAL THIS MO. 2 CLEAR (SCALE 0-3) 16
DPTR FM NORMAL -10 PTCLDY (SCALE 4-7) 13
TOTAL FM JUL 1 2 CLOUDY (SCALE 8-10) 1
DPTR FM NORMAL -8
[CDD (BASE 65) ]
TOTAL THIS MO. 190
DPTR FM NORMAL -42 [PRESSURE DATA]
TOTAL FM JAN 1 4168 HIGHEST SLP 30.22 ON 24
DPTR FM NORMAL 230 LOWEST SLP 29.80 ON 6
[REMARKS]
#FINAL-11-21#