000
CXUS53 KAPX 010730
CF6APN
PRELIMINARY LOCAL CLIMATOLOGICAL DATA (WS FORM: F-6)
STATION: ALPENA MI
MONTH: JUNE
YEAR: 2022
LATITUDE: 45 4 N
LONGITUDE: 83 34 W
TEMPERATURE IN F: :PCPN: SNOW: WIND :SUNSHINE: SKY :PK WND
================================================================================
1 2 3 4 5 6A 6B 7 8 9 10 11 12 13 14 15 16 17 18
12Z AVG MX 2MIN
DY MAX MIN AVG DEP HDD CDD WTR SNW DPTH SPD SPD DIR MIN PSBL S-S WX SPD DR
================================================================================
1 77 47 62 3 3 0 T 0.0 0 10.0 18 350 M M 2 28 330
2 73 45 59 0 6 0 0.00 0.0 0 7.4 20 360 M M 1 27 320
3 77 42 60 0 5 0 0.00 0.0 0 6.5 23 270 M M 2 38 260
4 72 36 54 -6 11 0 0.00 0.0 0 7.0 16 110 M M 3 23 320
5 75 50 63 3 2 0 0.00 0.0 0 5.5 16 100 M M 1 22 100
6 61 52 57 -4 8 0 1.30 0.0 0 5.1 13 100 M M 10 1 20 100
7 66 52 59 -2 6 0 T 0.0 0 7.2 20 320 M M 8 1 28 330
8 71 48 60 -1 5 0 0.00 0.0 0 5.5 13 120 M M 2 18 130
9 74 51 63 1 2 0 0.12 0.0 0 6.6 23 20 M M 3 13 33 20
10 75 43 59 -3 6 0 T 0.0 0 4.3 16 140 M M 2 21 140
11 73 45 59 -3 6 0 0.28 0.0 0 3.5 14 80 M M 4 13 20 110
12 69 46 58 -4 7 0 0.07 0.0 0 5.1 14 10 M M 5 1 20 340
13 70 44 57 -6 8 0 0.00 0.0 0 4.4 12 90 M M 1 17 100
14 73 46 60 -3 5 0 T 0.0 0 7.1 17 130 M M 2 3 24 120
15 96 60 78 15 0 13 0.00 0.0 0 7.9 21 90 M M 1 29 330
16 90 67 79 15 0 14 0.12 0.0 0 11.6 28 240 M M 4 13 47 250
17 76 51 64 0 1 0 0.00 0.0 0 12.9 38 340 M M 2 59 320
18 71 48 60 -4 5 0 0.00 0.0 0 10.6 20 350 M M 0 27 320
19 70 42 56 -8 9 0 T 0.0 0 4.4 13 100 M M 2 17 100
20 75 56 66 2 0 1 0.81 0.0 0 5.2 20 210 M M 6 13 29 220
21 95 57 76 11 0 11 0.00 0.0 0 5.3 21 360 M M 1 26 360
22 82 56 69 4 0 4 0.00 0.0 0 8.0 21 320 M M 0 29 330
23 81 50 66 1 0 1 0.00 0.0 0 5.2 14 330 M M 0 20 320
24 92 50 71 6 0 6 0.00 0.0 0 5.1 16 10 M M 1 22 200
25 91 58 75 9 0 10 T 0.0 0 6.0 18 180 M M 1 28 180
26 81 55 68 2 0 3 0.01 0.0 0 7.8 21 260 M M 7 32 270
27 65 48 57 -9 8 0 T 0.0 0 7.1 17 310 M M 7 27 300
28 84 42 63 -3 2 0 0.45 0.0 0 7.5 24 270 M M 3 13 41 260
29 73 52 63 -3 2 0 T 0.0 0 5.5 15 130 M M 4 22 10
30 88 54 71 4 0 6 0.06 0.0 0 8.7 17 210 M M 3 37 240
================================================================================
SM 2316 1493 107 69 3.22 0.0 204.0 M 88
================================================================================
AV 77.2 49.8 6.8 FASTST M M 3 MAX(MPH)
MISC ----> 38 340 59 320
================================================================================
NOTES:
# LAST OF SEVERAL OCCURRENCES
COLUMN 17 PEAK WIND IN M.P.H.
PRELIMINARY LOCAL CLIMATOLOGICAL DATA (WS FORM: F-6) , PAGE 2
STATION: ALPENA MI
MONTH: JUNE
YEAR: 2022
LATITUDE: 45 4 N
LONGITUDE: 83 34 W
[TEMPERATURE DATA] [PRECIPITATION DATA] SYMBOLS USED IN COLUMN 16
AVERAGE MONTHLY: 63.5 TOTAL FOR MONTH: 3.22 1 = FOG OR MIST
DPTR FM NORMAL: 0.3 DPTR FM NORMAL: 0.48 2 = FOG REDUCING VISIBILITY
HIGHEST: 96 ON 15 GRTST 24HR 1.30 ON 6- 6 TO 1/4 MILE OR LESS
LOWEST: 36 ON 4 3 = THUNDER
SNOW, ICE PELLETS, HAIL 4 = ICE PELLETS
TOTAL MONTH: 0.0 INCH 5 = HAIL
GRTST 24HR 0.0 6 = FREEZING RAIN OR DRIZZLE
GRTST DEPTH: 0 7 = DUSTSTORM OR SANDSTORM:
VSBY 1/2 MILE OR LESS
8 = SMOKE OR HAZE
[NO. OF DAYS WITH] [WEATHER - DAYS WITH] 9 = BLOWING SNOW
X = TORNADO
MAX 32 OR BELOW: 0 0.01 INCH OR MORE: 9
MAX 90 OR ABOVE: 5 0.10 INCH OR MORE: 6
MIN 32 OR BELOW: 0 0.50 INCH OR MORE: 2
MIN 0 OR BELOW: 0 1.00 INCH OR MORE: 1
[HDD (BASE 65) ]
TOTAL THIS MO. 107 CLEAR (SCALE 0-3) 21
DPTR FM NORMAL -13 PTCLDY (SCALE 4-7) 8
TOTAL FM JUL 1 7607 CLOUDY (SCALE 8-10) 1
DPTR FM NORMAL -237
[CDD (BASE 65) ]
TOTAL THIS MO. 69
DPTR FM NORMAL 5 [PRESSURE DATA]
TOTAL FM JAN 1 111 HIGHEST SLP 30.33 ON 19
DPTR FM NORMAL 31 LOWEST SLP 29.64 ON 16
[REMARKS]
#FINAL-06-22#