000
CXUS53 KAPX 010732
CF6APX
PRELIMINARY LOCAL CLIMATOLOGICAL DATA (WS FORM: F-6)
STATION: GAYLORD WFO
MONTH: MARCH
YEAR: 2022
LATITUDE: 45 4 N
LONGITUDE: 84 43 W
TEMPERATURE IN F: :PCPN: SNOW: WIND :SUNSHINE: SKY :PK WND
================================================================================
1 2 3 4 5 6A 6B 7 8 9 10 11 12 13 14 15 16 17 18
12Z AVG MX 2MIN
DY MAX MIN AVG DEP HDD CDD WTR SNW DPTH SPD SPD DIR MIN PSBL S-S WX SPD DR
================================================================================
1 29 16 23 0 42 0 T T 12 M M M M M M M M
2 28 11 20 -4 45 0 0.14 2.3 12 M M M M M M M M
3 23 7 15 -9 50 0 0.00 0.0 13 M M M M M M M M
4 32 7 20 -4 45 0 0.00 0.0 13 M M M M M M M M
5 40 26 33 8 32 0 0.98 0.0 12 M M M M M M M M
6 47 27 37 12 28 0 0.26 T 10 M M M M M M M M
7 29 16 23 -2 42 0 0.36 6.0 10 M M M M M M M M
8 36 14 25 -1 40 0 0.00 0.0 13 M M M M M M M M
9 31 20 26 0 39 0 T T 11 M M M M M M M M
10 25 13 19 -7 46 0 T T 11 M M M M M M M M
11 29 10 20 -7 45 0 0.05 0.8 11 M M M M M M 9 M M
12 15 7 11 -16 54 0 0.13 0.2 12 M M M M M M M M
13 28 8 18 -9 47 0 0.02 0.3 12 M M M M M M M M
14 35 21 28 0 37 0 0.07 0.8 12 M M M M M M M M
15 46 26 36 8 29 0 0.00 0.0 13 M M M M M M M M
16 56 32 44 16 21 0 0.00 0.0 10 M M M M M M M M
17 58 36 47 18 18 0 0.00 0.0 5 M M M M M M M M
18 36 32 34 5 31 0 0.24 T 2 M M M M M M M M
19 35 31 33 3 32 0 0.42 0.3 1 M M M M M M M M
20 50 29 40 10 25 0 0.00 0.0 1 M M M M M M M M
21 41 32 37 7 28 0 0.15 0.5 T M M M M M M M M
22 36 30 33 2 32 0 T T T M M M M M M M M
23 35 30 33 2 32 0 0.72 T T M M M M M M 6 M M
24 33 31 32 1 33 0 0.54 1.6 T M M M M M M 6 M M
25 44 28 36 4 29 0 T T 1 M M M M M M M M
26 34 18 26 -6 39 0 0.02 0.5 T M M M M M M M M
27 18 13 16 -17 49 0 0.03 0.4 T M M M M M M M M
28 22 7 15 -18 50 0 T T T M M M M M M M M
29 41 9 25 -8 40 0 0.00 0.0 T M M M M M M M M
30 36 28 32 -2 33 0 0.75 T T M M M M M M M M
31 38 27 33 -1 32 0 0.81 0.5 T M M M M M M M M
================================================================================
SM 1086 642 1145 0 5.69 14.2 M M M
================================================================================
AV 35.0 20.7 M FASTST M M M MAX(MPH)
MISC ----> M M M M
================================================================================
NOTES:
# LAST OF SEVERAL OCCURRENCES
COLUMN 17 PEAK WIND IN M.P.H.
PRELIMINARY LOCAL CLIMATOLOGICAL DATA (WS FORM: F-6) , PAGE 2
STATION: GAYLORD WFO
MONTH: MARCH
YEAR: 2022
LATITUDE: 45 4 N
LONGITUDE: 84 43 W
[TEMPERATURE DATA] [PRECIPITATION DATA] SYMBOLS USED IN COLUMN 16
AVERAGE MONTHLY: 27.9 TOTAL FOR MONTH: 5.69 1 = FOG OR MIST
DPTR FM NORMAL: -0.7 DPTR FM NORMAL: 3.43 2 = FOG REDUCING VISIBILITY
HIGHEST: 58 ON 17 GRTST 24HR 0.98 ON 5- 5 TO 1/4 MILE OR LESS
LOWEST: 7 ON 28,12 3 = THUNDER
SNOW, ICE PELLETS, HAIL 4 = ICE PELLETS
TOTAL MONTH: 14.2 INCHES 5 = HAIL
GRTST 24HR 6.0 ON 7- 7 6 = FREEZING RAIN OR DRIZZLE
GRTST DEPTH: 13 ON 15, 8 7 = DUSTSTORM OR SANDSTORM:
VSBY 1/2 MILE OR LESS
8 = SMOKE OR HAZE
[NO. OF DAYS WITH] [WEATHER - DAYS WITH] 9 = BLOWING SNOW
X = TORNADO
MAX 32 OR BELOW: 12 0.01 INCH OR MORE: 17
MAX 90 OR ABOVE: 0 0.10 INCH OR MORE: 12
MIN 32 OR BELOW: 30 0.50 INCH OR MORE: 5
MIN 0 OR BELOW: 0 1.00 INCH OR MORE: 0
[HDD (BASE 65) ]
TOTAL THIS MO. 1145 CLEAR (SCALE 0-3) 0
DPTR FM NORMAL 14 PTCLDY (SCALE 4-7) 0
TOTAL FM JUL 1 6619 CLOUDY (SCALE 8-10) 31
DPTR FM NORMAL -329
[CDD (BASE 65) ]
TOTAL THIS MO. 0
DPTR FM NORMAL -1 [PRESSURE DATA]
TOTAL FM JAN 1 0 HIGHEST SLP M ON M
DPTR FM NORMAL -1 LOWEST SLP M ON M
[REMARKS]
#FINAL-03-22#