000
CXUS54 KHGX 011515
CF6ARM
PRELIMINARY LOCAL CLIMATOLOGICAL DATA (WS FORM: F-6)
STATION: Wharton
MONTH: OCTOBER
YEAR: 2020
LATITUDE: 29 15 N
LONGITUDE: 96 9 W
TEMPERATURE IN F: :PCPN: SNOW: WIND :SUNSHINE: SKY :PK WND
================================================================================
1 2 3 4 5 6A 6B 7 8 9 10 11 12 13 14 15 16 17 18
12Z AVG MX 2MIN
DY MAX MIN AVG DEP HDD CDD WTR SNW DPTH SPD SPD DIR MIN PSBL S-S WX SPD DR
================================================================================
1 87 54 71 M 0 6 0.00 0.0 0 1.3 7 280 M M 0 M M
2 82 56 69 M 0 4 0.00 0.0 0 3.3 8 40 M M 0 M M
3 85 53 69 M 0 4 0.00 0.0 0 3.5 8 140 M M 0 M M
4 87 56 72 M 0 7 0.00 0.0 0 1.3 5 60 M M 1 1 M M
5 86 61 74 M 0 9 0.00 0.0 0 2.3 6 120 M M 1 M M
6 87 60 74 M 0 9 0.00 0.0 0 2.5 8 20 M M 2 128 M M
7 87 56 72 M 0 7 0.00 0.0 0 3.7 8 30 M M 2 128 M M
8 86 69 78 M 0 13 0.01 0.0 0 5.4 15 50 M M 6 18 50
9 85 68 77 M 0 12 0.00 0.0 0 11.8 22 340 M M 8 29 360
10 93 64 79 M 0 14 0.00 0.0 0 3.4 9 200 M M 1 1 M M
11 92 71 82 M 0 17 0.00 0.0 0 8.0 14 180 M M 5 12 20 160
12 92 66 79 M 0 14 0.00 0.0 0 3.6 10 300 M M 5 12 20 300
13 90 62 76 M 0 11 0.00 0.0 0 3.8 6 110 M M 1 1 M M
14 90 68 79 M 0 14 0.00 0.0 0 4.5 13 180 M M 6 12 M M
15 91 67 79 M 0 14 0.00 0.0 0 7.8 18 350 M M 4 1 18 190
16 68 55 62 M 3 0 0.65 0.0 0 9.4 15 20 M M 10 25 10
17 84 61 73 M 0 8 0.00 0.0 0 7.0 14 150 M M 6 17 140
18 87 67 77 M 0 12 0.00 0.0 0 7.6 15 160 M M 3 1 22 160
19 89 73 81 M 0 16 0.00 0.0 0 7.4 17 170 M M 5 123 22 170
20 89 68 79 M 0 14 0.00 0.0 0 5.2 10 140 M M 3 1 M M
21 88 69 79 M 0 14 0.00 0.0 0 5.0 13 110 M M 6 18 18 110
22 88 71 80 M 0 15 0.00 0.0 0 6.4 16 140 M M 6 18 17 160
23 90 55 73 M 0 8 0.00 0.0 0 6.9 20 350 M M 6 128 28 350
24 70 53 62 M 3 0 0.00 0.0 0 9.7 17 350 M M 8 24 350
25 81 62 72 M 0 7 0.00 0.0 0 5.5 16 130 M M 9 16 140
26 85 55 70 M 0 5 0.00 0.0 0 10.4 17 340 M M 9 23 120
27 67 49 58 M 7 0 0.06 0.0 0 12.6 16 350 M M 10 1 21 350
28 59 43 51 M 14 0 0.05 0.0 0 11.6 18 320 M M 6 1 23 320
29 65 42 54 M 11 0 0.00 0.0 0 9.9 20 330 M M 1 27 330
30 68 42 55 M 10 0 0.00 0.0 0 2.8 6 70 M M 0 16 360
31 76 40 58 M 7 0 0.00 0.0 0 1.2 5 120 M M 0 M M
================================================================================
SM 2574 1836 55 254 0.77 0.0 184.8 M 130
================================================================================
AV 83.0 59.2 6.0 FASTST M M 4 MAX(MPH)
MISC ----> # 22 340 # 29 360
================================================================================
NOTES:
# LAST OF SEVERAL OCCURRENCES
COLUMN 17 PEAK WIND IN M.P.H.
PRELIMINARY LOCAL CLIMATOLOGICAL DATA (WS FORM: F-6) , PAGE 2
STATION: Wharton
MONTH: OCTOBER
YEAR: 2020
LATITUDE: 29 15 N
LONGITUDE: 96 9 W
[TEMPERATURE DATA] [PRECIPITATION DATA] SYMBOLS USED IN COLUMN 16
AVERAGE MONTHLY: 71.1 TOTAL FOR MONTH: 0.77 1 = FOG OR MIST
DPTR FM NORMAL: M DPTR FM NORMAL: M 2 = FOG REDUCING VISIBILITY
HIGHEST: 93 ON 10 GRTST 24HR 0.65 ON 16-16 TO 1/4 MILE OR LESS
LOWEST: 40 ON 31 3 = THUNDER
SNOW, ICE PELLETS, HAIL 4 = ICE PELLETS
TOTAL MONTH: 0.0 INCH 5 = HAIL
GRTST 24HR 0.0 6 = FREEZING RAIN OR DRIZZLE
GRTST DEPTH: 0 7 = DUSTSTORM OR SANDSTORM:
VSBY 1/2 MILE OR LESS
8 = SMOKE OR HAZE
[NO. OF DAYS WITH] [WEATHER - DAYS WITH] 9 = BLOWING SNOW
X = TORNADO
MAX 32 OR BELOW: 0 0.01 INCH OR MORE: 4
MAX 90 OR ABOVE: 7 0.10 INCH OR MORE: 1
MIN 32 OR BELOW: 0 0.50 INCH OR MORE: 1
MIN 0 OR BELOW: 0 1.00 INCH OR MORE: 0
[HDD (BASE 65) ]
TOTAL THIS MO. 55 CLEAR (SCALE 0-3) 13
DPTR FM NORMAL M PTCLDY (SCALE 4-7) 13
TOTAL FM JUL 1 55 CLOUDY (SCALE 8-10) 5
DPTR FM NORMAL M
[CDD (BASE 65) ]
TOTAL THIS MO. 254
DPTR FM NORMAL M [PRESSURE DATA]
TOTAL FM JAN 1 3037 HIGHEST SLP M ON M
DPTR FM NORMAL M LOWEST SLP M ON M
[REMARKS]
#FINAL-10-20#