000
CXUS51 KBUF 012049
CLMART
CLIMATE REPORT
NATIONAL WEATHER SERVICE BUFFALO NY
349 PM EST FRI MAR 01 2024
...................................
...THE WATERTOWN NY CLIMATE SUMMARY FOR THE MONTH OF FEBRUARY 2024...
CLIMATE NORMAL PERIOD: 1991 TO 2020
CLIMATE RECORD PERIOD: 1949 TO 2024
WEATHER OBSERVED NORMAL DEPART LAST YEAR`S
VALUE DATE(S) VALUE FROM VALUE DATE(S)
NORMAL
................................................................
TEMPERATURE (F)
RECORD
HIGH 69 02/27/2024
02/27/2024
LOW -37 02/14/2016
HIGHEST 69R 02/27 62 02/15
LOWEST -7 02/19 -33 02/04
AVG. MAXIMUM 40.0 31.4 8.6 37.1
AVG. MINIMUM 20.2 10.7 9.5 14.7
MEAN 30.1 21.1 9.0 25.9
DAYS MAX >= 90 0 0.0 0.0 0
DAYS MAX <= 32 7 14.4 -7.4 7
DAYS MIN <= 32 24 26.0 -2.0 25
DAYS MIN <= 0 1 7.1 -6.1 4
PRECIPITATION (INCHES)
RECORD
MAXIMUM 5.48 1971
MINIMUM 0.25 1978
TOTALS 1.18 2.18 -1.00 2.11
DAYS >= .01 8 13.7 -5.7 17
DAYS >= .10 3 6.0 -3.0 5
DAYS >= .50 1 1.1 -0.1 1
DAYS >= 1.00 0 0.2 -0.2 1
GREATEST
24 HR. TOTAL 0.52 02/28 TO 02/28 1.15 02/09 TO 02/10
DEGREE DAYS
HEATING TOTAL 1005 1230 -225 1088
SINCE 7/1 4463 5445 -982 MM
COOLING TOTAL 0 0 0 0
SINCE 1/1 0 0 0 MM
................................................................
WIND (MPH)
AVERAGE WIND SPEED 8.5
HIGHEST WIND SPEED/DIRECTION 39/270
HIGHEST GUST SPEED/DIRECTION 58/250 DATE 02/28
SKY COVER
POSSIBLE SUNSHINE (PERCENT) MM
AVERAGE SKY COVER 0.56
NUMBER OF DAYS FAIR 10
NUMBER OF DAYS PC 8
NUMBER OF DAYS CLOUDY 11
AVERAGE RH (PERCENT) 67
WEATHER CONDITIONS. NUMBER OF DAYS WITH
THUNDERSTORM 1 MIXED PRECIP 0
HEAVY RAIN 1 RAIN 1
LIGHT RAIN 6 FREEZING RAIN 0
LT FREEZING RAIN 0 HAIL 0
HEAVY SNOW 2 SNOW 3
LIGHT SNOW 9 SLEET 0
FOG 11 FOG W/VIS <= 1/4 MILE 2
HAZE 6
- INDICATES NEGATIVE NUMBERS.
R INDICATES RECORD WAS SET OR TIED.
MM INDICATES DATA IS MISSING.
T INDICATES TRACE AMOUNT.
$$