000
CXUS53 KARX 020404
CF6ARX
PRELIMINARY LOCAL CLIMATOLOGICAL DATA (WS FORM: F-6)
STATION: La Crosse Weather Office WI
MONTH: AUGUST
YEAR: 2020
LATITUDE: 43 49 N
LONGITUDE: 91 12 W
TEMPERATURE IN F: :PCPN: SNOW: WIND :SUNSHINE: SKY :PK WND
================================================================================
1 2 3 4 5 6A 6B 7 8 9 10 11 12 13 14 15 16 17 18
12Z AVG MX 2MIN
DY MAX MIN AVG DEP HDD CDD WTR SNW DPTH SPD SPD DIR MIN PSBL S-S WX SPD DR
================================================================================
1 80 60 70 0 0 5 0.00 0.0 0 M M M M M M 14 M
2 67 55 61 -9 4 0 0.00 0.0 0 M M M M M M 22 M
3 68 50 59 -11 6 0 0.00 0.0 0 M M M M M M 22 20
4 71 51 61 -9 4 0 0.00 0.0 0 M M M M M M 16 40
5 76 55 66 -4 0 1 0.00 0.0 0 M M M M M M 15 M
6 77 60 69 -1 0 4 0.00 0.0 0 M M M M M M 14 M
7 80 63 72 2 0 7 0.00 0.0 0 M M M M M M 24 M
8 84 68 76 6 0 11 0.07 0.0 0 M M M M M M 3 26 M
9 79 70 75 5 0 10 0.02 0.0 0 M M M M M M 26 M
10 77 61 69 -1 0 4 0.26 0.0 0 M M M M M M 3 27 M
11 81 55 68 -2 0 3 0.00 0.0 0 M M M M M M 10 M
12 80 61 71 1 0 6 0.00 0.0 0 M M M M M M 20 M
13 84 65 75 5 0 10 0.00 0.0 0 M M M M M M 18 M
14 83 63 73 4 0 8 0.52 0.0 0 M M M M M M 138 38 M
15 73 60 67 -2 0 2 0.01 0.0 0 M M M M M M 18 M
16 80 56 68 -1 0 3 0.00 0.0 0 M M M M M M 18 M
17 76 60 68 -1 0 3 0.00 0.0 0 M M M M M M 18 M
18 75 55 65 -4 0 0 0.00 0.0 0 M M M M M M 13 M
19 80 58 69 0 0 4 0.00 0.0 0 M M M M M M 22 M
20 80 61 71 2 0 6 0.00 0.0 0 M M M M M M 20 M
21 83 63 73 4 0 8 T 0.0 0 M M M M M M 3 20 M
22 82 64 73 5 0 8 0.02 0.0 0 M M M M M M 23 M
23 87 66 77 9 0 12 0.00 0.0 0 M M M M M M 23 M
24 87 68 78 10 0 13 0.00 0.0 0 M M M M M M 13 M
25 90 67 79 11 0 14 T 0.0 0 M M M M M M 20 M
26 89 71 80 12 0 15 0.00 0.0 0 M M M M M M 29 M
27 90 68 79 11 0 14 0.02 0.0 0 M M M M M M 3 24 M
28 83 66 75 8 0 10 0.68 0.0 0 M M M M M M 3 25 M
29 74 58 66 -1 0 1 0.00 0.0 0 M M M M M M 25 M
30 75 54 65 -2 0 0 0.00 0.0 0 M M M M M M 23 M
31 71 57 64 -3 1 0 1.24 0.0 0 M M M M M M 3 25 M
================================================================================
SM 2462 1889 15 182 2.84 0.0 M M M
================================================================================
AV 79.4 60.9 M FASTST M M 0 MAX(MPH)
MISC ----> M M 38 M
================================================================================
NOTES:
# LAST OF SEVERAL OCCURRENCES
COLUMN 17 PEAK WIND IN M.P.H.
PRELIMINARY LOCAL CLIMATOLOGICAL DATA (WS FORM: F-6) , PAGE 2
STATION: La Crosse Weather Office WI
MONTH: AUGUST
YEAR: 2020
LATITUDE: 43 49 N
LONGITUDE: 91 12 W
[TEMPERATURE DATA] [PRECIPITATION DATA] SYMBOLS USED IN COLUMN 16
AVERAGE MONTHLY: 70.2 TOTAL FOR MONTH: 2.84 1 = FOG OR MIST
DPTR FM NORMAL: 1.2 DPTR FM NORMAL: -1.79 2 = FOG REDUCING VISIBILITY
HIGHEST: 90 ON 27,25 GRTST 24HR 1.24 ON 31-31 TO 1/4 MILE OR LESS
LOWEST: 50 ON 3 3 = THUNDER
SNOW, ICE PELLETS, HAIL 4 = ICE PELLETS
TOTAL MONTH: 0.0 INCH 5 = HAIL
GRTST 24HR 0.0 6 = FREEZING RAIN OR DRIZZLE
GRTST DEPTH: 0 7 = DUSTSTORM OR SANDSTORM:
VSBY 1/2 MILE OR LESS
8 = SMOKE OR HAZE
[NO. OF DAYS WITH] [WEATHER - DAYS WITH] 9 = BLOWING SNOW
X = TORNADO
MAX 32 OR BELOW: 0 0.01 INCH OR MORE: 9
MAX 90 OR ABOVE: 2 0.10 INCH OR MORE: 4
MIN 32 OR BELOW: 0 0.50 INCH OR MORE: 3
MIN 0 OR BELOW: 0 1.00 INCH OR MORE: 1
[HDD (BASE 65) ]
TOTAL THIS MO. 15 CLEAR (SCALE 0-3) 0
DPTR FM NORMAL -9 PTCLDY (SCALE 4-7) 0
TOTAL FM JUL 1 21 CLOUDY (SCALE 8-10) 0
DPTR FM NORMAL -15
[CDD (BASE 65) ]
TOTAL THIS MO. 182
DPTR FM NORMAL 35 [PRESSURE DATA]
TOTAL FM JAN 1 605 HIGHEST SLP M ON M
DPTR FM NORMAL 149 LOWEST SLP M ON M
[REMARKS]
#FINAL-08-20#