000
CXUS55 KGJT 010910
CF6ASE
PRELIMINARY LOCAL CLIMATOLOGICAL DATA (WS FORM: F-6)
STATION: ASPEN CO
MONTH: MARCH
YEAR: 2023
LATITUDE: 39 13 N
LONGITUDE: 106 52 W
TEMPERATURE IN F: :PCPN: SNOW: WIND :SUNSHINE: SKY :PK WND
================================================================================
1 2 3 4 5 6A 6B 7 8 9 10 11 12 13 14 15 16 17 18
12Z AVG MX 2MIN
DY MAX MIN AVG DEP HDD CDD WTR SNW DPTH SPD SPD DIR MIN PSBL S-S WX SPD DR
================================================================================
1 33 7 20 -9 45 0 T M M 3.4 18 180 M M 9 18 24 190
2 34 5 20 -9 45 0 T M M 6.0 15 320 M M 4 20 320
3 31 11 21 -8 44 0 0.02 M M 6.2 20 330 M M 8 18 31 340
4 37 7 22 -8 43 0 T M M 7.9 35 230 M M 5 18 55 230
5 38 15 27 -3 38 0 T M M 6.1 28 220 M M 6 50 220
6 45 17 31 1 34 0 0.00 M M 7.5 22 210 M M 0 36 200
7 43 16 30 -1 35 0 0.00 M M 7.1 24 240 M M 0 37 200
8 42 16 29 -2 36 0 0.00 M M 7.4 30 230 M M 3 48 220
9 40 18 29 -2 36 0 0.00 M M 5.8 20 220 M M 2 29 340
10 38 18 28 -4 37 0 0.23 M M 4.0 26 170 M M 9 1 34 180
11 39 27 33 1 32 0 0.23 M M 4.8 18 340 M M 9 1 29 330
12 39 27 33 1 32 0 0.19 M M 2.0 15 320 M M 10 128 18 340
13 42 24 33 0 32 0 T M M 4.5 12 330 M M 6 18 20 330
14 47 19 33 0 32 0 0.00 M M 6.6 16 170 M M 3 23 150
15 44 31 38 5 27 0 0.11 M M 4.0 12 10 M M 10 1 20 360
16 33 18 26 -8 39 0 0.12 M M 4.5 13 300 M M 9 18 20 340
17 32 7 20 -14 45 0 0.00 M M 6.3 13 270 M M 1 22 290
18 35 3 19 -15 46 0 0.00 M M 7.0 13 180 M M 0 19 180
19 40 6 23 -12 42 0 0.00 M M 5.5 14 40 M M 1 20 10
20 40 22 31 -4 34 0 T M M 3.5 16 170 M M 10 18 19 130
21 36 16 26 -9 39 0 0.13 M M 2.7 14 340 M M 9 1 21 170
22 34 19 27 -8 38 0 0.46 M M 4.6 20 340 M M 10 12 28 320
23 37 17 27 -9 38 0 0.01 M M 6.0 18 320 M M 7 18 26 330
24 37 10 24 -12 41 0 0.05 M M 7.9 22 330 M M 7 18 37 310
25 23 4 14 -22 51 0 T M M 5.9 22 350 M M 8 189 33 360
26 29 0 15 -21 50 0 0.06 M M 6.0 16 330 M M 6 18 23 330
27 24 1 13 -24 52 0 0.05 M M 7.8 21 330 M M 6 18 30 360
28 42 -6 18 -19 47 0 0.00 M M 4.8 13 190 M M 3 16 210
29 51 19 35 -2 30 0 0.00 M M 8.6 24 180 M M 0 32 180
30 43 23 33 -5 32 0 0.07 M M 7.5 25 190 M M 8 128 38 160
31 33 19 26 -12 39 0 0.04 M M 9.0 21 360 M M 10 18 29 350
================================================================================
SM 1161 436 1211 0 1.77 M 180.9 M 179
================================================================================
AV 37.5 14.1 5.8 FASTST M M 6 MAX(MPH)
MISC ----> 35 230 55 230
================================================================================
NOTES:
# LAST OF SEVERAL OCCURRENCES
COLUMN 17 PEAK WIND IN M.P.H.
PRELIMINARY LOCAL CLIMATOLOGICAL DATA (WS FORM: F-6) , PAGE 2
STATION: ASPEN CO
MONTH: MARCH
YEAR: 2023
LATITUDE: 39 13 N
LONGITUDE: 106 52 W
[TEMPERATURE DATA] [PRECIPITATION DATA] SYMBOLS USED IN COLUMN 16
AVERAGE MONTHLY: 25.8 TOTAL FOR MONTH: 1.77 1 = FOG OR MIST
DPTR FM NORMAL: -7.7 DPTR FM NORMAL: 0.74 2 = FOG REDUCING VISIBILITY
HIGHEST: 51 ON 29 GRTST 24HR 0.57 ON 21-22 TO 1/4 MILE OR LESS
LOWEST: -6 ON 28 3 = THUNDER
SNOW, ICE PELLETS, HAIL 4 = ICE PELLETS
TOTAL MONTH: M 5 = HAIL
GRTST 24HR M ON M 6 = FREEZING RAIN OR DRIZZLE
GRTST DEPTH: M ON M 7 = DUSTSTORM OR SANDSTORM:
VSBY 1/2 MILE OR LESS
8 = SMOKE OR HAZE
[NO. OF DAYS WITH] [WEATHER - DAYS WITH] 9 = BLOWING SNOW
X = TORNADO
MAX 32 OR BELOW: 5 0.01 INCH OR MORE: 14
MAX 90 OR ABOVE: 0 0.10 INCH OR MORE: 7
MIN 32 OR BELOW: 31 0.50 INCH OR MORE: 0
MIN 0 OR BELOW: 2 1.00 INCH OR MORE: 0
[HDD (BASE 65) ]
TOTAL THIS MO. 1211 CLEAR (SCALE 0-3) 9
DPTR FM NORMAL 234 PTCLDY (SCALE 4-7) 10
TOTAL FM JUL 1 7270 CLOUDY (SCALE 8-10) 12
DPTR FM NORMAL 476
[CDD (BASE 65) ]
TOTAL THIS MO. 0
DPTR FM NORMAL 0 [PRESSURE DATA]
TOTAL FM JAN 1 0 HIGHEST SLP M ON M
DPTR FM NORMAL 0 LOWEST SLP 29.38 ON 30
[REMARKS]
#FINAL-03-23#