000
CXUS55 KGJT 011000
CF6ASE
PRELIMINARY LOCAL CLIMATOLOGICAL DATA (WS FORM: F-6)
STATION: ASPEN CO
MONTH: OCTOBER
YEAR: 2020
LATITUDE: 39 13 N
LONGITUDE: 106 52 W
TEMPERATURE IN F: :PCPN: SNOW: WIND :SUNSHINE: SKY :PK WND
================================================================================
1 2 3 4 5 6A 6B 7 8 9 10 11 12 13 14 15 16 17 18
12Z AVG MX 2MIN
DY MAX MIN AVG DEP HDD CDD WTR SNW DPTH SPD SPD DIR MIN PSBL S-S WX SPD DR
================================================================================
1 71 34 53 5 12 0 0.00 M M 6.7 14 340 M M 0 8 21 350
2 70 34 52 5 13 0 0.00 M M 6.9 16 360 M M 1 24 350
3 70 33 52 5 13 0 0.00 M M 7.2 16 330 M M 0 23 310
4 73 31 52 6 13 0 0.00 M M 7.3 17 360 M M 0 26 10
5 72 34 53 7 12 0 0.00 M M 7.8 18 330 M M 0 26 330
6 76 33 55 9 10 0 0.00 M M 6.1 12 210 M M 0 17 350
7 78 35 57 12 8 0 0.00 M M 7.3 15 320 M M 0 21 330
8 76 34 55 10 10 0 0.00 M M 7.2 17 360 M M 0 25 340
9 75 37 56 11 9 0 0.00 M M 7.4 15 350 M M 0 22 10
10 74 39 57 13 8 0 0.00 M M 5.8 18 230 M M 1 28 250
11 59 31 45 1 20 0 T M M 8.9 26 330 M M 4 18 43 160
12 63 24 44 0 21 0 0.00 M M 6.9 21 360 M M 0 32 350
13 71 31 51 8 14 0 0.00 M M 6.9 20 320 M M 0 30 330
14 71 35 53 10 12 0 0.00 M M 10.2 30 340 M M 1 51 340
15 55 26 41 -2 24 0 0.00 M M 7.4 18 320 M M 0 25 330
16 62 22 42 0 23 0 0.00 M M 6.1 16 320 M M 0 26 320
17 63 26 45 3 20 0 0.00 M M 9.1 22 360 M M 0 33 330
18 67 34 51 9 14 0 0.00 M M 8.4 23 350 M M 0 34 350
19 67 34 51 10 14 0 0.00 M M 7.0 17 350 M M 0 26 360
20 67 32 50 9 15 0 0.00 M M 7.5 17 360 M M 0 26 360
21 69 33 51 11 14 0 0.00 M M 6.1 17 230 M M 0 8 31 210
22 68 35 52 12 13 0 0.00 M M 7.9 22 240 M M 1 38 320
23 58 21 40 0 25 0 0.00 M M 5.2 16 330 M M 1 8 21 330
24 65 30 48 9 17 0 0.00 M M 7.0 21 320 M M 2 36 340
25 57 15 36 -3 29 0 0.44 M M 9.5 26 170 M M 8 128 38 150
26 19 2 11 -27 54 0 0.10 M M M M M M M 9 18 M M
27 30 -5 13 -25 52 0 0.00 M M 4.7 9 210 M M 0 12 210
28 42 8 25 -13 40 0 0.00 M M 4.8 12 20 M M 0 16 20
29 52 19 36 -1 29 0 0.00 M M 5.6 10 210 M M 0 13 210
30 55 22 39 2 26 0 0.00 M M 5.6 13 330 M M 0 16 320
31 55 24 40 4 25 0 0.00 M M 6.3 14 360 M M 0 20 20
================================================================================
SM 1950 843 609 0 0.54 M 210.8 M 28
================================================================================
AV 62.9 27.2 7.0 FASTST M M 1 MAX(MPH)
MISC ----> # 30 340 # 51 340
================================================================================
NOTES:
# LAST OF SEVERAL OCCURRENCES
COLUMN 17 PEAK WIND IN M.P.H.
PRELIMINARY LOCAL CLIMATOLOGICAL DATA (WS FORM: F-6) , PAGE 2
STATION: ASPEN CO
MONTH: OCTOBER
YEAR: 2020
LATITUDE: 39 13 N
LONGITUDE: 106 52 W
[TEMPERATURE DATA] [PRECIPITATION DATA] SYMBOLS USED IN COLUMN 16
AVERAGE MONTHLY: 45.1 TOTAL FOR MONTH: 0.54 1 = FOG OR MIST
DPTR FM NORMAL: 2.8 DPTR FM NORMAL: -0.93 2 = FOG REDUCING VISIBILITY
HIGHEST: 78 ON 7 GRTST 24HR 0.44 ON 25-25 TO 1/4 MILE OR LESS
LOWEST: -5 ON 27 3 = THUNDER
SNOW, ICE PELLETS, HAIL 4 = ICE PELLETS
TOTAL MONTH: M 5 = HAIL
GRTST 24HR M ON M 6 = FREEZING RAIN OR DRIZZLE
GRTST DEPTH: M ON M 7 = DUSTSTORM OR SANDSTORM:
VSBY 1/2 MILE OR LESS
8 = SMOKE OR HAZE
[NO. OF DAYS WITH] [WEATHER - DAYS WITH] 9 = BLOWING SNOW
X = TORNADO
MAX 32 OR BELOW: 2 0.01 INCH OR MORE: 2
MAX 90 OR ABOVE: 0 0.10 INCH OR MORE: 2
MIN 32 OR BELOW: 17 0.50 INCH OR MORE: 0
MIN 0 OR BELOW: 1 1.00 INCH OR MORE: 0
[HDD (BASE 65) ]
TOTAL THIS MO. 609 CLEAR (SCALE 0-3) 28
DPTR FM NORMAL -99 PTCLDY (SCALE 4-7) 2
TOTAL FM JUL 1 902 CLOUDY (SCALE 8-10) 1
DPTR FM NORMAL -353
[CDD (BASE 65) ]
TOTAL THIS MO. 0
DPTR FM NORMAL 0 [PRESSURE DATA]
TOTAL FM JAN 1 135 HIGHEST SLP M ON M
DPTR FM NORMAL 96 LOWEST SLP 29.27 ON 25
[REMARKS]
#FINAL-10-20#