000
CXUS53 KGRB 011828
CF6ATW
PRELIMINARY LOCAL CLIMATOLOGICAL DATA (WS FORM: F-6)
STATION: APPLETON WI
MONTH: OCTOBER
YEAR: 2021
LATITUDE: 44 16 N
LONGITUDE: 88 31 W
TEMPERATURE IN F: :PCPN: SNOW: WIND :SUNSHINE: SKY :PK WND
================================================================================
1 2 3 4 5 6A 6B 7 8 9 10 11 12 13 14 15 16 17 18
12Z AVG MX 2MIN
DY MAX MIN AVG DEP HDD CDD WTR SNW DPTH SPD SPD DIR MIN PSBL S-S WX SPD DR
================================================================================
1 81 55 68 14 0 3 M M M 4.7 10 170 M M 3 M M
2 79 63 71 17 0 6 M M M 5.3 10 250 M M 7 16 250
3 70 61 66 13 0 1 M M M 2.8 7 340 M M 10 1 M M
4 66 59 63 10 2 0 M M M 8.3 14 30 M M 9 1 20 30
5 68 57 63 11 2 0 M M M 6.6 10 30 M M 7 M M
6 73 54 64 12 1 0 M M M 5.6 10 70 M M 4 12 18 70
7 64 55 60 8 5 0 0.02 M M 6.2 12 80 M M 10 1 M M
8 72 61 67 16 0 2 M M M 2.3 8 120 M M 8 1 M M
9 70 59 65 14 0 0 M M M 4.3 8 120 M M 8 12 M M
10 73 63 68 18 0 3 M M M 10.8 17 190 M M 7 27 190
11 64 61 63 13 2 0 0.16 M M 4.7 12 280 M M 10 13 M M
12 63 57 60 10 5 0 0.14 M M 6.0 10 340 M M 9 1 M M
13 64 57 61 12 4 0 M M M 9.5 15 180 M M 10 22 150
14 64 46 55 6 10 0 M M M 9.5 17 230 M M 3 23 230
15 59 39 49 0 16 0 M M M 6.1 10 280 M M 4 M M
16 57 37 47 -1 18 0 M M M 11.6 22 300 M M 3 35 300
17 64 37 51 3 14 0 M M M 11.2 20 290 M M 1 26 290
18 68 39 54 6 11 0 M M M 5.8 10 270 M M 0 20 130
19 72 45 59 12 6 0 M M M 6.3 14 210 M M 3 23 210
20 63 48 56 9 9 0 M M M 8.3 17 60 M M 7 17 80
21 55 36 46 0 19 0 0.02 M M 11.5 20 360 M M 8 1 26 360
22 45 32 39 -7 26 0 M M M 4.7 7 280 M M 7 M M
23 52 34 43 -3 22 0 M M M 4.8 7 270 M M 6 M M
24 54 32 43 -2 22 0 M M M 10.1 18 50 M M 6 28 50
25 48 36 42 -3 23 0 M M M 14.1 21 20 M M 6 30 10
26 52 34 43 -2 22 0 M M M 6.6 12 360 M M 3 M M
27 55 32 44 0 21 0 M M M 7.2 12 110 M M 6 17 110
28 54 45 50 6 15 0 0.04 M M 9.6 17 70 M M 10 1 20 60
29 54 46 50 6 15 0 M M M 16.2 23 20 M M 9 30 30
30 55 41 48 5 17 0 M M M 7.9 14 360 M M 6 20 360
31 50 32 41 -2 24 0 M M M 12.3 22 310 M M 5 33 310
================================================================================
SM 1928 1453 331 15 0.38 M 240.9 M 195
================================================================================
AV 62.2 46.9 7.8 FASTST M M 6 MAX(MPH)
MISC ----> 23 20 35 300
================================================================================
NOTES:
# LAST OF SEVERAL OCCURRENCES
COLUMN 17 PEAK WIND IN M.P.H.
PRELIMINARY LOCAL CLIMATOLOGICAL DATA (WS FORM: F-6) , PAGE 2
STATION: APPLETON WI
MONTH: OCTOBER
YEAR: 2021
LATITUDE: 44 16 N
LONGITUDE: 88 31 W
[TEMPERATURE DATA] [PRECIPITATION DATA] SYMBOLS USED IN COLUMN 16
AVERAGE MONTHLY: 54.5 TOTAL FOR MONTH: 0.38 1 = FOG OR MIST
DPTR FM NORMAL: 6.2 DPTR FM NORMAL: -2.15 2 = FOG REDUCING VISIBILITY
HIGHEST: 81 ON 1 GRTST 24HR 0.16 ON 11-11 TO 1/4 MILE OR LESS
LOWEST: 32 ON 27,24 3 = THUNDER
SNOW, ICE PELLETS, HAIL 4 = ICE PELLETS
TOTAL MONTH: M 5 = HAIL
GRTST 24HR M ON M 6 = FREEZING RAIN OR DRIZZLE
GRTST DEPTH: M ON M 7 = DUSTSTORM OR SANDSTORM:
VSBY 1/2 MILE OR LESS
8 = SMOKE OR HAZE
[NO. OF DAYS WITH] [WEATHER - DAYS WITH] 9 = BLOWING SNOW
X = TORNADO
MAX 32 OR BELOW: 0 0.01 INCH OR MORE: 5
MAX 90 OR ABOVE: 0 0.10 INCH OR MORE: 2
MIN 32 OR BELOW: 4 0.50 INCH OR MORE: 0
MIN 0 OR BELOW: 0 1.00 INCH OR MORE: 0
[HDD (BASE 65) ]
TOTAL THIS MO. 331 CLEAR (SCALE 0-3) 7
DPTR FM NORMAL -189 PTCLDY (SCALE 4-7) 16
TOTAL FM JUL 1 442 CLOUDY (SCALE 8-10) 8
DPTR FM NORMAL -283
[CDD (BASE 65) ]
TOTAL THIS MO. 15
DPTR FM NORMAL 11 [PRESSURE DATA]
TOTAL FM JAN 1 574 HIGHEST SLP M ON M
DPTR FM NORMAL -41 LOWEST SLP M ON M
[REMARKS]
#FINAL-10-21#