000
CXUS51 KGYX 030208
CF6AUG
PRELIMINARY LOCAL CLIMATOLOGICAL DATA (WS FORM: F-6)
STATION: AUGUSTA
MONTH: DECEMBER
YEAR: 2022
LATITUDE: 44 18 N
LONGITUDE: 69 48 W
TEMPERATURE IN F: :PCPN: SNOW: WIND :SUNSHINE: SKY :PK WND
================================================================================
1 2 3 4 5 6A 6B 7 8 9 10 11 12 13 14 15 16 17 18
12Z AVG MX 2MIN
DY MAX MIN AVG DEP HDD CDD WTR SNW DPTH SPD SPD DIR MIN PSBL S-S WX SPD DR
================================================================================
1 44 32 38 6 27 0 T M M 12.3 24 290 M M 5 8 37 270
2 40 29 35 3 30 0 0.00 M M 5.8 18 290 M M 2 27 290
3 54 34 44 12 21 0 0.38 M M 10.6 21 190 M M 8 18 37 180
4 43 25 34 3 31 0 0.00 M M 9.2 21 310 M M 3 30 320
5 45 24 35 4 30 0 0.00 M M 5.9 17 180 M M 0 26 190
6 52 35 44 14 21 0 0.16 M M 6.0 15 140 M M 8 1 19 140
7 51 44 48 18 17 0 1.04 M M 3.8 10 160 M M 10 12 14 160
8 48 32 40 10 25 0 0.00 M M 9.2 17 350 M M 3 12 24 340
9 40 26 33 4 32 0 0.00 M M 14.2 25 340 M M 0 34 350
10 30 18 24 -5 41 0 0.00 M M 13.1 22 20 M M 2 30 30
11 22 14 18 -11 47 0 T M M 7.8 14 20 M M 4 18 30
12 31 17 24 -4 41 0 T M M 8.6 18 340 M M 2 24 340
13 36 16 26 -2 39 0 0.00 M M 7.8 17 340 M M 4 23 310
14 40 18 29 1 36 0 T M M 16.9 33 340 M M 8 46 330
15 42 33 38 11 27 0 0.00 M M 10.8 21 30 M M 10 29 30
16 34 31 33 6 32 0 0.15 M M 12.0 20 20 M M 10 1 24 10
17 34 32 33 6 32 0 0.40 M M 13.5 24 20 M M 10 12 35 30
18 35 28 32 6 33 0 0.01 M M 6.9 12 300 M M 10 1 16 290
19 36 27 32 6 33 0 0.00 M M 9.4 18 290 M M 2 28 320
20 35 28 32 6 33 0 0.00 M M 11.6 24 350 M M 5 35 350
21 32 20 26 0 39 0 0.00 M M 3.1 8 330 M M 6 11 340
22 32 16 24 -1 41 0 0.00 M M 4.7 13 40 M M 4 1 16 30
23 54 30 42 17 23 0 2.16 M M 18.2 37 140 M M 10 13 56 130
24 30 13 22 -3 43 0 0.00 M M 10.0 21 240 M M 2 36 200
25 24 12 18 -6 47 0 0.00 M M 6.5 13 220 M M 4 21 200
26 32 18 25 1 40 0 0.00 M M 6.7 17 280 M M 2 24 290
27 33 19 26 2 39 0 0.00 M M 5.5 16 300 M M 5 24 280
28 31 18 25 1 40 0 T M M 1.8 10 200 M M 7 8 18 180
29 40 25 33 10 32 0 0.00 M M 2.6 9 340 M M 5 11 340
30 51 29 40 17 25 0 0.00 M M 2.9 9 160 M M 2 13 180
31 50 38 44 21 21 0 0.07 M M 4.1 9 180 M M 5 12 14 180
================================================================================
SM 1201 781 1018 0 4.37 M 261.5 M 158
================================================================================
AV 38.7 25.2 8.4 FASTST M M 5 MAX(MPH)
MISC ----> 37 140 56 130
================================================================================
NOTES:
# LAST OF SEVERAL OCCURRENCES
COLUMN 17 PEAK WIND IN M.P.H.
PRELIMINARY LOCAL CLIMATOLOGICAL DATA (WS FORM: F-6) , PAGE 2
STATION: AUGUSTA
MONTH: DECEMBER
YEAR: 2022
LATITUDE: 44 18 N
LONGITUDE: 69 48 W
[TEMPERATURE DATA] [PRECIPITATION DATA] SYMBOLS USED IN COLUMN 16
AVERAGE MONTHLY: 32.0 TOTAL FOR MONTH: 4.37 1 = FOG OR MIST
DPTR FM NORMAL: 4.8 DPTR FM NORMAL: 0.93 2 = FOG REDUCING VISIBILITY
HIGHEST: 54 ON 23, 3 GRTST 24HR 2.16 ON 23-23 TO 1/4 MILE OR LESS
LOWEST: 12 ON 25 3 = THUNDER
SNOW, ICE PELLETS, HAIL 4 = ICE PELLETS
TOTAL MONTH: M 5 = HAIL
GRTST 24HR M ON M 6 = FREEZING RAIN OR DRIZZLE
GRTST DEPTH: M ON M 7 = DUSTSTORM OR SANDSTORM:
VSBY 1/2 MILE OR LESS
8 = SMOKE OR HAZE
[NO. OF DAYS WITH] [WEATHER - DAYS WITH] 9 = BLOWING SNOW
X = TORNADO
MAX 32 OR BELOW: 9 0.01 INCH OR MORE: 8
MAX 90 OR ABOVE: 0 0.10 INCH OR MORE: 6
MIN 32 OR BELOW: 26 0.50 INCH OR MORE: 2
MIN 0 OR BELOW: 0 1.00 INCH OR MORE: 2
[HDD (BASE 65) ]
TOTAL THIS MO. 1018 CLEAR (SCALE 0-3) 10
DPTR FM NORMAL -152 PTCLDY (SCALE 4-7) 14
TOTAL FM JUL 1 2196 CLOUDY (SCALE 8-10) 7
DPTR FM NORMAL -471
[CDD (BASE 65) ]
TOTAL THIS MO. 0
DPTR FM NORMAL 0 [PRESSURE DATA]
TOTAL FM JAN 1 656 HIGHEST SLP 30.58 ON 22
DPTR FM NORMAL 229 LOWEST SLP 28.88 ON 23
[REMARKS]
#FINAL-12-22#