000
CXUS51 KGYX 021346
CF6AUG
PRELIMINARY LOCAL CLIMATOLOGICAL DATA (WS FORM: F-6)
STATION: AUGUSTA
MONTH: APRIL
YEAR: 2021
LATITUDE: 44 18 N
LONGITUDE: 69 48 W
TEMPERATURE IN F: :PCPN: SNOW: WIND :SUNSHINE: SKY :PK WND
================================================================================
1 2 3 4 5 6A 6B 7 8 9 10 11 12 13 14 15 16 17 18
12Z AVG MX 2MIN
DY MAX MIN AVG DEP HDD CDD WTR SNW DPTH SPD SPD DIR MIN PSBL S-S WX SPD DR
================================================================================
1 49 28 39 1 26 0 0.75 M M 14.4 26 350 M M 10 12 37 360
2 38 23 31 -7 34 0 T 0.0 M 9.3 17 330 M M 9 22 320
3 46 20 33 -6 32 0 0.00 0.0 M 6.8 18 340 M M 0 22 330
4 55 22 39 0 26 0 0.01 M M 14.6 36 340 M M 1 1 44 340
5 46 33 40 1 25 0 0.06 M M 18.3 29 340 M M 10 1 37 350
6 55 40 48 8 17 0 T 0.0 M 13.4 23 350 M M 9 28 330
7 61 40 51 11 14 0 0.00 0.0 M 10.0 21 10 M M 9 28 360
8 66 44 55 14 10 0 0.00 0.0 M 6.1 15 20 M M 3 19 80
9 67 39 53 12 12 0 0.00 0.0 M 5.1 14 160 M M 0 21 190
10 78 40 59 17 6 0 0.00 0.0 M 5.3 16 160 M M 2 23 160
11 58 40 49 7 16 0 0.00 0.0 M 5.8 13 60 M M 5 19 60
12 59 44 52 10 13 0 T 0.0 M 12.2 22 50 M M 8 1 29 40
13 63 41 52 9 13 0 0.00 0.0 M 10.2 22 50 M M 5 27 40
14 62 36 49 6 16 0 0.00 0.0 M 5.8 12 30 M M 2 16 330
15 60 33 47 3 18 0 0.00 0.0 M 5.9 16 160 M M 0 22 170
16 38 33 36 -8 29 0 0.44 M M 14.7 24 50 M M 9 1 33 30
17 44 32 38 -7 27 0 0.06 M M 11.7 20 20 M M 10 1 26 30
18 52 37 45 0 20 0 T 0.0 M 6.2 14 320 M M 9 19 360
19 65 38 52 7 13 0 0.00 0.0 M 4.3 15 270 M M 4 24 280
20 66 37 52 6 13 0 T 0.0 M 5.2 18 270 M M 2 1 26 260
21 61 35 48 2 17 0 0.59 0.0 M 7.2 23 350 M M 8 13 28 350
22 36 29 33 -14 32 0 T M M 14.7 28 290 M M 9 16 42 310
23 55 34 45 -2 20 0 0.00 0.0 M 13.7 28 300 M M 2 42 290
24 71 40 56 9 9 0 0.00 0.0 M 8.3 22 270 M M 1 30 270
25 60 41 51 3 14 0 T 0.0 M 3.0 14 190 M M 5 20 170
26 46 38 42 -6 23 0 0.02 0.0 M 14.2 26 330 M M 5 1 39 330
27 65 39 52 3 13 0 0.00 0.0 M 10.7 22 290 M M 0 34 280
28 69 45 57 8 8 0 0.10 0.0 M 3.8 15 210 M M 4 1 25 270
29 54 46 50 1 15 0 0.57 0.0 M 4.2 10 160 M M 10 12 14 200
30 52 42 47 -3 18 0 0.98 0.0 M 9.6 20 10 M M 10 1 26 10
================================================================================
SM 1697 1089 549 0 3.58 0.0 274.7 M 161
================================================================================
AV 56.6 36.3 9.2 FASTST M M 5 MAX(MPH)
MISC ----> 36 340 44 340
================================================================================
NOTES:
# LAST OF SEVERAL OCCURRENCES
COLUMN 17 PEAK WIND IN M.P.H.
PRELIMINARY LOCAL CLIMATOLOGICAL DATA (WS FORM: F-6) , PAGE 2
STATION: AUGUSTA
MONTH: APRIL
YEAR: 2021
LATITUDE: 44 18 N
LONGITUDE: 69 48 W
[TEMPERATURE DATA] [PRECIPITATION DATA] SYMBOLS USED IN COLUMN 16
AVERAGE MONTHLY: 46.4 TOTAL FOR MONTH: 3.58 1 = FOG OR MIST
DPTR FM NORMAL: 2.5 DPTR FM NORMAL: -0.21 2 = FOG REDUCING VISIBILITY
HIGHEST: 78 ON 10 GRTST 24HR 1.51 ON 29-30 TO 1/4 MILE OR LESS
LOWEST: 20 ON 3 3 = THUNDER
SNOW, ICE PELLETS, HAIL 4 = ICE PELLETS
TOTAL MONTH: 0.0 INCH 5 = HAIL
GRTST 24HR 0.0 6 = FREEZING RAIN OR DRIZZLE
GRTST DEPTH: M ON M 7 = DUSTSTORM OR SANDSTORM:
VSBY 1/2 MILE OR LESS
8 = SMOKE OR HAZE
[NO. OF DAYS WITH] [WEATHER - DAYS WITH] 9 = BLOWING SNOW
X = TORNADO
MAX 32 OR BELOW: 0 0.01 INCH OR MORE: 10
MAX 90 OR ABOVE: 0 0.10 INCH OR MORE: 6
MIN 32 OR BELOW: 6 0.50 INCH OR MORE: 4
MIN 0 OR BELOW: 0 1.00 INCH OR MORE: 0
[HDD (BASE 65) ]
TOTAL THIS MO. 549 CLEAR (SCALE 0-3) 10
DPTR FM NORMAL -86 PTCLDY (SCALE 4-7) 9
TOTAL FM JUL 1 6285 CLOUDY (SCALE 8-10) 11
DPTR FM NORMAL -718
[CDD (BASE 65) ]
TOTAL THIS MO. 0
DPTR FM NORMAL 0 [PRESSURE DATA]
TOTAL FM JAN 1 0 HIGHEST SLP 30.27 ON 3
DPTR FM NORMAL 0 LOWEST SLP 29.13 ON 30
[REMARKS]
#FINAL-04-21#