000
CXUS54 KBMX 011010
CF6AUO
PRELIMINARY LOCAL CLIMATOLOGICAL DATA (WS FORM: F-6)
STATION: AUBURN AWOS
MONTH: AUGUST
YEAR: 2022
LATITUDE: 32 34 N
LONGITUDE: 85 30 W
TEMPERATURE IN F: :PCPN: SNOW: WIND :SUNSHINE: SKY :PK WND
================================================================================
1 2 3 4 5 6A 6B 7 8 9 10 11 12 13 14 15 16 17 18
12Z AVG MX 2MIN
DY MAX MIN AVG DEP HDD CDD WTR SNW DPTH SPD SPD DIR MIN PSBL S-S WX SPD DR
================================================================================
1 92 72 82 M 0 17 0.27 0.0 0 5.5 17 50 M M 4 13 22 190
2 89 71 80 M 0 15 0.16 0.0 0 5.8 22 220 M M 6 13 27 220
3 87 70 79 M 0 14 0.00 0.0 0 3.5 9 170 M M 4 1 M M
4 90 72 81 M 0 16 0.00 0.0 0 3.9 10 170 M M 1 M M
5 91 73 82 M 0 17 0.00 0.0 0 3.5 8 180 M M 0 M M
6 94 73 84 M 0 19 0.00 0.0 0 3.9 7 150 M M 1 M M
7 91 72 82 M 0 17 T 0.0 0 5.1 12 160 M M 1 3 16 200
8 89 70 80 M 0 15 1.25 0.0 0 4.2 10 180 M M 4 13 30 190
9 88 69 79 M 0 14 0.01 0.0 0 4.8 9 180 M M 4 128 M M
10 87 71 79 M 0 14 T 0.0 M 5.0 13 140 M M 3 8 30 180
11 88 70 79 M 0 14 0.05 0.0 M 5.2 14 210 M M 7 18 22 180
12 88 72 80 M 0 15 0.06 0.0 0 3.6 8 20 M M 7 1 M M
13 84 67 76 M 0 11 M 0.0 M 5.1 10 70 M M 2 1 M M
14 87 69 78 M 0 13 0.00 0.0 0 4.8 8 130 M M 1 M M
15 92 72 82 M 0 17 0.10 0.0 0 5.8 23 290 M M 3 3 37 280
16 90 69 80 M 0 15 0.01 0.0 0 5.2 13 320 M M 0 20 320
17 80 71 76 M 0 11 0.05 0.0 0 4.6 9 310 M M 7 M M
18 81 72 77 M 0 12 T 0.0 0 4.5 10 40 M M 8 8 M M
19 84 72 78 M 0 13 0.06 0.0 0 5.1 13 190 M M 7 18 M M
20 89 70 80 M 0 15 0.48 0.0 0 4.3 21 220 M M 4 13 29 220
21 84 71 78 M 0 13 0.01 0.0 0 6.0 15 210 M M 5 M M
22 82 72 77 M 0 12 0.25 0.0 0 4.8 9 300 M M 8 1 M M
23 83 72 78 M 0 13 0.21 0.0 0 4.2 8 280 M M 8 1 M M
24 84 71 78 M 0 13 0.29 0.0 0 2.7 8 30 M M 8 1 M M
25 75 70 73 M 0 8 0.55 0.0 0 3.5 8 170 M M 9 1 M M
26 88 70 79 M 0 14 0.32 0.0 0 2.9 16 310 M M 4 18 20 310
27 90 72 81 M 0 16 0.01 0.0 0 2.2 10 170 M M 3 8 M M
28 89 70 80 M 0 15 0.00 0.0 0 3.9 9 130 M M 1 M M
29 89 72 81 M 0 16 0.00 0.0 0 3.4 8 100 M M 2 M M
30 91 72 82 M 0 17 0.00 0.0 0 3.8 17 310 M M 1 23 310
31 90 71 81 M 0 16 0.00 0.0 0 6.1 9 20 M M 1 M M
================================================================================
SM 2706 2200 0 447 4.14 0.0 136.9 M 124
================================================================================
AV 87.3 71.0 4.4 FASTST M M 4 MAX(MPH)
MISC ----> 23 290 37 280
================================================================================
NOTES:
# LAST OF SEVERAL OCCURRENCES
COLUMN 17 PEAK WIND IN M.P.H.
PRELIMINARY LOCAL CLIMATOLOGICAL DATA (WS FORM: F-6) , PAGE 2
STATION: AUBURN AWOS
MONTH: AUGUST
YEAR: 2022
LATITUDE: 32 34 N
LONGITUDE: 85 30 W
[TEMPERATURE DATA] [PRECIPITATION DATA] SYMBOLS USED IN COLUMN 16
AVERAGE MONTHLY: 79.1 TOTAL FOR MONTH: 4.14 1 = FOG OR MIST
DPTR FM NORMAL: 0.0 DPTR FM NORMAL: M 2 = FOG REDUCING VISIBILITY
HIGHEST: 94 ON 6 GRTST 24HR 1.25 ON 8- 8 TO 1/4 MILE OR LESS
LOWEST: 67 ON 13 3 = THUNDER
SNOW, ICE PELLETS, HAIL 4 = ICE PELLETS
TOTAL MONTH: 0.0 INCH 5 = HAIL
GRTST 24HR 0.0 6 = FREEZING RAIN OR DRIZZLE
GRTST DEPTH: 0 7 = DUSTSTORM OR SANDSTORM:
VSBY 1/2 MILE OR LESS
8 = SMOKE OR HAZE
[NO. OF DAYS WITH] [WEATHER - DAYS WITH] 9 = BLOWING SNOW
X = TORNADO
MAX 32 OR BELOW: 0 0.01 INCH OR MORE: 18
MAX 90 OR ABOVE: 10 0.10 INCH OR MORE: 10
MIN 32 OR BELOW: 0 0.50 INCH OR MORE: 2
MIN 0 OR BELOW: 0 1.00 INCH OR MORE: 1
[HDD (BASE 65) ]
TOTAL THIS MO. 0 CLEAR (SCALE 0-3) 14
DPTR FM NORMAL M PTCLDY (SCALE 4-7) 15
TOTAL FM JUL 1 0 CLOUDY (SCALE 8-10) 2
DPTR FM NORMAL M
[CDD (BASE 65) ]
TOTAL THIS MO. 447
DPTR FM NORMAL M [PRESSURE DATA]
TOTAL FM JAN 1 1614 HIGHEST SLP M ON M
DPTR FM NORMAL M LOWEST SLP M ON M
[REMARKS]
#FINAL-08-22#