043
CXUS54 KEWX 021737
CF6AUS
PRELIMINARY LOCAL CLIMATOLOGICAL DATA (WS FORM: F-6)
STATION: AUSTIN BERGSTROM
MONTH: AUGUST
YEAR: 2020
LATITUDE: 30 13 N
LONGITUDE: 97 40 W
TEMPERATURE IN F: :PCPN: SNOW: WIND :SUNSHINE: SKY :PK WND
================================================================================
1 2 3 4 5 6A 6B 7 8 9 10 11 12 13 14 15 16 17 18
12Z AVG MX 2MIN
DY MAX MIN AVG DEP HDD CDD WTR SNW DPTH SPD SPD DIR MIN PSBL S-S WX SPD DR
================================================================================
1 97 74 86 2 0 21 0.00 0.0 0 4.5 15 40 M M 6 23 40
2 99 71 85 1 0 20 0.03 0.0 0 2.9 26 300 M M 3 13 44 290
3 101 70 86 2 0 21 T 0.0 0 3.0 29 340 M M 5 40 360
4 99 73 86 2 0 21 0.00 0.0 0 5.2 15 200 M M 4 21 200
5 100 74 87 3 0 22 0.00 0.0 0 9.7 20 150 M M 1 29 160
6 100 73 87 3 0 22 0.00 0.0 0 10.4 21 140 M M 2 27 140
7 99 70 85 1 0 20 0.00 0.0 0 8.6 21 140 M M 3 25 140
8 100 71 86 2 0 21 0.00 0.0 0 7.8 20 140 M M 3 29 140
9 101 77 89 5 0 24 0.00 0.0 0 10.3 20 180 M M 4 27 150
10 101 78 90 6 0 25 0.00 0.0 0 12.0 20 150 M M 5 31 180
11 102 76 89 5 0 24 0.00 0.0 0 9.9 21 150 M M 3 27 160
12 102 78 90 6 0 25 0.00 0.0 0 10.4 20 170 M M 2 26 180
13 102 77 90 6 0 25 0.00 0.0 0 8.6 16 170 M M 1 23 200
14 105 78 92 8 0 27 0.00 0.0 0 11.0 20 170 M M 1 28 170
15 105 78 92 8 0 27 0.00 0.0 0 8.2 17 150 M M 2 22 150
16 104 75 90 6 0 25 0.00 0.0 0 6.0 15 70 M M 6 19 110
17 98 74 86 2 0 21 T 0.0 0 6.6 31 30 M M 7 38 40
18 103 72 88 4 0 23 0.00 0.0 0 4.8 18 150 M M 5 26 140
19 102 69 86 2 0 21 0.00 0.0 0 7.0 20 20 M M 1 26 340
20 99 63 81 -3 0 16 0.00 0.0 0 3.6 13 40 M M 3 20 150
21 102 69 86 2 0 21 0.00 0.0 0 5.2 18 130 M M 4 24 150
22 92 69 81 -2 0 16 0.74 0.0 0 4.0 22 350 M M 5 13 33 350
23 96 68 82 -1 0 17 0.00 0.0 0 4.4 15 110 M M 3 1 20 70
24 97 73 85 2 0 20 0.00 0.0 0 4.9 14 70 M M 4 23 70
25 100 71 86 3 0 21 0.00 0.0 0 4.7 16 40 M M 3 21 80
26 95 75 85 2 0 20 0.00 0.0 0 7.7 18 80 M M 4 28 80
27 100 75 88 5 0 23 0.00 0.0 0 5.8 15 150 M M 3 20 150
28 105 79 92 10 0 27 0.00 0.0 0 10.5 23 160 M M 2 1 33 160
29 104 78 91 9 0 26 0.00 0.0 0 9.0 18 170 M M 2 27 180
30 101 75 88 6 0 23 0.00 0.0 0 9.1 20 170 M M 3 28 170
31 102 81 92 10 0 27 0.00 0.0 0 12.2 22 160 M M 5 18 30 150
================================================================================
SM 3113 2284 0 692 0.77 0.0 228.0 M 105
================================================================================
AV100.4 73.7 7.4 FASTST M M 3 MAX(MPH)
MISC ----> # 31 30 # 44 290
================================================================================
NOTES:
# LAST OF SEVERAL OCCURRENCES
COLUMN 17 PEAK WIND IN M.P.H.
PRELIMINARY LOCAL CLIMATOLOGICAL DATA (WS FORM: F-6) , PAGE 2
STATION: AUSTIN BERGSTROM
MONTH: AUGUST
YEAR: 2020
LATITUDE: 30 13 N
LONGITUDE: 97 40 W
[TEMPERATURE DATA] [PRECIPITATION DATA] SYMBOLS USED IN COLUMN 16
AVERAGE MONTHLY: 87.1 TOTAL FOR MONTH: 0.77 1 = FOG OR MIST
DPTR FM NORMAL: 3.3 DPTR FM NORMAL: -1.26 2 = FOG REDUCING VISIBILITY
HIGHEST: 105 ON 28,15 GRTST 24HR 0.74 ON 22-22 TO 1/4 MILE OR LESS
LOWEST: 63 ON 20 3 = THUNDER
SNOW, ICE PELLETS, HAIL 4 = ICE PELLETS
TOTAL MONTH: 0.0 INCH 5 = HAIL
GRTST 24HR 0.0 6 = FREEZING RAIN OR DRIZZLE
GRTST DEPTH: 0 7 = DUSTSTORM OR SANDSTORM:
VSBY 1/2 MILE OR LESS
8 = SMOKE OR HAZE
[NO. OF DAYS WITH] [WEATHER - DAYS WITH] 9 = BLOWING SNOW
X = TORNADO
MAX 32 OR BELOW: 0 0.01 INCH OR MORE: 2
MAX 90 OR ABOVE: 31 0.10 INCH OR MORE: 1
MIN 32 OR BELOW: 0 0.50 INCH OR MORE: 1
MIN 0 OR BELOW: 0 1.00 INCH OR MORE: 0
[HDD (BASE 65) ]
TOTAL THIS MO. 0 CLEAR (SCALE 0-3) 17
DPTR FM NORMAL 0 PTCLDY (SCALE 4-7) 14
TOTAL FM JUL 1 0 CLOUDY (SCALE 8-10) 0
DPTR FM NORMAL 0
[CDD (BASE 65) ]
TOTAL THIS MO. 692
DPTR FM NORMAL 112 [PRESSURE DATA]
TOTAL FM JAN 1 2529 HIGHEST SLP 30.08 ON 17
DPTR FM NORMAL 389 LOWEST SLP 29.65 ON 31
[REMARKS]
#FINAL-08-20#