000
CXUS52 KGSP 011438
CF6AVL
PRELIMINARY LOCAL CLIMATOLOGICAL DATA (WS FORM: F-6)
STATION: ASHEVILLE NC
MONTH: SEPTEMBER
YEAR: 2022
LATITUDE: 35 25 N
LONGITUDE: 82 33 W
TEMPERATURE IN F: :PCPN: SNOW: WIND :SUNSHINE: SKY :PK WND
================================================================================
1 2 3 4 5 6A 6B 7 8 9 10 11 12 13 14 15 16 17 18
12Z AVG MX 2MIN
DY MAX MIN AVG DEP HDD CDD WTR SNW DPTH SPD SPD DIR MIN PSBL S-S WX SPD DR
================================================================================
1 83 57 70 -2 0 5 0.00 0.0 0 3.8 12 170 M M 1 16 170
2 81 61 71 -1 0 6 T 0.0 0 3.2 12 160 M M 5 1 17 170
3 79 67 73 1 0 8 0.02 0.0 0 2.8 10 160 M M 7 1 14 160
4 74 67 71 0 0 6 0.50 0.0 0 2.9 10 150 M M 9 1 15 150
5 75 67 71 0 0 6 1.94 0.0 0 1.6 14 340 M M 10 12 17 340
6 81 66 74 3 0 9 0.07 0.0 0 5.1 12 340 M M 5 1 16 360
7 81 66 74 3 0 9 T 0.0 0 6.8 16 340 M M 4 3 22 340
8 78 62 70 0 0 5 T 0.0 0 4.6 10 170 M M 6 14 160
9 74 63 69 -1 0 4 0.00 0.0 0 2.7 10 130 M M 7 16 130
10 67 61 64 -6 1 0 1.06 0.0 0 2.4 8 20 M M 10 1 14 30
11 79 64 72 2 0 7 0.04 0.0 0 5.6 16 210 M M 6 1 23 200
12 80 60 70 0 0 5 0.01 0.0 0 6.8 17 340 M M 5 18 22 340
13 75 54 65 -4 0 0 0.00 0.0 0 7.8 16 340 M M 0 22 330
14 76 52 64 -5 1 0 0.00 0.0 0 5.9 17 340 M M 2 23 340
15 78 51 65 -4 0 0 0.00 0.0 0 2.7 10 340 M M 1 12 16 40
16 77 51 64 -4 1 0 0.00 0.0 0 1.5 9 190 M M 2 1 14 140
17 77 54 66 -2 0 1 0.00 0.0 0 2.2 13 170 M M 3 12 15 160
18 78 56 67 -1 0 2 0.00 0.0 0 2.0 9 170 M M 3 12 13 170
19 80 54 67 -1 0 2 0.00 0.0 0 4.0 15 330 M M 2 12 20 340
20 84 58 71 4 0 6 0.00 0.0 0 4.4 16 320 M M 1 21 330
21 87 56 72 5 0 7 0.00 0.0 0 2.2 10 320 M M 0 12 330
22 83 57 70 4 0 5 0.02 0.0 0 7.8 24 330 M M 3 8 37 340
23 73 49 61 -5 4 0 0.00 0.0 0 6.9 20 330 M M 0 25 340
24 72 47 60 -6 5 0 0.00 0.0 0 2.7 13 180 M M 1 16 180
25 78 52 65 -1 0 0 0.05 0.0 0 2.9 31 330 M M 1 42 330
26 73 49 61 -4 4 0 0.00 0.0 0 6.8 17 340 M M 0 1 23 330
27 68 43 56 -9 9 0 0.00 0.0 0 5.5 17 330 M M 0 23 330
28 65 43 54 -10 11 0 0.00 0.0 0 10.3 22 340 M M 0 29 330
29 67 42 55 -9 10 0 0.00 0.0 0 6.8 13 100 M M 0 22 80
30 59 49 54 -10 11 0 0.56 0.0 0 11.0 26 330 M M 8 18 35 330
================================================================================
SM 2282 1678 57 93 4.27 0.0 141.7 M 102
================================================================================
AV 76.1 55.9 4.7 FASTST M M 3 MAX(MPH)
MISC ----> 31 330 42 330
================================================================================
NOTES:
# LAST OF SEVERAL OCCURRENCES
COLUMN 17 PEAK WIND IN M.P.H.
PRELIMINARY LOCAL CLIMATOLOGICAL DATA (WS FORM: F-6) , PAGE 2
STATION: ASHEVILLE NC
MONTH: SEPTEMBER
YEAR: 2022
LATITUDE: 35 25 N
LONGITUDE: 82 33 W
[TEMPERATURE DATA] [PRECIPITATION DATA] SYMBOLS USED IN COLUMN 16
AVERAGE MONTHLY: 66.0 TOTAL FOR MONTH: 4.27 1 = FOG OR MIST
DPTR FM NORMAL: -2.3 DPTR FM NORMAL: 0.14 2 = FOG REDUCING VISIBILITY
HIGHEST: 87 ON 21 GRTST 24HR 2.05 ON 4- 5 TO 1/4 MILE OR LESS
LOWEST: 42 ON 29 3 = THUNDER
SNOW, ICE PELLETS, HAIL 4 = ICE PELLETS
TOTAL MONTH: 0.0 INCH 5 = HAIL
GRTST 24HR 0.0 6 = FREEZING RAIN OR DRIZZLE
GRTST DEPTH: 0 7 = DUSTSTORM OR SANDSTORM:
VSBY 1/2 MILE OR LESS
8 = SMOKE OR HAZE
[NO. OF DAYS WITH] [WEATHER - DAYS WITH] 9 = BLOWING SNOW
X = TORNADO
MAX 32 OR BELOW: 0 0.01 INCH OR MORE: 10
MAX 90 OR ABOVE: 0 0.10 INCH OR MORE: 4
MIN 32 OR BELOW: 0 0.50 INCH OR MORE: 4
MIN 0 OR BELOW: 0 1.00 INCH OR MORE: 2
[HDD (BASE 65) ]
TOTAL THIS MO. 57 CLEAR (SCALE 0-3) 18
DPTR FM NORMAL 23 PTCLDY (SCALE 4-7) 9
TOTAL FM JUL 1 57 CLOUDY (SCALE 8-10) 3
DPTR FM NORMAL 25
[CDD (BASE 65) ]
TOTAL THIS MO. 93
DPTR FM NORMAL -40 [PRESSURE DATA]
TOTAL FM JAN 1 1017 HIGHEST SLP 30.28 ON 28
DPTR FM NORMAL -11 LOWEST SLP 29.79 ON 30
[REMARKS]
#FINAL-09-22#