000
CXUS51 KBGM 012256
CLSAVP
CLIMATE REPORT
NATIONAL WEATHER SERVICE BINGHAMTON, NY
656 PM EDT THU SEP 01 2022
...................................
...THE AVOCA PA CLIMATE SUMMARY FOR THE SEASON, FROM
6/1/2022 TO 8/31/2022...
CLIMATE NORMAL PERIOD 1991 TO 2020
CLIMATE RECORD PERIOD 1901 TO 2022
WEATHER OBSERVED NORMAL DEPART LAST YEAR`S
VALUE DATE(S) VALUE FROM VALUE DATE(S)
NORMAL
................................................................
TEMPERATURE (F)
RECORD
HIGH 101 07/16/1988
07/03/1966
LOW 34 06/11/1972
HIGHEST 98 08/04 80 18 97 06/29
LOWEST 44 06/20 59 -15 44 06/23
AVG. MAXIMUM 84.6 82.3 2.3 82.9
AVG. MINIMUM 61.8 60.6 1.2 62.8
MEAN 73.2 71.5 1.7 72.8
DAYS MAX >= 90 18 9.9 8.1 16
DAYS MAX <= 32 0 0.0 0.0 0
DAYS MIN <= 32 0 0.0 0.0 0
DAYS MIN <= 0 0 0.0 0.0 0
PRECIPITATION (INCHES)
RECORD
MAXIMUM 19.72 2018
MINIMUM 5.56 1995
TOTALS 8.60 11.26 -2.66 13.98
DAILY AVG. 0.09 0.12 -0.03 0.15
DAYS >= .01 29 35.1 -6.1 41
DAYS >= .10 19 21.9 -2.9 28
DAYS >= .50 5 7.1 -2.1 11
DAYS >= 1.00 2 2.1 -0.1 2
GREATEST
24 HR. TOTAL 1.42 08/30 TO 08/30 3.53 08/22 TO 08/23
SNOWFALL (INCHES)
RECORDS
TOTAL 0.0 MM
24 HR TOTAL 0.0 MM
TOTALS T 0.0 0.0 0.0
SINCE 7/1 T 0.0 0.0 0.0
DAYS >= TRACE 1 0.0 1.0 0
DAYS >= 1.0 0 0.0 0.0 0
GREATEST
24 HR TOTAL T 07/01 TO 07/01 0.0
DEGREE DAYS
HEATING TOTAL 16 43 -27 27
SINCE 7/1 0 6 -6 3
COOLING TOTAL 797 640 157 771
SINCE 1/1 876 699 177 838
FREEZE DATES
RECORD
EARLIEST 09/21/1956
LATEST 05/25/1956
EARLIEST MM
LATEST 04/30
................................................................
WIND (MPH)
AVERAGE WIND SPEED 5.3
RESULTANT WIND SPEED/DIRECTION 1/230
HIGHEST WIND SPEED/DIRECTION 37/290 DATE 07/24
HIGHEST GUST SPEED/DIRECTION 49/300 DATE 07/24
SKY COVER
POSSIBLE SUNSHINE (PERCENT) MM
AVERAGE SKY COVER 0.32
NUMBER OF DAYS FAIR 55
NUMBER OF DAYS PC 31
NUMBER OF DAYS CLOUDY 6
AVERAGE RH (PERCENT) 64
WEATHER CONDITIONS. NUMBER OF DAYS WITH
THUNDERSTORM 16 MIXED PRECIP 0
HEAVY RAIN 14 RAIN 15
LIGHT RAIN 42 FREEZING RAIN 0
LT FREEZING RAIN 0 HAIL 1
HEAVY SNOW 0 SNOW 0
LIGHT SNOW 0 SLEET 0
FOG 29 FOG W/VIS <= 1/4 MILE 3
HAZE 30
- INDICATES NEGATIVE NUMBERS.
R INDICATES RECORD WAS SET OR TIED.
MM INDICATES DATA IS MISSING.
T INDICATES TRACE AMOUNT.
&&
5TH WARMEST JUNE TO AUGUST
$$
TAC