000
CXUS53 KGRR 010910
CF6AZO
PRELIMINARY LOCAL CLIMATOLOGICAL DATA (WS FORM: F-6)
STATION: KALAMAZOO
MONTH: OCTOBER
YEAR: 2021
LATITUDE: 42 13 N
LONGITUDE: 85 33 W
TEMPERATURE IN F: :PCPN: SNOW: WIND :SUNSHINE: SKY :PK WND
================================================================================
1 2 3 4 5 6A 6B 7 8 9 10 11 12 13 14 15 16 17 18
12Z AVG MX 2MIN
DY MAX MIN AVG DEP HDD CDD WTR SNW DPTH SPD SPD DIR MIN PSBL S-S WX SPD DR
================================================================================
1 80 49 65 8 0 0 0.00 M M 4.9 13 190 M M 0 18 190
2 73 58 66 9 0 1 0.03 M M 6.4 15 180 M M 6 1 22 170
3 74 65 70 13 0 5 0.12 M M 4.5 10 200 M M 9 138 14 210
4 73 63 68 12 0 3 M M M 5.7 15 30 M M 10 18 22 20
5 74 60 67 11 0 2 0.02 M M 4.8 10 20 M M 8 18 17 60
6 72 61 67 12 0 2 T M M 4.5 9 100 M M 10 18 15 80
7 76 65 71 16 0 6 0.18 M M 3.3 9 90 M M 8 18 13 90
8 76 58 67 12 0 2 0.32 M M 2.7 17 290 M M 7 123 26 320
9 76 56 66 12 0 1 0.00 M M 2.5 10 190 M M 6 128 14 160
10 80 67 74 20 0 9 0.02 M M 7.0 16 180 M M 4 13 23 170
11 81 64 73 19 0 8 0.40 M 0 8.3 22 260 M M 2 13 34 280
12 68 60 64 11 1 0 0.12 M M 9.2 18 240 M M 10 1 26 220
13 73 56 65 12 0 0 T M M 5.7 13 180 M M 5 12 20 160
14 74 57 66 14 0 1 0.07 M M 6.7 18 300 M M 8 18 27 300
15 63 54 59 7 6 0 0.50 M M 3.7 13 330 M M 8 1 16 320
16 54 46 50 -2 15 0 0.04 M M 7.3 17 300 M M 9 1 27 270
17 64 43 54 3 11 0 0.00 M M 9.2 21 300 M M 1 30 290
18 69 41 55 4 10 0 0.00 M M 2.8 12 280 M M 0 18 310
19 74 44 59 9 6 0 0.00 M M 5.9 14 210 M M 0 1 18 240
20 73 46 60 10 5 0 T M M 5.0 14 190 M M 2 19 180
21 63 41 52 2 13 0 0.09 M M 12.1 24 340 M M 8 138 33 340
22 53 36 45 -4 20 0 0.01 M M 3.3 14 340 M M 8 18 330
23 55 38 47 -2 18 0 0.00 M M 4.7 16 300 M M 7 21 270
24 47 32 40 -8 25 0 1.18 M M 3.9 16 60 M M 7 12 29 60
25 49 44 47 -1 18 0 1.02 M M 11.2 18 350 M M 10 1 34 30
26 55 35 45 -3 20 0 0.00 M M 6.3 16 350 M M 1 1 21 340
27 52 31 42 -5 23 0 0.00 M M 2.5 14 120 M M 5 18 23 120
28 64 50 57 10 8 0 0.20 M M 6.0 16 90 M M 9 1 26 100
29 57 51 54 7 11 0 0.39 M M 7.7 13 20 M M 10 1 21 30
30 53 47 50 4 15 0 0.01 M M 7.4 14 360 M M 10 18 23 30
31 56 41 49 3 16 0 T M M 9.0 22 300 M M 7 1 29 300
================================================================================
SM 2051 1559 241 40 4.72 M 184.2 M 195
================================================================================
AV 66.2 50.3 5.9 FASTST M M 6 MAX(MPH)
MISC ----> 24 340 # 34 280
================================================================================
NOTES:
# LAST OF SEVERAL OCCURRENCES
COLUMN 17 PEAK WIND IN M.P.H.
PRELIMINARY LOCAL CLIMATOLOGICAL DATA (WS FORM: F-6) , PAGE 2
STATION: KALAMAZOO
MONTH: OCTOBER
YEAR: 2021
LATITUDE: 42 13 N
LONGITUDE: 85 33 W
[TEMPERATURE DATA] [PRECIPITATION DATA] SYMBOLS USED IN COLUMN 16
AVERAGE MONTHLY: 58.2 TOTAL FOR MONTH: 4.72 1 = FOG OR MIST
DPTR FM NORMAL: 6.6 DPTR FM NORMAL: 0.98 2 = FOG REDUCING VISIBILITY
HIGHEST: 81 ON 11 GRTST 24HR 2.19 ON 24-25 TO 1/4 MILE OR LESS
LOWEST: 31 ON 27 3 = THUNDER
SNOW, ICE PELLETS, HAIL 4 = ICE PELLETS
TOTAL MONTH: M 5 = HAIL
GRTST 24HR M ON M 6 = FREEZING RAIN OR DRIZZLE
GRTST DEPTH: 0 7 = DUSTSTORM OR SANDSTORM:
VSBY 1/2 MILE OR LESS
8 = SMOKE OR HAZE
[NO. OF DAYS WITH] [WEATHER - DAYS WITH] 9 = BLOWING SNOW
X = TORNADO
MAX 32 OR BELOW: 0 0.01 INCH OR MORE: 18
MAX 90 OR ABOVE: 0 0.10 INCH OR MORE: 10
MIN 32 OR BELOW: 2 0.50 INCH OR MORE: 3
MIN 0 OR BELOW: 0 1.00 INCH OR MORE: 2
[HDD (BASE 65) ]
TOTAL THIS MO. 241 CLEAR (SCALE 0-3) 7
DPTR FM NORMAL -183 PTCLDY (SCALE 4-7) 15
TOTAL FM JUL 1 279 CLOUDY (SCALE 8-10) 9
DPTR FM NORMAL -281
[CDD (BASE 65) ]
TOTAL THIS MO. 40
DPTR FM NORMAL 32 [PRESSURE DATA]
TOTAL FM JAN 1 1067 HIGHEST SLP 30.32 ON 6
DPTR FM NORMAL 358 LOWEST SLP 29.53 ON 29
[REMARKS]
#FINAL-10-21#