000
CXUS53 KGRR 011017
CF6AZO
PRELIMINARY LOCAL CLIMATOLOGICAL DATA (WS FORM: F-6)
STATION: KALAMAZOO
MONTH: AUGUST
YEAR: 2020
LATITUDE: 42 13 N
LONGITUDE: 85 33 W
TEMPERATURE IN F: :PCPN: SNOW: WIND :SUNSHINE: SKY :PK WND
================================================================================
1 2 3 4 5 6A 6B 7 8 9 10 11 12 13 14 15 16 17 18
12Z AVG MX 2MIN
DY MAX MIN AVG DEP HDD CDD WTR SNW DPTH SPD SPD DIR MIN PSBL S-S WX SPD DR
================================================================================
1 81 63 72 0 0 7 0.19 M M 4.0 13 360 M M 4 1 16 350
2 79 65 72 0 0 7 0.90 M M 7.6 20 340 M M 7 1 27 350
3 80 63 72 0 0 7 0.00 M M 6.4 16 340 M M 7 1 23 320
4 74 56 65 -7 0 0 0.02 M M 9.3 18 320 M M 6 18 28 310
5 76 50 63 -9 2 0 0.00 M M 3.3 14 290 M M 2 18 290
6 80 52 66 -6 0 1 0.00 M M 0.9 9 40 M M 1 18 15 20
7 82 53 68 -4 0 3 0.00 M M 2.7 12 190 M M 0 18 16 180
8 85 56 71 -1 0 6 0.00 M M 5.6 15 190 M M 0 1 22 180
9 90 67 79 7 0 14 0.00 M M 7.0 16 180 M M 3 24 190
10 90 69 80 8 0 15 0.25 M M 9.3 32 250 M M 4 13 47 240
11 84 62 73 2 0 8 T M M 6.8 14 310 M M 4 20 320
12 86 56 71 0 0 6 0.00 M M 2.1 9 180 M M 0 14 140
13 88 56 72 1 0 7 0.00 M M 2.3 10 60 M M 0 1 17 80
14 91 60 76 5 0 11 0.00 M M 4.6 15 130 M M 1 25 130
15 88 62 75 4 0 10 0.07 M M 2.3 18 50 M M 2 13 32 30
16 84 61 73 2 0 8 0.00 M M 7.0 18 360 M M 3 3 26 360
17 84 60 72 1 0 7 0.12 M M 7.1 17 330 M M 2 1 26 320
18 79 59 69 -2 0 4 0.00 M M 7.9 17 350 M M 2 25 330
19 80 50 65 -5 0 0 0.00 M M 3.3 10 10 M M 1 15 10
20 85 56 71 1 0 6 0.00 M M 4.3 14 210 M M 0 18 220
21 88 60 74 4 0 9 0.00 M M 4.0 12 230 M M 0 19 260
22 89 60 75 5 0 10 0.00 M M 3.4 14 180 M M 0 2 23 190
23 89 63 76 6 0 11 0.00 M M 4.8 17 230 M M 1 1 22 230
24 93 69 81 11 0 16 0.00 M M 6.7 15 280 M M 1 18 28 300
25 84 69 77 7 0 12 0.09 M M 7.1 21 330 M M 2 28 320
26 93 66 80 11 0 15 0.00 M M 7.0 16 230 M M 2 24 260
27 95 73 84 15 0 19 0.00 M M 10.7 18 250 M M 1 28 260
28 89 67 78 9 0 13 1.44 M M 9.0 29 350 M M 4 13 42 310
29 79 60 70 1 0 5 T M M 11.4 22 300 M M 3 13 34 310
30 77 53 65 -3 0 0 0.00 M M 2.7 14 350 M M 1 18 360
31 82 56 69 1 0 4 0.00 M M 3.5 14 180 M M 1 20 180
================================================================================
SM 2624 1872 2 241 3.08 M 174.1 M 65
================================================================================
AV 84.7 60.4 5.6 FASTST M M 2 MAX(MPH)
MISC ----> # 32 250 # 47 240
================================================================================
NOTES:
# LAST OF SEVERAL OCCURRENCES
COLUMN 17 PEAK WIND IN M.P.H.
PRELIMINARY LOCAL CLIMATOLOGICAL DATA (WS FORM: F-6) , PAGE 2
STATION: KALAMAZOO
MONTH: AUGUST
YEAR: 2020
LATITUDE: 42 13 N
LONGITUDE: 85 33 W
[TEMPERATURE DATA] [PRECIPITATION DATA] SYMBOLS USED IN COLUMN 16
AVERAGE MONTHLY: 72.5 TOTAL FOR MONTH: 3.08 1 = FOG OR MIST
DPTR FM NORMAL: 1.9 DPTR FM NORMAL: -0.79 2 = FOG REDUCING VISIBILITY
HIGHEST: 95 ON 27 GRTST 24HR 1.44 ON 28-28 TO 1/4 MILE OR LESS
LOWEST: 50 ON 19, 5 3 = THUNDER
SNOW, ICE PELLETS, HAIL 4 = ICE PELLETS
TOTAL MONTH: M 5 = HAIL
GRTST 24HR M ON M 6 = FREEZING RAIN OR DRIZZLE
GRTST DEPTH: M ON M 7 = DUSTSTORM OR SANDSTORM:
VSBY 1/2 MILE OR LESS
8 = SMOKE OR HAZE
[NO. OF DAYS WITH] [WEATHER - DAYS WITH] 9 = BLOWING SNOW
X = TORNADO
MAX 32 OR BELOW: 0 0.01 INCH OR MORE: 8
MAX 90 OR ABOVE: 6 0.10 INCH OR MORE: 5
MIN 32 OR BELOW: 0 0.50 INCH OR MORE: 2
MIN 0 OR BELOW: 0 1.00 INCH OR MORE: 1
[HDD (BASE 65) ]
TOTAL THIS MO. 2 CLEAR (SCALE 0-3) 22
DPTR FM NORMAL -9 PTCLDY (SCALE 4-7) 9
TOTAL FM JUL 1 2 CLOUDY (SCALE 8-10) 0
DPTR FM NORMAL -14
[CDD (BASE 65) ]
TOTAL THIS MO. 241
DPTR FM NORMAL 56 [PRESSURE DATA]
TOTAL FM JAN 1 874 HIGHEST SLP 30.20 ON 8
DPTR FM NORMAL 263 LOWEST SLP 29.60 ON 29
[REMARKS]
#FINAL-08-20#