000
CXUS53 KLBF 011434
CF6BBW
PRELIMINARY LOCAL CLIMATOLOGICAL DATA (WS FORM: F-6)
STATION: BROKEN BOW
MONTH: JULY
YEAR: 2023
LATITUDE: 41 26 N
LONGITUDE: 99 39 W
TEMPERATURE IN F: :PCPN: SNOW: WIND :SUNSHINE: SKY :PK WND
================================================================================
1 2 3 4 5 6A 6B 7 8 9 10 11 12 13 14 15 16 17 18
12Z AVG MX 2MIN
DY MAX MIN AVG DEP HDD CDD WTR SNW DPTH SPD SPD DIR MIN PSBL S-S WX SPD DR
================================================================================
1 80 58 69 -5 0 4 0.00 M M 6.5 15 40 M M 4 3 25 40
2 89 55 72 -2 0 7 0.00 M M 4.7 15 170 M M 0 1 23 190
3 90 60 75 1 0 10 0.00 M M 6.7 17 170 M M 0 28 130
4 87 66 77 3 0 12 T M M 10.0 22 340 M M 1 32 340
5 68 54 61 -14 4 0 0.03 M M 7.8 16 360 M M 8 1 25 350
6 71 52 62 -13 3 0 T M M 6.1 15 160 M M 9 21 180
7 80 58 69 -6 0 4 0.12 M M 8.2 16 340 M M 6 13 24 350
8 75 50 63 -12 2 0 0.00 M M 3.6 12 210 M M 3 12 17 190
9 82 49 66 -9 0 1 0.00 M M 4.5 16 210 M M 0 1 22 210
10 91 59 75 0 0 10 0.22 M M 7.3 37 210 M M 0 3 58 210
11 87 60 74 -1 0 9 0.03 M M 7.5 31 340 M M 1 3 47 20
12 89 63 76 1 0 11 0.00 M M 5.4 23 360 M M 1 36 20
13 85 61 73 -3 0 8 0.42 M M 5.4 22 330 M M 3 13 33 340
14 83 60 72 -4 0 7 0.21 M M 6.5 24 310 M M 2 13 39 310
15 84 58 71 -5 0 6 0.00 M M 4.4 16 280 M M 1 18 22 280
16 86 61 74 -2 0 9 0.13 M M 4.0 25 330 M M 1 138 41 300
17 79 63 71 -5 0 6 0.16 M M 7.8 29 300 M M 1 138 47 300
18 85 60 73 -3 0 8 0.29 M M 9.3 21 50 M M 4 13 32 40
19 83 66 75 -1 0 10 0.04 M M 4.8 13 20 M M 5 13 19 40
20 79 62 71 -5 0 6 0.05 M M 4.5 14 360 M M 3 13 19 350
21 83 56 70 -6 0 5 T M M 3.9 14 270 M M 3 13 21 280
22 92 60 76 0 0 11 0.03 M M 4.1 25 310 M M 1 3 38 310
23 91 57 74 -2 0 9 0.00 M M 6.5 15 160 M M 0 23 180
24 95 62 79 3 0 14 0.00 M M 4.6 14 110 M M 0 19 150
25 97 70 84 8 0 19 0.05 M M 5.1 17 350 M M 0 13 28 350
26 99 66 83 7 0 18 0.00 M M 4.2 18 160 M M 0 3 27 150
27 100 65 83 7 0 18 0.00 M M 6.2 15 340 M M 0 23 350
28 99 68 84 8 0 19 T M M 6.3 17 360 M M 0 23 350
29 85 64 75 -1 0 10 0.36 M M 6.9 28 300 M M 3 13 46 40
30 90 67 79 4 0 14 0.00 M M 8.1 16 100 M M 3 3 25 110
31 87 68 78 3 0 13 1.09 M M 6.1 23 180 M M 4 13 36 180
================================================================================
SM 2671 1878 9 278 3.23 M 187.0 M 67
================================================================================
AV 86.2 60.6 6.0 FASTST M M 2 MAX(MPH)
MISC ----> 37 210 58 210
================================================================================
NOTES:
# LAST OF SEVERAL OCCURRENCES
COLUMN 17 PEAK WIND IN M.P.H.
PRELIMINARY LOCAL CLIMATOLOGICAL DATA (WS FORM: F-6) , PAGE 2
STATION: BROKEN BOW
MONTH: JULY
YEAR: 2023
LATITUDE: 41 26 N
LONGITUDE: 99 39 W
[TEMPERATURE DATA] [PRECIPITATION DATA] SYMBOLS USED IN COLUMN 16
AVERAGE MONTHLY: 73.4 TOTAL FOR MONTH: 3.23 1 = FOG OR MIST
DPTR FM NORMAL: -1.9 DPTR FM NORMAL: 0.06 2 = FOG REDUCING VISIBILITY
HIGHEST: 100 ON 27 GRTST 24HR 1.09 ON 31-31 TO 1/4 MILE OR LESS
LOWEST: 49 ON 9 3 = THUNDER
SNOW, ICE PELLETS, HAIL 4 = ICE PELLETS
TOTAL MONTH: M 5 = HAIL
GRTST 24HR M ON M 6 = FREEZING RAIN OR DRIZZLE
GRTST DEPTH: M ON M 7 = DUSTSTORM OR SANDSTORM:
VSBY 1/2 MILE OR LESS
8 = SMOKE OR HAZE
[NO. OF DAYS WITH] [WEATHER - DAYS WITH] 9 = BLOWING SNOW
X = TORNADO
MAX 32 OR BELOW: 0 0.01 INCH OR MORE: 15
MAX 90 OR ABOVE: 10 0.10 INCH OR MORE: 9
MIN 32 OR BELOW: 0 0.50 INCH OR MORE: 1
MIN 0 OR BELOW: 0 1.00 INCH OR MORE: 1
[HDD (BASE 65) ]
TOTAL THIS MO. 9 CLEAR (SCALE 0-3) 22
DPTR FM NORMAL 6 PTCLDY (SCALE 4-7) 8
TOTAL FM JUL 1 9 CLOUDY (SCALE 8-10) 1
DPTR FM NORMAL 9
[CDD (BASE 65) ]
TOTAL THIS MO. 278
DPTR FM NORMAL -44 [PRESSURE DATA]
TOTAL FM JAN 1 498 HIGHEST SLP 30.25 ON 29
DPTR FM NORMAL -59 LOWEST SLP 29.68 ON 12
[REMARKS]
#FINAL-07-23#