000
CXUS53 KLBF 011510
CF6BBW
PRELIMINARY LOCAL CLIMATOLOGICAL DATA (WS FORM: F-6)
STATION: BROKEN BOW
MONTH: FEBRUARY
YEAR: 2024
LATITUDE: 41 26 N
LONGITUDE: 99 39 W
TEMPERATURE IN F: :PCPN: SNOW: WIND :SUNSHINE: SKY :PK WND
================================================================================
1 2 3 4 5 6A 6B 7 8 9 10 11 12 13 14 15 16 17 18
12Z AVG MX 2MIN
DY MAX MIN AVG DEP HDD CDD WTR SNW DPTH SPD SPD DIR MIN PSBL S-S WX SPD DR
================================================================================
1 55 29 42 16 23 0 0.00 M M 5.7 14 350 M M 1 1 17 20
2 47 34 41 14 24 0 0.00 M M 7.2 14 110 M M 10 12 20 110
3 44 38 41 14 24 0 0.31 M M 11.0 21 180 M M 10 12 28 80
4 42 36 39 12 26 0 0.24 M M 7.2 16 340 M M 10 12 21 340
5 50 35 43 16 22 0 0.00 M M 5.6 14 180 M M 8 12 17 180
6 52 36 44 17 21 0 0.00 M M 10.0 20 190 M M 3 1 25 170
7 54 42 48 21 17 0 0.00 M M 17.9 32 170 M M 2 1 48 170
8 51 27 39 12 26 0 0.01 M M 11.7 28 290 M M 5 1 34 280
9 48 23 36 9 29 0 0.00 M M 6.9 16 350 M M 1 22 350
10 33 21 27 0 38 0 T M M 6.6 13 30 M M 8 18 19 10
11 45 20 33 5 32 0 T M M 7.6 15 260 M M 4 12 21 260
12 56 24 40 12 25 0 0.00 M M 5.5 18 270 M M 4 25 280
13 56 26 41 13 24 0 0.00 M M 3.2 15 310 M M 3 20 320
14 56 24 40 12 25 0 0.00 M M 9.9 33 340 M M 4 45 340
15 34 23 29 1 36 0 0.02 M M 8.8 21 30 M M 9 1 26 30
16 24 7 16 -13 49 0 0.01 M M 11.7 21 340 M M 7 18 28 340
17 40 6 23 -6 42 0 0.00 M M 12.0 20 280 M M 0 26 250
18 53 18 36 7 29 0 0.00 M M 4.8 13 170 M M 0 19 270
19 57 24 41 11 24 0 0.00 M M 9.9 26 320 M M 1 35 300
20 70 23 47 17 18 0 0.00 M M 9.5 25 240 M M 0 34 270
21 67 27 47 17 18 0 0.01 M M 3.6 23 260 M M 3 30 260
22 59 31 45 14 20 0 0.05 M M 11.1 24 340 M M 2 1 33 340
23 58 30 44 13 21 0 0.00 M M 14.2 31 310 M M 0 42 310
24 64 23 44 13 21 0 0.00 M M 9.0 26 260 M M 0 37 270
25 68 30 49 17 16 0 0.00 M M 7.7 23 290 M M 0 36 300
26 74 30 52 20 13 0 0.00 M M 12.7 32 280 M M 0 50 250
27 45 9 27 -5 38 0 T M M 23.3 38 330 M M 5 51 340
28 49 3 26 -7 39 0 0.00 M M 7.3 20 260 M M 0 30 260
29 64 29 47 14 18 0 0.00 M M 13.0 22 190 M M 0 8 28 170
================================================================================
SM 1515 728 758 0 0.65 M 274.6 M 100
================================================================================
AV 52.2 25.1 9.5 FASTST M M 3 MAX(MPH)
MISC ----> 38 330 51 340
================================================================================
NOTES:
# LAST OF SEVERAL OCCURRENCES
COLUMN 17 PEAK WIND IN M.P.H.
PRELIMINARY LOCAL CLIMATOLOGICAL DATA (WS FORM: F-6) , PAGE 2
STATION: BROKEN BOW
MONTH: FEBRUARY
YEAR: 2024
LATITUDE: 41 26 N
LONGITUDE: 99 39 W
[TEMPERATURE DATA] [PRECIPITATION DATA] SYMBOLS USED IN COLUMN 16
AVERAGE MONTHLY: 38.7 TOTAL FOR MONTH: 0.65 1 = FOG OR MIST
DPTR FM NORMAL: 9.9 DPTR FM NORMAL: 0.19 2 = FOG REDUCING VISIBILITY
HIGHEST: 74 ON 26 GRTST 24HR 0.48 ON 3- 4 TO 1/4 MILE OR LESS
LOWEST: 3 ON 28 3 = THUNDER
SNOW, ICE PELLETS, HAIL 4 = ICE PELLETS
TOTAL MONTH: M 5 = HAIL
GRTST 24HR M ON M 6 = FREEZING RAIN OR DRIZZLE
GRTST DEPTH: M ON M 7 = DUSTSTORM OR SANDSTORM:
VSBY 1/2 MILE OR LESS
8 = SMOKE OR HAZE
[NO. OF DAYS WITH] [WEATHER - DAYS WITH] 9 = BLOWING SNOW
X = TORNADO
MAX 32 OR BELOW: 1 0.01 INCH OR MORE: 7
MAX 90 OR ABOVE: 0 0.10 INCH OR MORE: 2
MIN 32 OR BELOW: 23 0.50 INCH OR MORE: 0
MIN 0 OR BELOW: 0 1.00 INCH OR MORE: 0
[HDD (BASE 65) ]
TOTAL THIS MO. 758 CLEAR (SCALE 0-3) 16
DPTR FM NORMAL -254 PTCLDY (SCALE 4-7) 9
TOTAL FM JUL 1 4325 CLOUDY (SCALE 8-10) 4
DPTR FM NORMAL -478
[CDD (BASE 65) ]
TOTAL THIS MO. 0
DPTR FM NORMAL 0 [PRESSURE DATA]
TOTAL FM JAN 1 0 HIGHEST SLP 30.54 ON 17
DPTR FM NORMAL 0 LOWEST SLP 29.31 ON 8
[REMARKS]
#FINAL-02-24#