000
CXUS51 KCTP 190800
CF6BFD
PRELIMINARY LOCAL CLIMATOLOGICAL DATA (WS FORM: F-6)
STATION: BRADFORD
MONTH: APRIL
YEAR: 2024
LATITUDE: 41 47 N
LONGITUDE: 78 38 W
TEMPERATURE IN F: :PCPN: SNOW: WIND :SUNSHINE: SKY :PK WND
================================================================================
1 2 3 4 5 6A 6B 7 8 9 10 11 12 13 14 15 16 17 18
12Z AVG MX 2MIN
DY MAX MIN AVG DEP HDD CDD WTR SNW DPTH SPD SPD DIR MIN PSBL S-S WX SPD DR
================================================================================
1 58 38 48 9 17 0 0.10 M M 2.5 15 60 M M 9 1 22 60
2 49 43 46 7 19 0 0.76 M M 12.5 24 140 M M 10 18 36 120
3 46 34 40 0 25 0 0.99 M M 11.2 25 130 M M 10 12 44 120
4 41 33 37 -3 28 0 0.06 M M 6.1 20 320 M M 10 12 24 320
5 37 31 34 -6 31 0 0.01 M M 10.7 20 310 M M 10 18 28 280
6 50 30 40 -1 25 0 T M M 10.8 23 330 M M 6 1 35 310
7 59 28 44 3 21 0 0.00 M M 5.8 16 350 M M 1 22 350
8 62 32 47 5 18 0 0.01 M M 6.0 14 180 M M 3 19 180
9 74 33 54 12 11 0 0.00 M M 5.3 15 220 M M 1 23 230
10 65 53 59 16 6 0 0.20 M M 4.5 15 300 M M 9 1 20 300
11 65 54 60 17 5 0 1.21 M M 10.7 21 140 M M 10 18 33 140
12 62 38 50 6 15 0 1.00 M M 12.9 25 280 M M 10 1 44 240
13 48 34 41 -3 24 0 0.10 M M 15.1 25 290 M M 8 1 39 290
14 75 34 55 11 10 0 0.11 M M 7.5 21 260 M M 5 3 34 260
15 66 39 53 8 12 0 0.00 M M 7.2 24 320 M M 3 12 32 300
16 70 33 52 7 13 0 0.00 M M 4.1 15 320 M M 0 21 340
17 65 48 57 11 8 0 0.34 M M 8.5 17 280 M M 7 13 27 130
18 61 42 52 6 13 0 T M M 6.2 14 310 M M 7 18 21 310
================================================================================
SM 1053 677 301 0 4.89 M 147.6 M 119
================================================================================
AV 58.5 37.6 8.2 FASTST M M 7 MAX(MPH)
MISC ----> # 25 130 # 44 120
================================================================================
NOTES:
# LAST OF SEVERAL OCCURRENCES
COLUMN 17 PEAK WIND IN M.P.H.
PRELIMINARY LOCAL CLIMATOLOGICAL DATA (WS FORM: F-6) , PAGE 2
STATION: BRADFORD
MONTH: APRIL
YEAR: 2024
LATITUDE: 41 47 N
LONGITUDE: 78 38 W
[TEMPERATURE DATA] [PRECIPITATION DATA] SYMBOLS USED IN COLUMN 16
AVERAGE MONTHLY: 48.1 TOTAL FOR MONTH: 4.89 1 = FOG OR MIST
DPTR FM NORMAL: 5.6 DPTR FM NORMAL: 2.78 2 = FOG REDUCING VISIBILITY
HIGHEST: 75 ON 14 GRTST 24HR 1.77 ON 11-12 TO 1/4 MILE OR LESS
LOWEST: 28 ON 7 3 = THUNDER
SNOW, ICE PELLETS, HAIL 4 = ICE PELLETS
TOTAL MONTH: M 5 = HAIL
GRTST 24HR M ON M 6 = FREEZING RAIN OR DRIZZLE
GRTST DEPTH: M ON M 7 = DUSTSTORM OR SANDSTORM:
VSBY 1/2 MILE OR LESS
8 = SMOKE OR HAZE
[NO. OF DAYS WITH] [WEATHER - DAYS WITH] 9 = BLOWING SNOW
X = TORNADO
MAX 32 OR BELOW: 0 0.01 INCH OR MORE: 12
MAX 90 OR ABOVE: 0 0.10 INCH OR MORE: 9
MIN 32 OR BELOW: 4 0.50 INCH OR MORE: 4
MIN 0 OR BELOW: 0 1.00 INCH OR MORE: 2
[HDD (BASE 65) ]
TOTAL THIS MO. 301 CLEAR (SCALE 0-3) 5
DPTR FM NORMAL -106 PTCLDY (SCALE 4-7) 5
TOTAL FM JUL 1 5317 CLOUDY (SCALE 8-10) 8
DPTR FM NORMAL -1282
[CDD (BASE 65) ]
TOTAL THIS MO. 0
DPTR FM NORMAL 0 [PRESSURE DATA]
TOTAL FM JAN 1 0 HIGHEST SLP M ON M
DPTR FM NORMAL 0 LOWEST SLP 29.11 ON 12
[REMARKS]