000
CXUS54 KAMA 010939
CLMBGD
CLIMATE REPORT
NATIONAL WEATHER SERVICE AMARILLO
439 AM CDT FRI SEP 01 2023
...................................
...THE BORGER CLIMATE SUMMARY FOR THE MONTH OF AUGUST 2023...
CLIMATE NORMAL PERIOD: 1991 TO 2020
CLIMATE RECORD PERIOD: 1949 TO 2023
WEATHER OBSERVED NORMAL DEPART LAST YEAR`S
VALUE DATE(S) VALUE FROM VALUE DATE(S)
NORMAL
................................................................
TEMPERATURE (F)
HIGHEST 108 08/18 101 08/02
08/05
LOWEST 62 08/30 63 08/23
AVG. MAXIMUM 98.2 93.0 5.2 93.3
AVG. MINIMUM 72.0 68.6 3.4 70.9
MEAN 85.1 80.8 4.3 82.1
DAYS MAX >= 90 27 22.7 4.3 25
DAYS MAX <= 32 0 0.0 0.0 0
DAYS MIN <= 32 0 0.0 0.0 0
DAYS MIN <= 0 0 0.0 0.0 0
PRECIPITATION (INCHES)
TOTALS 0.49 2.69 -2.20 1.34
DAILY AVG. 0.02 0.09 -0.07 0.04
DAYS >= .01 3 8.9 -5.9 5
DAYS >= .10 3 4.8 -1.8 3
DAYS >= .50 0 1.7 -1.7 1
DAYS >= 1.00 0 0.5 -0.5 0
GREATEST
24 HR. TOTAL 0.32 08/12 TO 08/13
SNOWFALL (INCHES)
TOTALS MM MM MM MM
SINCE 7/1 MM MM MM MM
DAYS >= TRACE MM MM MM MM
DAYS >= 1.0 MM MM MM MM
GREATEST
SNOW DEPTH MM
24 HR TOTAL MM
DEGREE DAYS
HEATING TOTAL 0 1 -1 0
SINCE 7/1 0 0 0 MM
COOLING TOTAL 631 490 141 537
SINCE 1/1 1847 1713 134 MM
................................................................
WIND (MPH)
AVERAGE WIND SPEED 9.2
HIGHEST WIND SPEED/DIRECTION 26/070 DATE 08/05
HIGHEST GUST SPEED/DIRECTION 49/340 DATE 08/05
SKY COVER
POSSIBLE SUNSHINE (PERCENT) MM
NUMBER OF DAYS FAIR 29
NUMBER OF DAYS PC 2
NUMBER OF DAYS CLOUDY 0
AVERAGE RH (PERCENT) 45
WEATHER CONDITIONS. NUMBER OF DAYS WITH
THUNDERSTORM 7 MIXED PRECIP 0
HEAVY RAIN 0 RAIN 0
LIGHT RAIN 5 FREEZING RAIN 0
LT FREEZING RAIN 0 HEAVY SNOW 0
SNOW 0 LIGHT SNOW 0
SLEET 0 FOG 1
FOG W/VIS <= 1/4 MILE 0 HAZE 1
- INDICATES NEGATIVE NUMBERS.
R INDICATES RECORD WAS SET OR TIED.
MM INDICATES DATA IS MISSING.
T INDICATES TRACE AMOUNT.
$$