000
CXUS51 KBGM 010559
CLMBGM
CLIMATE REPORT
NATIONAL WEATHER SERVICE BINGHAMTON,NY
1259 AM EST FRI MAR 01 2024
...................................
...THE BINGHAMTON NY CLIMATE SUMMARY FOR THE MONTH OF FEBRUARY 2024...
CLIMATE NORMAL PERIOD 1991 TO 2020
CLIMATE RECORD PERIOD 1951 TO 2024
WEATHER OBSERVED NORMAL DEPART LAST YEAR`S
VALUE DATE(S) VALUE FROM VALUE DATE(S)
NORMAL
................................................................
TEMPERATURE (F)
RECORD
HIGH 70 02/24/2017
LOW -18 02/14/2016
HIGHEST 64 02/27 31 33 61 02/15
LOWEST 10 02/25 17 -7 -13 02/04
AVG. MAXIMUM 40.2 32.2 8.0 40.1
AVG. MINIMUM 24.1 16.9 7.2 21.2
MEAN 32.1 24.5 7.6 30.6
DAYS MAX >= 90 0 0.0 0.0 0
DAYS MAX <= 32 5 14.4 -9.4 7
DAYS MIN <= 32 24 25.8 -1.8 25
DAYS MIN <= 0 0 1.8 -1.8 2
PRECIPITATION (INCHES)
RECORD
MAXIMUM 4.92 2011
MINIMUM 0.51 1968
TOTALS 1.66 2.41 -0.75 1.89
DAILY AVG. 0.06 NAN NAN 0.07
DAYS >= .01 10 13.9 -3.9 13
DAYS >= .10 4 6.1 -2.1 7
DAYS >= .50 1 1.2 -0.2 0
DAYS >= 1.00 0 0.3 -0.3 0
GREATEST
24 HR. TOTAL 0.94 02/28 TO 02/28
SNOWFALL (INCHES)
RECORDS
TOTAL 44.3 1972
24 HR TOTAL 23.0 02/03/1961 TO 02/04/1961
SNOW DEPTH 28 02/05/1961
TOTALS 4.2 19.7 -15.5 8.7
SINCE 7/1 39.2 66.2 -27.0 MM
SNOWDEPTH AVG. 0 1
DAYS >= TRACE 13 14.0 -1.0 15
DAYS >= 1.0 1 5.9 -4.9 5
GREATEST
SNOW DEPTH 3 02/01 4 02/28
24 HR TOTAL MM
DEGREE DAYS
HEATING TOTAL 948 1133 -185 955
SINCE 7/1 4274 5222 -948 MM
COOLING TOTAL 0 0 0 0
SINCE 1/1 0 0 0 MM
................................................................
WIND (MPH)
AVERAGE WIND SPEED 8.2
RESULTANT WIND SPEED/DIRECTION 3/280
HIGHEST WIND SPEED/DIRECTION 33/240 DATE 02/28
HIGHEST GUST SPEED/DIRECTION 51/270 DATE 02/28
SKY COVER
POSSIBLE SUNSHINE (PERCENT) MM
AVERAGE SKY COVER 0.51
NUMBER OF DAYS FAIR 11
NUMBER OF DAYS PC 9
NUMBER OF DAYS CLOUDY 9
AVERAGE RH (PERCENT) 66
WEATHER CONDITIONS. NUMBER OF DAYS WITH
THUNDERSTORM 1 MIXED PRECIP 0
HEAVY RAIN 2 RAIN 2
LIGHT RAIN 4 FREEZING RAIN 0
LT FREEZING RAIN 0 HAIL 1
HEAVY SNOW 1 SNOW 4
LIGHT SNOW 12 SLEET 0
FOG 12 FOG W/VIS <= 1/4 MILE 1
HAZE 6
- INDICATES NEGATIVE NUMBERS.
R INDICATES RECORD WAS SET OR TIED.
MM INDICATES DATA IS MISSING.
T INDICATES TRACE AMOUNT.
$$