000
CXUS55 KBYZ 011000
CF6BHK
PRELIMINARY LOCAL CLIMATOLOGICAL DATA (WS FORM: F-6)
STATION: BAKER MT
MONTH: JULY
YEAR: 2022
LATITUDE: 46 20 N
LONGITUDE: 104 15 W
TEMPERATURE IN F: :PCPN: SNOW: WIND :SUNSHINE: SKY :PK WND
================================================================================
1 2 3 4 5 6A 6B 7 8 9 10 11 12 13 14 15 16 17 18
12Z AVG MX 2MIN
DY MAX MIN AVG DEP HDD CDD WTR SNW DPTH SPD SPD DIR MIN PSBL S-S WX SPD DR
================================================================================
1 84 45 65 -3 0 0 0.00 M M 4.4 18 100 M M 1 21 110
2 87 51 69 1 0 4 T M M 11.2 24 170 M M 1 38 30 130
3 87 56 72 4 0 7 2.17 M M 16.6 44 330 M M 4 1238 53 320
4 81 60 71 3 0 6 T M M 9.7 24 310 M M 2 32 320
5 80 59 70 1 0 5 0.71 M M 11.3 37 40 M M 3 13 52 320
6 84 63 74 5 0 9 0.09 M M 10.6 23 280 M M 2 13 29 250
7 83 59 71 2 0 6 0.01 M M 7.4 20 360 M M 2 3 24 350
8 86 64 75 5 0 10 0.00 M M 15.7 22 150 M M 4 1 28 140
9 88 64 76 6 0 11 T M M 13.4 41 290 M M 1 138 60 280
10 83 59 71 1 0 6 0.04 M M 13.0 24 20 M M 2 3 30 30
11 79 54 67 -3 0 2 0.00 M M 9.2 18 320 M M 0 31 330
12 85 58 72 2 0 7 0.00 M M 9.1 14 60 M M 0 17 220
13 90 58 74 3 0 9 0.01 M M 17.2 31 250 M M 0 38 44 280
14 91 64 78 7 0 13 0.03 M M 8.4 18 280 M M 1 3 24 270
15 95 58 77 6 0 12 0.05 M M 9.5 30 270 M M 1 3 35 270
16 92 60 76 5 0 11 T M M 4.6 22 170 M M 0 26 170
17 100 63 82 11 0 17 T M M 8.1 20 150 M M 0 24 140
18 98 65 82 10 0 17 T M M 6.6 30 290 M M 1 3 39 290
19 81 53 67 -5 0 2 0.00 M M 18.9 41 300 M M 2 54 310
20 88 55 72 0 0 7 0.00 M M 11.0 25 320 M M 0 32 280
21 92 57 75 3 0 10 0.00 M M 8.3 22 340 M M 0 29 330
22 98 62 80 8 0 15 0.00 M M 9.0 21 340 M M 0 26 210
23 82 55 69 -3 0 4 T M M 10.0 24 10 M M 1 30 20
24 85 51 68 -4 0 3 0.00 M M 8.4 17 80 M M 0 21 80
25 87 60 74 2 0 9 0.06 M M 7.7 31 300 M M 4 3 42 280
26 79 56 68 -4 0 3 0.00 M M 8.4 20 310 M M 3 25 320
27 79 45 62 -10 3 0 0.00 M M 7.7 22 330 M M 4 28 10
28 82 44 63 -9 2 0 T M M 5.8 16 330 M M 0 20 10
29 91 53 72 0 0 7 0.00 M M 6.9 15 130 M M 0 20 130
30 99 53 76 4 0 11 0.00 M M 8.1 23 320 M M 0 36 290
31 87 59 73 1 0 8 0.00 M M 8.9 15 140 M M 0 21 10
================================================================================
SM 2703 1763 5 231 3.17 M 305.1 M 39
================================================================================
AV 87.2 56.9 9.8 FASTST M M 1 MAX(MPH)
MISC ----> 44 330 60 280
================================================================================
NOTES:
# LAST OF SEVERAL OCCURRENCES
COLUMN 17 PEAK WIND IN M.P.H.
PRELIMINARY LOCAL CLIMATOLOGICAL DATA (WS FORM: F-6) , PAGE 2
STATION: BAKER MT
MONTH: JULY
YEAR: 2022
LATITUDE: 46 20 N
LONGITUDE: 104 15 W
[TEMPERATURE DATA] [PRECIPITATION DATA] SYMBOLS USED IN COLUMN 16
AVERAGE MONTHLY: 72.0 TOTAL FOR MONTH: 3.17 1 = FOG OR MIST
DPTR FM NORMAL: 1.3 DPTR FM NORMAL: 1.14 2 = FOG REDUCING VISIBILITY
HIGHEST: 100 ON 17 GRTST 24HR 2.17 ON 3- 3 TO 1/4 MILE OR LESS
LOWEST: 44 ON 28 3 = THUNDER
SNOW, ICE PELLETS, HAIL 4 = ICE PELLETS
TOTAL MONTH: M 5 = HAIL
GRTST 24HR M ON M 6 = FREEZING RAIN OR DRIZZLE
GRTST DEPTH: M ON M 7 = DUSTSTORM OR SANDSTORM:
VSBY 1/2 MILE OR LESS
8 = SMOKE OR HAZE
[NO. OF DAYS WITH] [WEATHER - DAYS WITH] 9 = BLOWING SNOW
X = TORNADO
MAX 32 OR BELOW: 0 0.01 INCH OR MORE: 9
MAX 90 OR ABOVE: 10 0.10 INCH OR MORE: 2
MIN 32 OR BELOW: 0 0.50 INCH OR MORE: 2
MIN 0 OR BELOW: 0 1.00 INCH OR MORE: 1
[HDD (BASE 65) ]
TOTAL THIS MO. 5 CLEAR (SCALE 0-3) 27
DPTR FM NORMAL -14 PTCLDY (SCALE 4-7) 4
TOTAL FM JUL 1 5 CLOUDY (SCALE 8-10) 0
DPTR FM NORMAL -8
[CDD (BASE 65) ]
TOTAL THIS MO. 231
DPTR FM NORMAL 34 [PRESSURE DATA]
TOTAL FM JAN 1 277 HIGHEST SLP 30.16 ON 28
DPTR FM NORMAL 19 LOWEST SLP 29.51 ON 18
[REMARKS]
#FINAL-07-22#