000
CXUS53 KBIS 010830
CF6BIS
PRELIMINARY LOCAL CLIMATOLOGICAL DATA (WS FORM: F-6)
STATION: BISMARCK ND
MONTH: OCTOBER
YEAR: 2022
LATITUDE: 46 46 N
LONGITUDE: 100 45 W
TEMPERATURE IN F: :PCPN: SNOW: WIND :SUNSHINE: SKY :PK WND
================================================================================
1 2 3 4 5 6A 6B 7 8 9 10 11 12 13 14 15 16 17 18
12Z AVG MX 2MIN
DY MAX MIN AVG DEP HDD CDD WTR SNW DPTH SPD SPD DIR MIN PSBL S-S WX SPD DR
================================================================================
1 73 53 63 10 2 0 0.03 0.0 0 12.3 23 80 M M 3 32 50
2 72 51 62 10 3 0 0.01 0.0 0 5.6 13 60 M M 3 16 50
3 72 54 63 11 2 0 0.01 0.0 0 7.0 16 300 M M 4 24 290
4 73 44 59 8 6 0 0.00 0.0 0 4.2 12 320 M M 2 1 15 330
5 81 43 62 11 3 0 0.00 0.0 0 9.7 25 30 M M 2 1 34 40
6 49 27 38 -12 27 0 0.00 0.0 0 11.5 22 40 M M 4 30 20
7 57 17 37 -13 28 0 0.00 0.0 0 3.5 16 240 M M 0 23 190
8 72 28 50 1 15 0 0.00 0.0 0 6.4 18 330 M M 0 26 310
9 66 33 50 1 15 0 0.00 0.0 0 5.3 10 70 M M 0 8 14 100
10 76 36 56 8 9 0 0.00 0.0 0 7.6 20 160 M M 0 26 150
11 66 36 51 3 14 0 0.00 0.0 0 10.7 31 310 M M 1 46 320
12 56 38 47 0 18 0 0.01 0.0 0 20.3 38 310 M M 6 52 310
13 56 36 46 0 19 0 0.00 0.0 0 22.3 41 320 M M 0 62 320
14 51 31 41 -5 24 0 T T 0 11.5 24 320 M M 1 37 320
15 60 29 45 0 20 0 0.00 0.0 0 12.6 28 320 M M 4 39 320
16 47 28 38 -7 27 0 0.00 0.0 0 10.1 22 310 M M 1 30 310
17 43 28 36 -8 29 0 0.00 0.0 0 5.7 12 80 M M 9 14 100
18 51 20 36 -8 29 0 0.00 0.0 0 5.7 13 160 M M 0 18 160
19 72 23 48 5 17 0 0.00 0.0 0 6.8 20 330 M M 0 8 27 330
20 81 32 57 14 8 0 0.00 0.0 0 6.4 21 280 M M 0 28 280
21 59 35 47 5 18 0 0.00 0.0 0 8.2 22 320 M M 4 29 330
22 55 46 51 9 14 0 0.00 0.0 0 11.2 18 60 M M 2 24 60
23 67 41 54 13 11 0 T 0.0 0 12.9 22 70 M M 3 28 80
24 50 33 42 1 23 0 0.40 T 0 17.5 32 310 M M 10 13 45 330
25 48 24 36 -4 29 0 0.00 0.0 0 6.7 23 300 M M 2 33 310
26 58 23 41 1 24 0 0.00 0.0 0 3.2 15 250 M M 2 1 18 200
27 61 34 48 9 17 0 0.00 0.0 0 6.4 15 240 M M 1 21 240
28 66 27 47 9 18 0 0.00 0.0 0 5.1 15 230 M M 0 20 220
29 63 28 46 8 19 0 0.00 0.0 0 4.0 15 320 M M 0 20 310
30 64 23 44 6 21 0 0.00 0.0 0 3.7 14 190 M M 0 18 200
31 66 30 48 11 17 0 0.00 0.0 0 3.0 10 240 M M 0 15 250
================================================================================
SM 1931 1031 526 0 0.46 T 267.1 M 64
================================================================================
AV 62.3 33.3 8.6 FASTST M M 2 MAX(MPH)
MISC ----> 41 320 62 320
================================================================================
NOTES:
# LAST OF SEVERAL OCCURRENCES
COLUMN 17 PEAK WIND IN M.P.H.
PRELIMINARY LOCAL CLIMATOLOGICAL DATA (WS FORM: F-6) , PAGE 2
STATION: BISMARCK ND
MONTH: OCTOBER
YEAR: 2022
LATITUDE: 46 46 N
LONGITUDE: 100 45 W
[TEMPERATURE DATA] [PRECIPITATION DATA] SYMBOLS USED IN COLUMN 16
AVERAGE MONTHLY: 47.8 TOTAL FOR MONTH: 0.46 1 = FOG OR MIST
DPTR FM NORMAL: 3.0 DPTR FM NORMAL: -0.97 2 = FOG REDUCING VISIBILITY
HIGHEST: 81 ON 20, 5 GRTST 24HR 0.40 ON 24-24 TO 1/4 MILE OR LESS
LOWEST: 17 ON 7 3 = THUNDER
SNOW, ICE PELLETS, HAIL 4 = ICE PELLETS
TOTAL MONTH: T 5 = HAIL
GRTST 24HR T ON 14-14 6 = FREEZING RAIN OR DRIZZLE
GRTST DEPTH: 0 7 = DUSTSTORM OR SANDSTORM:
VSBY 1/2 MILE OR LESS
8 = SMOKE OR HAZE
[NO. OF DAYS WITH] [WEATHER - DAYS WITH] 9 = BLOWING SNOW
X = TORNADO
MAX 32 OR BELOW: 0 0.01 INCH OR MORE: 5
MAX 90 OR ABOVE: 0 0.10 INCH OR MORE: 1
MIN 32 OR BELOW: 16 0.50 INCH OR MORE: 0
MIN 0 OR BELOW: 0 1.00 INCH OR MORE: 0
[HDD (BASE 65) ]
TOTAL THIS MO. 526 CLEAR (SCALE 0-3) 23
DPTR FM NORMAL -100 PTCLDY (SCALE 4-7) 6
TOTAL FM JUL 1 635 CLOUDY (SCALE 8-10) 2
DPTR FM NORMAL -243
[CDD (BASE 65) ]
TOTAL THIS MO. 0
DPTR FM NORMAL -2 [PRESSURE DATA]
TOTAL FM JAN 1 755 HIGHEST SLP 30.68 ON 7
DPTR FM NORMAL 219 LOWEST SLP 29.22 ON 24
[REMARKS]
#FINAL-10-22#