000
CXUS53 KGRR 011010
CF6BIV
PRELIMINARY LOCAL CLIMATOLOGICAL DATA (WS FORM: F-6)
STATION: HOLLAND
MONTH: JANUARY
YEAR: 2024
LATITUDE: 42 49 N
LONGITUDE: 86 10 W
TEMPERATURE IN F: :PCPN: SNOW: WIND :SUNSHINE: SKY :PK WND
================================================================================
1 2 3 4 5 6A 6B 7 8 9 10 11 12 13 14 15 16 17 18
12Z AVG MX 2MIN
DY MAX MIN AVG DEP HDD CDD WTR SNW DPTH SPD SPD DIR MIN PSBL S-S WX SPD DR
================================================================================
1 37 31 34 6 31 0 0.01 M M 7.5 17 260 M M 10 18 23 250
2 38 31 35 7 30 0 0.00 M M 14.4 25 230 M M 10 36 230
3 36 32 34 7 31 0 T M M 7.2 13 350 M M 10 1 21 20
4 32 28 30 3 35 0 0.00 M M 4.7 12 30 M M 10 20 10
5 37 30 34 7 31 0 0.00 M M 8.1 13 190 M M 10 19 300
6 35 30 33 6 32 0 0.01 M M 8.1 15 110 M M 10 1 20 110
7 38 32 35 8 30 0 0.11 M M 5.0 14 290 M M 10 18 20 310
8 36 32 34 7 31 0 0.00 M M 9.6 16 100 M M 10 25 110
9 35 32 34 8 31 0 0.72 M M 10.7 20 70 M M 10 1 30 70
10 36 31 34 8 31 0 0.12 M M 12.7 24 320 M M 10 1 37 300
11 37 30 34 8 31 0 0.11 M M 8.3 18 290 M M 10 1 30 280
12 35 28 32 6 33 0 0.49 M M 12.0 25 100 M M 9 1 37 100
13 37 21 29 3 36 0 0.31 M M 16.0 28 250 M M 10 128 40 300
14 21 0 11 -15 54 0 0.02 M M 18.1 28 250 M M 10 128 38 260
15 16 -1 8 -18 57 0 0.02 M M 11.2 20 260 M M 10 18 27 260
16 15 9 12 -14 53 0 0.01 M M 17.9 25 250 M M 10 18 37 260
17 22 7 15 -10 50 0 T M M 19.0 30 240 M M 9 8 38 250
18 22 19 21 -4 44 0 T M M 7.0 17 270 M M 10 25 280
19 22 13 18 -7 47 0 0.01 M M 4.1 13 10 M M M 1 18 20
20 24 -2 11 -14 54 0 0.23 M M 5.5 14 330 M M M 1 26 330
21 24 12 18 -7 47 0 T M M 8.7 17 230 M M M 8 24 210
22 35 13 24 -1 41 0 0.02 M M 11.3 21 240 M M 10 18 29 240
23 35 33 34 9 31 0 0.34 M M 6.3 10 130 M M 10 12 14 200
24 38 34 36 11 29 0 0.12 M M 4.6 9 80 M M 10 12 12 80
25 39 34 37 12 28 0 0.11 M M 4.9 12 70 M M 10 12 19 70
26 39 35 37 12 28 0 0.37 M M 4.8 13 70 M M 10 1 20 80
27 39 34 37 12 28 0 0.02 M M 3.0 8 40 M M 10 12 13 40
28 42 33 38 13 27 0 0.02 M M 7.4 13 330 M M 10 1 21 10
29 35 32 34 9 31 0 0.00 M M 9.2 17 220 M M 8 22 230
30 40 34 37 12 28 0 0.01 M M 8.1 20 210 M M 10 1 29 200
31 40 36 38 13 27 0 0.00 M M 10.4 22 240 M M 10 31 230
================================================================================
SM 1017 763 1117 0 3.18 M 285.8 M 276
================================================================================
AV 32.8 24.6 9.2 FASTST M M 10 MAX(MPH)
MISC ----> 30 240 40 300
================================================================================
NOTES:
# LAST OF SEVERAL OCCURRENCES
COLUMN 17 PEAK WIND IN M.P.H.
PRELIMINARY LOCAL CLIMATOLOGICAL DATA (WS FORM: F-6) , PAGE 2
STATION: HOLLAND
MONTH: JANUARY
YEAR: 2024
LATITUDE: 42 49 N
LONGITUDE: 86 10 W
[TEMPERATURE DATA] [PRECIPITATION DATA] SYMBOLS USED IN COLUMN 16
AVERAGE MONTHLY: 28.7 TOTAL FOR MONTH: 3.18 1 = FOG OR MIST
DPTR FM NORMAL: 2.8 DPTR FM NORMAL: 1.31 2 = FOG REDUCING VISIBILITY
HIGHEST: 42 ON 28 GRTST 24HR 3.88 ON 13-14 TO 1/4 MILE OR LESS
LOWEST: -2 ON 20 3 = THUNDER
SNOW, ICE PELLETS, HAIL 4 = ICE PELLETS
TOTAL MONTH: M 5 = HAIL
GRTST 24HR M ON M 6 = FREEZING RAIN OR DRIZZLE
GRTST DEPTH: M ON M 7 = DUSTSTORM OR SANDSTORM:
VSBY 1/2 MILE OR LESS
8 = SMOKE OR HAZE
[NO. OF DAYS WITH] [WEATHER - DAYS WITH] 9 = BLOWING SNOW
X = TORNADO
MAX 32 OR BELOW: 9 0.01 INCH OR MORE: 21
MAX 90 OR ABOVE: 0 0.10 INCH OR MORE: 11
MIN 32 OR BELOW: 23 0.50 INCH OR MORE: 1
MIN 0 OR BELOW: 3 1.00 INCH OR MORE: 0
[HDD (BASE 65) ]
TOTAL THIS MO. 1117 CLEAR (SCALE 0-3) 0
DPTR FM NORMAL -97 PTCLDY (SCALE 4-7) 1
TOTAL FM JUL 1 3104 CLOUDY (SCALE 8-10) 30
DPTR FM NORMAL -444
[CDD (BASE 65) ]
TOTAL THIS MO. 0
DPTR FM NORMAL 0 [PRESSURE DATA]
TOTAL FM JAN 1 0 HIGHEST SLP 30.62 ON 21
DPTR FM NORMAL 0 LOWEST SLP 28.94 ON 9
[REMARKS]
#FINAL-01-24#