000
CXUS53 KGRR 010910
CF6BIV
PRELIMINARY LOCAL CLIMATOLOGICAL DATA (WS FORM: F-6)
STATION: HOLLAND
MONTH: AUGUST
YEAR: 2023
LATITUDE: 42 49 N
LONGITUDE: 86 10 W
TEMPERATURE IN F: :PCPN: SNOW: WIND :SUNSHINE: SKY :PK WND
================================================================================
1 2 3 4 5 6A 6B 7 8 9 10 11 12 13 14 15 16 17 18
12Z AVG MX 2MIN
DY MAX MIN AVG DEP HDD CDD WTR SNW DPTH SPD SPD DIR MIN PSBL S-S WX SPD DR
================================================================================
1 80 54 67 -5 0 2 0.00 M M 2.7 9 210 M M 1 1 12 190
2 82 64 73 2 0 8 0.00 M M 6.5 16 230 M M 4 21 250
3 82 63 73 2 0 8 0.01 M M 5.9 14 270 M M 0 1 21 250
4 83 65 74 3 0 9 0.00 M M 3.9 12 330 M M 0 18 330
5 82 65 74 3 0 9 0.00 M M 8.8 15 90 M M 1 23 70
6 69 62 66 -5 0 1 0.18 M M 7.7 14 90 M M 7 1 22 80
7 78 61 70 -1 0 5 0.00 M M 7.1 18 320 M M 2 30 320
8 80 61 71 0 0 6 0.00 M M 5.4 15 210 M M 2 1 19 250
9 78 61 70 -1 0 5 0.00 M M 5.1 15 240 M M 0 18 19 240
10 78 60 69 -2 0 4 0.00 M M 5.2 15 280 M M 3 12 21 300
11 84 57 71 0 0 6 0.00 M M 7.9 22 220 M M 2 12 30 220
12 78 63 71 0 0 6 0.04 M M 7.1 21 310 M M 3 38 33 290
13 78 60 69 -2 0 4 T M M 3.5 10 300 M M 3 1 17 320
14 77 62 70 0 0 5 2.69 M M 8.2 18 70 M M 9 13 28 40
15 76 54 65 -5 0 0 0.12 M M 7.9 17 320 M M 7 18 29 20
16 78 51 65 -5 0 0 0.00 M M 6.7 16 210 M M 0 23 210
17 75 56 66 -4 0 1 0.43 M M 12.0 25 220 M M 5 13 37 210
18 73 54 64 -6 1 0 0.00 M M 4.0 14 280 M M 0 21 280
19 79 53 66 -4 0 1 0.00 M M 6.3 15 170 M M 0 20 150
20 83 64 74 4 0 9 0.00 M M 4.4 10 240 M M 0 14 10
21 83 65 74 4 0 9 0.00 M M 5.0 12 310 M M 1 16 90
22 79 64 72 2 0 7 0.00 M M 7.7 15 110 M M 5 19 100
23 91 68 80 11 0 15 0.00 M M 11.5 20 230 M M 5 28 220
24 93 71 82 13 0 17 0.00 M M 9.4 20 220 M M 4 138 27 230
25 79 64 72 3 0 7 0.00 M M 3.5 9 310 M M 7 1 13 310
26 79 62 71 2 0 6 0.00 M M 4.8 13 80 M M 7 12 21 70
27 76 54 65 -4 0 0 0.00 M M 5.4 12 100 M M 1 18 110
28 75 49 62 -6 3 0 0.00 M M 2.5 12 310 M M 1 1 16 270
29 76 55 66 -2 0 1 T M M 8.4 21 240 M M 4 29 260
30 70 55 63 -5 2 0 0.00 M M 6.8 14 320 M M 4 22 310
31 76 45 61 -7 4 0 0.00 M M 2.5 9 110 M M 0 14 80
================================================================================
SM 2450 1842 10 151 3.47 M 193.8 M 88
================================================================================
AV 79.0 59.4 6.3 FASTST M M 3 MAX(MPH)
MISC ----> 25 220 37 210
================================================================================
NOTES:
# LAST OF SEVERAL OCCURRENCES
COLUMN 17 PEAK WIND IN M.P.H.
PRELIMINARY LOCAL CLIMATOLOGICAL DATA (WS FORM: F-6) , PAGE 2
STATION: HOLLAND
MONTH: AUGUST
YEAR: 2023
LATITUDE: 42 49 N
LONGITUDE: 86 10 W
[TEMPERATURE DATA] [PRECIPITATION DATA] SYMBOLS USED IN COLUMN 16
AVERAGE MONTHLY: 69.2 TOTAL FOR MONTH: 3.47 1 = FOG OR MIST
DPTR FM NORMAL: -0.8 DPTR FM NORMAL: 0.41 2 = FOG REDUCING VISIBILITY
HIGHEST: 93 ON 24 GRTST 24HR 2.81 ON 14-15 TO 1/4 MILE OR LESS
LOWEST: 45 ON 31 3 = THUNDER
SNOW, ICE PELLETS, HAIL 4 = ICE PELLETS
TOTAL MONTH: M 5 = HAIL
GRTST 24HR M ON M 6 = FREEZING RAIN OR DRIZZLE
GRTST DEPTH: M ON M 7 = DUSTSTORM OR SANDSTORM:
VSBY 1/2 MILE OR LESS
8 = SMOKE OR HAZE
[NO. OF DAYS WITH] [WEATHER - DAYS WITH] 9 = BLOWING SNOW
X = TORNADO
MAX 32 OR BELOW: 0 0.01 INCH OR MORE: 6
MAX 90 OR ABOVE: 2 0.10 INCH OR MORE: 4
MIN 32 OR BELOW: 0 0.50 INCH OR MORE: 1
MIN 0 OR BELOW: 0 1.00 INCH OR MORE: 1
[HDD (BASE 65) ]
TOTAL THIS MO. 10 CLEAR (SCALE 0-3) 19
DPTR FM NORMAL -5 PTCLDY (SCALE 4-7) 11
TOTAL FM JUL 1 10 CLOUDY (SCALE 8-10) 1
DPTR FM NORMAL -7
[CDD (BASE 65) ]
TOTAL THIS MO. 151
DPTR FM NORMAL -20 [PRESSURE DATA]
TOTAL FM JAN 1 529 HIGHEST SLP 30.28 ON 22
DPTR FM NORMAL -32 LOWEST SLP 29.61 ON 17
[REMARKS]
#FINAL-08-23#