000
CXUS51 KRLX 020510
CF6BKW
PRELIMINARY LOCAL CLIMATOLOGICAL DATA (WS FORM: F-6)
STATION: BECKLEY WV
MONTH: SEPTEMBER
YEAR: 2022
LATITUDE: 37 46 N
LONGITUDE: 81 7 W
TEMPERATURE IN F: :PCPN: SNOW: WIND :SUNSHINE: SKY :PK WND
================================================================================
1 2 3 4 5 6A 6B 7 8 9 10 11 12 13 14 15 16 17 18
12Z AVG MX 2MIN
DY MAX MIN AVG DEP HDD CDD WTR SNW DPTH SPD SPD DIR MIN PSBL S-S WX SPD DR
================================================================================
1 77 54 66 -3 0 1 0.00 0.0 0 2.9 10 40 M M 0 17 10
2 80 57 69 0 0 4 0.00 0.0 0 7.8 16 140 M M 1 23 140
3 82 66 74 6 0 9 0.00 0.0 0 7.1 14 110 M M 1 19 110
4 78 67 73 5 0 8 0.08 0.0 0 6.0 14 130 M M 7 13 20 130
5 70 65 68 0 0 3 0.89 0.0 0 4.2 15 160 M M 10 12 20 170
6 78 64 71 3 0 6 0.02 0.0 0 3.8 14 10 M M 8 12 16 10
7 73 60 67 0 0 2 T 0.0 0 6.2 17 360 M M 9 1 22 350
8 74 60 67 0 0 2 0.00 0.0 0 4.8 15 10 M M 7 20 10
9 75 61 68 1 0 3 0.00 0.0 0 7.9 15 120 M M 4 20 140
10 64 60 62 -5 3 0 0.43 0.0 0 10.5 18 130 M M 7 1 24 130
11 80 64 72 6 0 7 0.02 0.0 0 6.0 14 240 M M 7 20 140
12 73 54 64 -2 1 0 0.10 0.0 0 5.8 15 220 M M 8 1 19 300
13 68 49 59 -7 6 0 0.00 0.0 0 6.5 16 270 M M 2 1 22 270
14 71 48 60 -5 5 0 0.00 0.0 0 3.5 12 360 M M 1 21 300
15 75 49 62 -3 3 0 0.00 0.0 0 3.1 12 350 M M 0 1 16 350
16 77 52 65 0 0 0 0.00 0.0 0 1.8 9 340 M M 1 1 14 330
17 77 55 66 2 0 1 0.00 0.0 0 5.4 12 140 M M 1 18 150
18 77 55 66 2 0 1 0.00 0.0 0 3.4 12 240 M M 2 15 230
19 75 55 65 1 0 0 0.03 0.0 0 4.2 14 260 M M 4 8 18 280
20 79 57 68 5 0 3 0.00 0.0 0 4.0 13 340 M M 4 1 17 340
21 83 53 68 5 0 3 0.00 0.0 0 3.6 10 200 M M 0 1 13 310
22 70 47 59 -4 6 0 0.13 0.0 0 10.3 22 310 M M 5 1 33 310
23 60 39 50 -12 15 0 0.00 0.0 0 5.8 17 350 M M 1 24 360
24 69 48 59 -3 6 0 T 0.0 0 7.3 18 210 M M 7 3 25 230
25 69 52 61 -1 4 0 0.09 0.0 0 8.7 22 260 M M 3 1 29 230
26 66 46 56 -5 9 0 0.00 0.0 0 8.0 22 290 M M 5 30 260
27 61 42 52 -9 13 0 0.00 0.0 0 6.8 20 280 M M 3 24 290
28 57 36 47 -14 18 0 0.00 0.0 0 5.1 17 330 M M 3 22 340
29 63 45 54 -6 11 0 0.00 0.0 0 7.1 14 10 M M 5 22 350
30 57 42 50 -10 15 0 0.66 0.0 0 7.3 15 350 M M 4 12 21 90
================================================================================
SM 2158 1602 115 53 2.45 0.0 174.9 M 120
================================================================================
AV 71.9 53.4 5.8 FASTST M M 4 MAX(MPH)
MISC ----> # 22 310 33 310
================================================================================
NOTES:
# LAST OF SEVERAL OCCURRENCES
COLUMN 17 PEAK WIND IN M.P.H.
PRELIMINARY LOCAL CLIMATOLOGICAL DATA (WS FORM: F-6) , PAGE 2
STATION: BECKLEY WV
MONTH: SEPTEMBER
YEAR: 2022
LATITUDE: 37 46 N
LONGITUDE: 81 7 W
[TEMPERATURE DATA] [PRECIPITATION DATA] SYMBOLS USED IN COLUMN 16
AVERAGE MONTHLY: 62.7 TOTAL FOR MONTH: 2.45 1 = FOG OR MIST
DPTR FM NORMAL: -2.0 DPTR FM NORMAL: -0.75 2 = FOG REDUCING VISIBILITY
HIGHEST: 83 ON 21 GRTST 24HR 0.93 ON 4- 5 TO 1/4 MILE OR LESS
LOWEST: 36 ON 28 3 = THUNDER
SNOW, ICE PELLETS, HAIL 4 = ICE PELLETS
TOTAL MONTH: 0.0 INCH 5 = HAIL
GRTST 24HR 0.0 6 = FREEZING RAIN OR DRIZZLE
GRTST DEPTH: 0 7 = DUSTSTORM OR SANDSTORM:
VSBY 1/2 MILE OR LESS
8 = SMOKE OR HAZE
[NO. OF DAYS WITH] [WEATHER - DAYS WITH] 9 = BLOWING SNOW
X = TORNADO
MAX 32 OR BELOW: 0 0.01 INCH OR MORE: 10
MAX 90 OR ABOVE: 0 0.10 INCH OR MORE: 5
MIN 32 OR BELOW: 0 0.50 INCH OR MORE: 2
MIN 0 OR BELOW: 0 1.00 INCH OR MORE: 0
[HDD (BASE 65) ]
TOTAL THIS MO. 115 CLEAR (SCALE 0-3) 14
DPTR FM NORMAL 30 PTCLDY (SCALE 4-7) 13
TOTAL FM JUL 1 116 CLOUDY (SCALE 8-10) 3
DPTR FM NORMAL 14
[CDD (BASE 65) ]
TOTAL THIS MO. 53
DPTR FM NORMAL -23 [PRESSURE DATA]
TOTAL FM JAN 1 694 HIGHEST SLP 30.40 ON 29
DPTR FM NORMAL 40 LOWEST SLP 29.73 ON 25
[REMARKS]
#FINAL-09-22#