000
CXUS55 KSEW 011030
CF6BLI
PRELIMINARY LOCAL CLIMATOLOGICAL DATA (WS FORM: F-6)
STATION: BELLINGHAM WA AIRPORT
MONTH: JANUARY
YEAR: 2021
LATITUDE: 48 47 N
LONGITUDE: 122 32 W
TEMPERATURE IN F: :PCPN: SNOW: WIND :SUNSHINE: SKY :PK WND
================================================================================
1 2 3 4 5 6A 6B 7 8 9 10 11 12 13 14 15 16 17 18
12Z AVG MX 2MIN
DY MAX MIN AVG DEP HDD CDD WTR SNW DPTH SPD SPD DIR MIN PSBL S-S WX SPD DR
================================================================================
1 57 47 52 14 13 0 0.11 M M 14.5 31 170 M M 10 50 150
2 51 45 48 10 17 0 0.63 M M 18.4 38 170 M M 10 1 52 170
3 48 40 44 6 21 0 0.08 M M 10.4 24 170 M M 7 1 33 170
4 54 42 48 10 17 0 0.45 M M 9.0 30 150 M M 10 1 39 150
5 52 38 45 7 20 0 0.28 M M 18.6 35 170 M M 8 1 47 170
6 50 38 44 6 21 0 0.02 M M 6.9 28 170 M M 7 1 38 160
7 47 33 40 1 25 0 0.00 M M 4.6 10 50 M M 4 12 15 40
8 49 32 41 2 24 0 0.27 M M 4.1 13 180 M M 6 12 17 180
9 46 29 38 -1 27 0 T M M 4.1 14 40 M M 8 12 19 20
10 54 41 48 9 17 0 0.05 M M 5.4 22 170 M M 9 1 28 160
11 55 47 51 12 14 0 0.45 M M 12.3 29 160 M M 9 1 40 170
12 60 52 56 17 9 0 0.35 M M 16.8 32 170 M M 10 1 43 180
13 56 35 46 7 19 0 0.19 M M 4.7 24 210 M M 1 1 39 200
14 54 35 45 6 20 0 T M M 5.5 17 180 M M 5 27 190
15 54 35 45 6 20 0 0.09 M M 5.6 18 180 M M 4 1 29 190
16 46 34 40 1 25 0 0.01 M M 1.8 7 80 M M 6 1 10 70
17 49 42 46 7 19 0 0.03 M M 4.4 14 190 M M 9 1 21 190
18 49 32 41 1 24 0 T M M 2.8 10 40 M M 5 12 13 50
19 47 31 39 -1 26 0 0.00 M M 4.4 17 190 M M 7 12 24 190
20 46 38 42 2 23 0 0.00 M M 1.1 6 30 M M 9 7 50
21 50 37 44 4 21 0 0.00 M M 8.0 20 40 M M 5 27 50
22 46 27 37 -3 28 0 0.00 M M 7.8 17 20 M M 0 23 10
23 41 23 32 -8 33 0 0.00 M M 1.2 8 180 M M 2 11 190
24 39 33 36 -4 29 0 0.54 M M 4.5 10 50 M M 10 16 13 90
25 45 32 39 -1 26 0 0.06 M M 6.0 14 160 M M 8 1 19 160
26 47 33 40 0 25 0 0.01 M M 7.7 15 50 M M 7 1 21 50
27 44 34 39 -1 26 0 0.08 M M 7.3 14 170 M M 9 1 20 50
28 46 37 42 2 23 0 0.05 M M 5.5 13 40 M M 10 1 17 40
29 45 32 39 -1 26 0 T M M 3.5 15 150 M M 9 18 19 120
30 50 39 45 5 20 0 0.01 M M 10.8 26 160 M M 10 36 170
31 53 41 47 7 18 0 1.30 M M 7.0 23 160 M M 10 1 31 160
================================================================================
SM 1530 1134 676 0 5.06 M 224.7 M 224
================================================================================
AV 49.4 36.6 7.2 FASTST M M 7 MAX(MPH)
MISC ----> 38 170 52 170
================================================================================
NOTES:
# LAST OF SEVERAL OCCURRENCES
COLUMN 17 PEAK WIND IN M.P.H.
PRELIMINARY LOCAL CLIMATOLOGICAL DATA (WS FORM: F-6) , PAGE 2
STATION: BELLINGHAM WA AIRPORT
MONTH: JANUARY
YEAR: 2021
LATITUDE: 48 47 N
LONGITUDE: 122 32 W
[TEMPERATURE DATA] [PRECIPITATION DATA] SYMBOLS USED IN COLUMN 16
AVERAGE MONTHLY: 43.0 TOTAL FOR MONTH: 5.06 1 = FOG OR MIST
DPTR FM NORMAL: 3.8 DPTR FM NORMAL: 0.39 2 = FOG REDUCING VISIBILITY
HIGHEST: 60 ON 12 GRTST 24HR 2.79 ON 11-12 TO 1/4 MILE OR LESS
LOWEST: 23 ON 23 3 = THUNDER
SNOW, ICE PELLETS, HAIL 4 = ICE PELLETS
TOTAL MONTH: M 5 = HAIL
GRTST 24HR M ON M 6 = FREEZING RAIN OR DRIZZLE
GRTST DEPTH: M ON M 7 = DUSTSTORM OR SANDSTORM:
VSBY 1/2 MILE OR LESS
8 = SMOKE OR HAZE
[NO. OF DAYS WITH] [WEATHER - DAYS WITH] 9 = BLOWING SNOW
X = TORNADO
MAX 32 OR BELOW: 0 0.01 INCH OR MORE: 21
MAX 90 OR ABOVE: 0 0.10 INCH OR MORE: 10
MIN 32 OR BELOW: 8 0.50 INCH OR MORE: 3
MIN 0 OR BELOW: 0 1.00 INCH OR MORE: 1
[HDD (BASE 65) ]
TOTAL THIS MO. 676 CLEAR (SCALE 0-3) 3
DPTR FM NORMAL -124 PTCLDY (SCALE 4-7) 14
TOTAL FM JUL 1 2628 CLOUDY (SCALE 8-10) 14
DPTR FM NORMAL -562
[CDD (BASE 65) ]
TOTAL THIS MO. 0
DPTR FM NORMAL 0 [PRESSURE DATA]
TOTAL FM JAN 1 0 HIGHEST SLP 30.64 ON 18
DPTR FM NORMAL 0 LOWEST SLP 29.29 ON 12
[REMARKS]
#FINAL-01-21#