000
CXUS55 KSEW 011030
CF6BLI
PRELIMINARY LOCAL CLIMATOLOGICAL DATA (WS FORM: F-6)
STATION: BELLINGHAM WA AIRPORT
MONTH: DECEMBER
YEAR: 2020
LATITUDE: 48 47 N
LONGITUDE: 122 32 W
TEMPERATURE IN F: :PCPN: SNOW: WIND :SUNSHINE: SKY :PK WND
================================================================================
1 2 3 4 5 6A 6B 7 8 9 10 11 12 13 14 15 16 17 18
12Z AVG MX 2MIN
DY MAX MIN AVG DEP HDD CDD WTR SNW DPTH SPD SPD DIR MIN PSBL S-S WX SPD DR
================================================================================
1 48 31 40 0 25 0 0.00 M M 2.7 9 40 M M 0 1 13 40
2 53 29 41 1 24 0 0.00 M M 2.7 12 50 M M 0 1 14 40
3 47 30 39 0 26 0 0.00 M M 2.3 6 20 M M 4 1 8 90
4 52 30 41 2 24 0 0.00 M M 1.1 8 30 M M 1 128 10 30
5 53 28 41 2 24 0 0.00 M M 3.3 14 50 M M 0 1 17 40
6 56 36 46 7 19 0 T M M 8.7 18 170 M M 8 27 190
7 59 45 52 13 13 0 0.25 M M 8.6 31 170 M M 9 1 46 170
8 52 46 49 10 16 0 0.99 M M 5.2 17 170 M M 10 1 25 180
9 50 34 42 4 23 0 0.07 M M 5.9 14 190 M M 7 12 22 190
10 45 33 39 1 26 0 0.06 M M 2.8 10 180 M M 8 12 15 30
11 46 31 39 1 26 0 0.14 M M 5.5 13 180 M M 8 12 19 170
12 42 28 35 -3 30 0 0.00 M M 3.8 14 40 M M 5 128 20 40
13 43 36 40 2 25 0 0.29 M M 4.5 14 160 M M 9 1 18 160
14 49 39 44 6 21 0 0.09 M M 6.8 22 160 M M 9 1 27 170
15 50 44 47 9 18 0 0.16 M M 14.5 31 150 M M 9 1 41 140
16 52 45 49 11 16 0 0.35 M M 12.3 26 170 M M 9 1 39 160
17 49 45 47 9 18 0 0.40 M M 8.9 28 170 M M 9 1 37 160
18 52 43 48 10 17 0 0.26 M M 17.8 33 160 M M 10 1 47 190
19 52 46 49 11 16 0 0.20 M M 11.4 30 170 M M 9 1 46 170
20 55 40 48 10 17 0 0.01 M M 5.8 18 190 M M 3 1 29 190
21 42 33 38 0 27 0 1.82 M M 4.8 18 30 M M 10 1 25 20
22 39 28 34 -4 31 0 0.00 M M 1.9 7 30 M M 6 12 7 30
23 38 25 32 -6 33 0 0.00 M M 3.3 9 50 M M 0 1 12 40
24 37 23 30 -8 35 0 0.00 M M 3.5 9 30 M M 0 1 12 40
25 49 31 40 2 25 0 0.23 M M 5.0 18 170 M M 8 1 28 160
26 51 42 47 9 18 0 0.21 M M 13.1 33 170 M M 8 1 46 160
27 48 39 44 6 21 0 0.13 M M 6.5 15 160 M M 10 20 180
28 48 31 40 2 25 0 0.00 M M 3.2 9 30 M M 5 12 11 30
29 41 32 37 -1 28 0 0.41 M M 2.9 10 60 M M 8 12 14 160
30 50 41 46 8 19 0 0.35 M M 19.4 36 160 M M 10 1 48 180
31 50 41 46 8 19 0 0.40 M M 6.0 18 170 M M 10 1 23 160
================================================================================
SM 1498 1105 705 0 6.82 M 204.2 M 202
================================================================================
AV 48.3 35.6 6.6 FASTST M M 7 MAX(MPH)
MISC ----> 36 160 48 180
================================================================================
NOTES:
# LAST OF SEVERAL OCCURRENCES
COLUMN 17 PEAK WIND IN M.P.H.
PRELIMINARY LOCAL CLIMATOLOGICAL DATA (WS FORM: F-6) , PAGE 2
STATION: BELLINGHAM WA AIRPORT
MONTH: DECEMBER
YEAR: 2020
LATITUDE: 48 47 N
LONGITUDE: 122 32 W
[TEMPERATURE DATA] [PRECIPITATION DATA] SYMBOLS USED IN COLUMN 16
AVERAGE MONTHLY: 42.0 TOTAL FOR MONTH: 6.82 1 = FOG OR MIST
DPTR FM NORMAL: 3.9 DPTR FM NORMAL: 2.60 2 = FOG REDUCING VISIBILITY
HIGHEST: 59 ON 7 GRTST 24HR 1.82 ON 21-21 TO 1/4 MILE OR LESS
LOWEST: 23 ON 24 3 = THUNDER
SNOW, ICE PELLETS, HAIL 4 = ICE PELLETS
TOTAL MONTH: M 5 = HAIL
GRTST 24HR M ON M 6 = FREEZING RAIN OR DRIZZLE
GRTST DEPTH: M ON M 7 = DUSTSTORM OR SANDSTORM:
VSBY 1/2 MILE OR LESS
8 = SMOKE OR HAZE
[NO. OF DAYS WITH] [WEATHER - DAYS WITH] 9 = BLOWING SNOW
X = TORNADO
MAX 32 OR BELOW: 0 0.01 INCH OR MORE: 20
MAX 90 OR ABOVE: 0 0.10 INCH OR MORE: 16
MIN 32 OR BELOW: 13 0.50 INCH OR MORE: 2
MIN 0 OR BELOW: 0 1.00 INCH OR MORE: 1
[HDD (BASE 65) ]
TOTAL THIS MO. 705 CLEAR (SCALE 0-3) 6
DPTR FM NORMAL -129 PTCLDY (SCALE 4-7) 11
TOTAL FM JUL 1 1952 CLOUDY (SCALE 8-10) 14
DPTR FM NORMAL -433
[CDD (BASE 65) ]
TOTAL THIS MO. 0
DPTR FM NORMAL 0 [PRESSURE DATA]
TOTAL FM JAN 1 84 HIGHEST SLP 30.66 ON 1
DPTR FM NORMAL 42 LOWEST SLP 29.43 ON 16
[REMARKS]
#FINAL-12-20#