000
CXUS53 KIND 010600
CF6BMG
PRELIMINARY LOCAL CLIMATOLOGICAL DATA (WS FORM: F-6)
STATION: BLOOMINGTON IN
MONTH: JUNE
YEAR: 2020
LATITUDE: 39 7 N
LONGITUDE: 86 37 W
TEMPERATURE IN F: :PCPN: SNOW: WIND :SUNSHINE: SKY :PK WND
================================================================================
1 2 3 4 5 6A 6B 7 8 9 10 11 12 13 14 15 16 17 18
12Z AVG MX 2MIN
DY MAX MIN AVG DEP HDD CDD WTR SNW DPTH SPD SPD DIR MIN PSBL S-S WX SPD DR
================================================================================
1 78 47 63 -5 2 0 0.00 M M 4.0 12 210 M M 0 16 220
2 89 61 75 7 0 10 0.00 M M 9.5 18 230 M M 0 30 260
3 90 69 80 12 0 15 0.00 M M 8.9 16 210 M M 0 23 230
4 85 67 76 7 0 11 0.03 M M 4.9 15 200 M M 3 13 20 240
5 87 66 77 8 0 12 0.00 M M 3.1 12 240 M M 1 12 16 230
6 92 70 81 12 0 16 0.00 M M 3.2 12 10 M M 0 18 16 360
7 88 63 76 6 0 11 0.00 M M 6.3 13 110 M M 0 18 110
8 89 63 76 6 0 11 0.00 M M 8.4 16 100 M M 0 22 110
9 85 73 79 9 0 14 0.01 M M 13.2 24 160 M M 6 37 180
10 87 65 76 6 0 11 T M M 15.9 33 240 M M 8 49 250
11 82 59 71 0 0 6 0.00 M M 5.7 16 280 M M 1 24 280
12 87 56 72 1 0 7 0.00 M M 3.7 14 350 M M 1 20 360
13 83 55 69 -2 0 4 0.00 M M 6.2 15 20 M M 0 22 40
14 77 54 66 -6 0 1 0.14 M M 7.6 14 70 M M 3 1 21 70
15 81 50 66 -6 0 1 0.00 M M 4.5 15 60 M M 1 22 130
16 83 56 70 -2 0 5 0.00 M M 5.1 15 120 M M 0 23 120
17 86 57 72 0 0 7 0.00 M M 2.9 14 50 M M 1 8 21 40
18 88 59 74 2 0 9 0.00 M M 2.0 10 60 M M 3 18 18 80
19 90 62 76 3 0 11 0.00 M M 2.3 10 240 M M 1 15 250
20 92 66 79 6 0 14 0.00 M M 4.9 16 190 M M 1 20 200
21 79 65 72 -1 0 7 0.08 M M 2.9 10 260 M M 6 13 17 10
22 89 64 77 4 0 12 0.25 M M 7.0 17 190 M M 4 18 26 200
23 79 63 71 -2 0 6 0.34 M M 6.7 17 290 M M 6 1 24 290
24 82 61 72 -1 0 7 0.00 M M 4.8 14 250 M M 3 21 280
25 86 58 72 -2 0 7 0.00 M M 3.0 13 240 M M 2 19 240
26 91 68 80 6 0 15 0.00 M M 9.2 20 220 M M 2 28 240
27 79 71 75 1 0 10 0.14 M M 8.8 17 220 M M 6 138 25 230
28 85 70 78 4 0 13 T M M 5.2 15 50 M M 5 1 19 40
29 90 71 81 7 0 16 0.36 M M 3.6 12 220 M M 4 13 16 210
30 84 69 77 3 0 12 0.00 M M 4.3 17 220 M M 3 3 23 220
================================================================================
SM 2563 1878 2 281 1.35 M 177.8 M 71
================================================================================
AV 85.4 62.6 5.9 FASTST M M 2 MAX(MPH)
MISC ----> 33 240 49 250
================================================================================
NOTES:
# LAST OF SEVERAL OCCURRENCES
COLUMN 17 PEAK WIND IN M.P.H.
PRELIMINARY LOCAL CLIMATOLOGICAL DATA (WS FORM: F-6) , PAGE 2
STATION: BLOOMINGTON IN
MONTH: JUNE
YEAR: 2020
LATITUDE: 39 7 N
LONGITUDE: 86 37 W
[TEMPERATURE DATA] [PRECIPITATION DATA] SYMBOLS USED IN COLUMN 16
AVERAGE MONTHLY: 74.0 TOTAL FOR MONTH: 1.35 1 = FOG OR MIST
DPTR FM NORMAL: 2.6 DPTR FM NORMAL: -3.54 2 = FOG REDUCING VISIBILITY
HIGHEST: 92 ON 20, 6 GRTST 24HR 0.59 ON 22-23 TO 1/4 MILE OR LESS
LOWEST: 47 ON 1 3 = THUNDER
SNOW, ICE PELLETS, HAIL 4 = ICE PELLETS
TOTAL MONTH: M 5 = HAIL
GRTST 24HR M ON M 6 = FREEZING RAIN OR DRIZZLE
GRTST DEPTH: M ON M 7 = DUSTSTORM OR SANDSTORM:
VSBY 1/2 MILE OR LESS
8 = SMOKE OR HAZE
[NO. OF DAYS WITH] [WEATHER - DAYS WITH] 9 = BLOWING SNOW
X = TORNADO
MAX 32 OR BELOW: 0 0.01 INCH OR MORE: 8
MAX 90 OR ABOVE: 6 0.10 INCH OR MORE: 5
MIN 32 OR BELOW: 0 0.50 INCH OR MORE: 0
MIN 0 OR BELOW: 0 1.00 INCH OR MORE: 0
[HDD (BASE 65) ]
TOTAL THIS MO. 2 CLEAR (SCALE 0-3) 19
DPTR FM NORMAL -13 PTCLDY (SCALE 4-7) 11
TOTAL FM JUL 1 4739 CLOUDY (SCALE 8-10) 0
DPTR FM NORMAL -525
[CDD (BASE 65) ]
TOTAL THIS MO. 281
DPTR FM NORMAL 73 [PRESSURE DATA]
TOTAL FM JAN 1 377 HIGHEST SLP M ON M
DPTR FM NORMAL 87 LOWEST SLP 29.58 ON 10
[REMARKS]
#FINAL-06-20#